{"id":5027,"date":"2018-05-07T14:40:42","date_gmt":"2018-05-07T12:40:42","guid":{"rendered":"http:\/\/www.respirelavie.fr\/poitiers\/?page_id=5027"},"modified":"2018-05-07T14:40:42","modified_gmt":"2018-05-07T12:40:42","slug":"animations-creatives-2017","status":"publish","type":"page","link":"http:\/\/www.respirelavie.fr\/poitiers\/animations-creatives-2017\/","title":{"rendered":"Animations cr\u00e9atives 2017"},"content":{"rendered":"<p>Ateliers cuisine &amp; d\u00e9gustation de vins, ateliers cr\u00e9atifs (fabrication de cosm\u00e9tiques, produits d&rsquo;entretiens&#8230;).<\/p>\n<p>Les animations se d\u00e9roulent dans <span style=\"color: #33a7ff;\"><strong>l&rsquo;espace CHABICHOU.<\/strong><\/span><br \/>\nInscriptions 1h avant l&rsquo;animation, devant la salle. Attention places limit\u00e9es.<\/p>\n<h2>Vendredi 17 novembre 2017<\/h2>\n<p><span style=\"color: #33a7ff;\"><strong>10:45<\/strong><\/span> Bicarbonate, comment l&rsquo;utilisez &#8211; <span style=\"color: #808080;\"><em>Josette Lescouarch, Bicarbonate Ortie<\/em><\/span><br \/>\n<strong><span style=\"color: #33a7ff;\">12:00<\/span> <\/strong>Pr\u00e9paration d&rsquo;un savon par saponification \u00e0 froid &#8211; <span style=\"color: #808080;\"><em>Jeff Renault, Savondou<\/em><\/span><br \/>\n<strong><span style=\"color: #33a7ff;\">13:15<\/span><\/strong> L&rsquo;alternative v\u00e9g\u00e9tale vous intrigue ou vous tente? Cet atelier est fait pour vous\u00a0! &#8211;<span style=\"color: #808080;\"><em> Sylvie Marsollier, AVF<\/em><\/span><br \/>\n<strong><span style=\"color: #33a7ff;\">14:30<\/span><\/strong> Je cuisine une recette savoureuse \u00e0 base de fanes \u2013 <span style=\"color: #808080;\"><em>Biocoop Le Pois Tout Vert<\/em><\/span><br \/>\n<span style=\"color: #33a7ff;\"><strong>15:45<\/strong> <\/span>Fabriquer soi-m\u00eame ses cosm\u00e9tiques naturels, c&rsquo;est facile ! &#8211; <span style=\"color: #808080;\"><em>Bernard Briaud, Flore de Saintonge<\/em><\/span><br \/>\n<span style=\"color: #33a7ff;\"><strong>17:00<\/strong> <\/span>Produits m\u00e9nagers et cosm\u00e9tiques au naturel \u2013 <span style=\"color: #808080;\"><em>Pauline Sigogneau, CPIE Seuil du Poitou<\/em><\/span><\/p><div id=\"respi-1264669978\" class=\"respi-contenu respi-entity-placement\"><script async src=\"\/\/pagead2.googlesyndication.com\/pagead\/js\/adsbygoogle.js?client=ca-pub-7511070832818284\" crossorigin=\"anonymous\"><\/script><ins class=\"adsbygoogle\" style=\"display:block;\" data-ad-client=\"ca-pub-7511070832818284\" \ndata-ad-slot=\"4196289901\" \ndata-ad-format=\"auto\"><\/ins>\n<script> \n(adsbygoogle = window.adsbygoogle || []).push({}); \n<\/script>\n<\/div>\n<h2>Samedi 18 novembre 2017<\/h2>\n<p><span style=\"color: #33a7ff;\"><strong>10:45<\/strong><\/span> Cuisson basse temp\u00e9rature\u00a0: de l\u2019entr\u00e9e au dessert en 1 seule cuisson\u00a0! &#8211; <em><span style=\"color: #808080;\">Omnicuiseur Vitalit\u00e9<\/span><\/em><br \/>\n<span style=\"color: #33a7ff;\"><strong>12:00<\/strong> <\/span>D\u00e9couverte et d\u00e9gustation des vins du salon &#8211; <span style=\"color: #808080;\"><em>Lilas Carit\u00e9 &#8211; Guide du vin bio, \u00c9ditions Utovie<\/em><\/span><br \/>\n<span style=\"color: #33a7ff;\"><strong>13:15<\/strong><\/span> L&rsquo;alternative v\u00e9g\u00e9tale vous intrigue ou vous tente? Cet atelier est fait pour vous\u00a0! &#8211; <span style=\"color: #808080;\"><em>Sylvie Marsollier, AVF<\/em><\/span><br \/>\n<span style=\"color: #33a7ff;\"><strong>14:30<\/strong> <\/span>Je cuisine sans gluten &#8211; <em><span style=\"color: #808080;\">Biocoop Le Pois Tout Vert<\/span><\/em><br \/>\n<strong><span style=\"color: #33a7ff;\">15:45<\/span><\/strong> Cuisinez l&rsquo;ortie, le pissenlit en potage, sauces &#8211; <span style=\"color: #808080;\"><em>Josette Lescouarch, Bicarbonate Ortie<\/em><\/span><br \/>\n<span style=\"color: #33a7ff;\"><strong>17:00<\/strong><\/span> Produits m\u00e9nagers et cosm\u00e9tiques au naturel \u2013 <em><span style=\"color: #808080;\">Pauline Sigogneau, CPIE Seuil du Poitou<\/span><\/em><\/p>\n<h2>Dimanche 19 novembre 2017<\/h2>\n<p><strong><span style=\"color: #33a7ff;\">10:45<\/span><\/strong> Cuisson basse temp\u00e9rature\u00a0: de l\u2019entr\u00e9e au dessert en 1 seule cuisson\u00a0! &#8211; <span style=\"color: #808080;\"><em>Omnicuiseur Vitalit\u00e9<\/em><\/span><br \/>\n<strong><span style=\"color: #33a7ff;\">12:00<\/span><\/strong> Pr\u00e9paration d&rsquo;un savon par saponification \u00e0 froid &#8211; <span style=\"color: #808080;\"><em>Jeff Renault, Savondou<\/em><\/span><br \/>\n<span style=\"color: #33a7ff;\"><strong>13:15<\/strong><\/span> L&rsquo;alternative v\u00e9g\u00e9tale vous intrigue ou vous tente? Cet atelier est fait pour vous\u00a0! &#8211;<span style=\"color: #808080;\"><em> Sylvie Marsollier, AVF<\/em><\/span><br \/>\n<span style=\"color: #33a7ff;\"><strong>14:30<\/strong><\/span> J&rsquo;am\u00e9nage mon jardin avec des palettes &#8211; <span style=\"color: #808080;\"><em>Biocoop Le Pois Tout Vert<\/em><\/span><br \/>\n<span style=\"color: #33a7ff;\"><strong>15:45<\/strong><\/span> Fabriquer soi-m\u00eame ses cosm\u00e9tiques naturels, c&rsquo;est facile ! &#8211;<span style=\"color: #808080;\"><em> Bernard Briaud, Flore de Saintonge<\/em><\/span><br \/>\n<span style=\"color: #33a7ff;\"><strong>17:00<\/strong><\/span> Conseils pour le bouturage\u00a0: techniques, p\u00e9riodes &#8211; <span style=\"color: #808080;\"><em>Michel\u00a0 Provost, Panser Nature<\/em><\/span><\/p>\n<p><strong>\u00a0<\/strong><\/p>\n","protected":false},"excerpt":{"rendered":"<p>Ateliers cuisine &amp; d\u00e9gustation de vins, ateliers cr\u00e9atifs (fabrication de cosm\u00e9tiques, produits d&rsquo;entretiens&#8230;). Les animations se d\u00e9roulent dans l&rsquo;espace CHABICHOU. Inscriptions 1h avant l&rsquo;animation, devant la salle. Attention places limit\u00e9es. Vendredi 17 novembre 2017 10:45 Bicarbonate, comment l&rsquo;utilisez &#8211; Josette Lescouarch, Bicarbonate Ortie 12:00 Pr\u00e9paration d&rsquo;un savon par saponification \u00e0 froid &#8211; Jeff Renault, Savondou&hellip; <\/p>\n","protected":false},"author":1,"featured_media":0,"parent":0,"menu_order":0,"comment_status":"closed","ping_status":"closed","template":"","meta":{"_monsterinsights_skip_tracking":false,"_monsterinsights_sitenote_active":false,"_monsterinsights_sitenote_note":"","_monsterinsights_sitenote_category":0,"footnotes":""},"class_list":["post-5027","page","type-page","status-publish","hentry"],"yoast_head":"<!-- This site is optimized with the Yoast SEO plugin v27.3 - https:\/\/yoast.com\/product\/yoast-seo-wordpress\/ -->\n<title>Animations cr\u00e9atives 2017 - Salon RESPIRE LA VIE Poitiers<\/title>\n<meta name=\"robots\" content=\"index, follow, max-snippet:-1, max-image-preview:large, max-video-preview:-1\" \/>\n<link rel=\"canonical\" href=\"http:\/\/www.respirelavie.fr\/poitiers\/animations-creatives-2017\/\" \/>\n<meta property=\"og:locale\" content=\"fr_FR\" \/>\n<meta property=\"og:type\" content=\"article\" \/>\n<meta property=\"og:title\" content=\"Animations cr\u00e9atives 2017 - Salon RESPIRE LA VIE Poitiers\" \/>\n<meta property=\"og:description\" content=\"Ateliers cuisine &amp; d\u00e9gustation de vins, ateliers cr\u00e9atifs (fabrication de cosm\u00e9tiques, produits d&rsquo;entretiens&#8230;). Les animations se d\u00e9roulent dans l&rsquo;espace CHABICHOU. Inscriptions 1h avant l&rsquo;animation, devant la salle. Attention places limit\u00e9es. Vendredi 17 novembre 2017 10:45 Bicarbonate, comment l&rsquo;utilisez &#8211; Josette Lescouarch, Bicarbonate Ortie 12:00 Pr\u00e9paration d&rsquo;un savon par saponification \u00e0 froid &#8211; Jeff Renault, Savondou&hellip;\" \/>\n<meta property=\"og:url\" content=\"http:\/\/www.respirelavie.fr\/poitiers\/animations-creatives-2017\/\" \/>\n<meta property=\"og:site_name\" content=\"Salon RESPIRE LA VIE Poitiers\" \/>\n<meta name=\"twitter:card\" content=\"summary_large_image\" \/>\n<meta name=\"twitter:label1\" content=\"Dur\u00e9e de lecture estim\u00e9e\" \/>\n\t<meta name=\"twitter:data1\" content=\"1 minute\" \/>\n<script type=\"application\/ld+json\" class=\"yoast-schema-graph\">{\"@context\":\"https:\\\/\\\/schema.org\",\"@graph\":[{\"@type\":\"WebPage\",\"@id\":\"http:\\\/\\\/www.respirelavie.fr\\\/poitiers\\\/animations-creatives-2017\\\/\",\"url\":\"http:\\\/\\\/www.respirelavie.fr\\\/poitiers\\\/animations-creatives-2017\\\/\",\"name\":\"Animations cr\u00e9atives 2017 - Salon RESPIRE LA VIE Poitiers\",\"isPartOf\":{\"@id\":\"http:\\\/\\\/www.respirelavie.fr\\\/poitiers\\\/#website\"},\"datePublished\":\"2018-05-07T12:40:42+00:00\",\"breadcrumb\":{\"@id\":\"http:\\\/\\\/www.respirelavie.fr\\\/poitiers\\\/animations-creatives-2017\\\/#breadcrumb\"},\"inLanguage\":\"fr-FR\",\"potentialAction\":[{\"@type\":\"ReadAction\",\"target\":[\"http:\\\/\\\/www.respirelavie.fr\\\/poitiers\\\/animations-creatives-2017\\\/\"]}]},{\"@type\":\"BreadcrumbList\",\"@id\":\"http:\\\/\\\/www.respirelavie.fr\\\/poitiers\\\/animations-creatives-2017\\\/#breadcrumb\",\"itemListElement\":[{\"@type\":\"ListItem\",\"position\":1,\"name\":\"Accueil\",\"item\":\"http:\\\/\\\/www.respirelavie.fr\\\/poitiers\\\/\"},{\"@type\":\"ListItem\",\"position\":2,\"name\":\"Animations cr\u00e9atives 2017\"}]},{\"@type\":\"WebSite\",\"@id\":\"http:\\\/\\\/www.respirelavie.fr\\\/poitiers\\\/#website\",\"url\":\"http:\\\/\\\/www.respirelavie.fr\\\/poitiers\\\/\",\"name\":\"Salon RESPIRE LA VIE Poitiers\",\"description\":\"RESPIRE : votre salon bio, bien-\u00eatre et habitat sain \u00e0 Poitiers\",\"publisher\":{\"@id\":\"http:\\\/\\\/www.respirelavie.fr\\\/poitiers\\\/#organization\"},\"potentialAction\":[{\"@type\":\"SearchAction\",\"target\":{\"@type\":\"EntryPoint\",\"urlTemplate\":\"http:\\\/\\\/www.respirelavie.fr\\\/poitiers\\\/?s={search_term_string}\"},\"query-input\":{\"@type\":\"PropertyValueSpecification\",\"valueRequired\":true,\"valueName\":\"search_term_string\"}}],\"inLanguage\":\"fr-FR\"},{\"@type\":\"Organization\",\"@id\":\"http:\\\/\\\/www.respirelavie.fr\\\/poitiers\\\/#organization\",\"name\":\"Salon RESPIRE LA VIE Poitiers\",\"url\":\"http:\\\/\\\/www.respirelavie.fr\\\/poitiers\\\/\",\"logo\":{\"@type\":\"ImageObject\",\"inLanguage\":\"fr-FR\",\"@id\":\"http:\\\/\\\/www.respirelavie.fr\\\/poitiers\\\/#\\\/schema\\\/logo\\\/image\\\/\",\"url\":\"http:\\\/\\\/www.respirelavie.fr\\\/poitiers\\\/wp-content\\\/uploads\\\/sites\\\/3\\\/2024\\\/03\\\/Logo-RESPIRE-LA-VIE-poitiers.jpg\",\"contentUrl\":\"http:\\\/\\\/www.respirelavie.fr\\\/poitiers\\\/wp-content\\\/uploads\\\/sites\\\/3\\\/2024\\\/03\\\/Logo-RESPIRE-LA-VIE-poitiers.jpg\",\"width\":470,\"height\":262,\"caption\":\"Salon RESPIRE LA VIE Poitiers\"},\"image\":{\"@id\":\"http:\\\/\\\/www.respirelavie.fr\\\/poitiers\\\/#\\\/schema\\\/logo\\\/image\\\/\"}}]}<\/script>\n<!-- \/ Yoast SEO plugin. -->","yoast_head_json":{"title":"Animations cr\u00e9atives 2017 - Salon RESPIRE LA VIE Poitiers","robots":{"index":"index","follow":"follow","max-snippet":"max-snippet:-1","max-image-preview":"max-image-preview:large","max-video-preview":"max-video-preview:-1"},"canonical":"http:\/\/www.respirelavie.fr\/poitiers\/animations-creatives-2017\/","og_locale":"fr_FR","og_type":"article","og_title":"Animations cr\u00e9atives 2017 - Salon RESPIRE LA VIE Poitiers","og_description":"Ateliers cuisine &amp; d\u00e9gustation de vins, ateliers cr\u00e9atifs (fabrication de cosm\u00e9tiques, produits d&rsquo;entretiens&#8230;). Les animations se d\u00e9roulent dans l&rsquo;espace CHABICHOU. Inscriptions 1h avant l&rsquo;animation, devant la salle. Attention places limit\u00e9es. Vendredi 17 novembre 2017 10:45 Bicarbonate, comment l&rsquo;utilisez &#8211; Josette Lescouarch, Bicarbonate Ortie 12:00 Pr\u00e9paration d&rsquo;un savon par saponification \u00e0 froid &#8211; Jeff Renault, Savondou&hellip;","og_url":"http:\/\/www.respirelavie.fr\/poitiers\/animations-creatives-2017\/","og_site_name":"Salon RESPIRE LA VIE Poitiers","twitter_card":"summary_large_image","twitter_misc":{"Dur\u00e9e de lecture estim\u00e9e":"1 minute"},"schema":{"@context":"https:\/\/schema.org","@graph":[{"@type":"WebPage","@id":"http:\/\/www.respirelavie.fr\/poitiers\/animations-creatives-2017\/","url":"http:\/\/www.respirelavie.fr\/poitiers\/animations-creatives-2017\/","name":"Animations cr\u00e9atives 2017 - Salon RESPIRE LA VIE Poitiers","isPartOf":{"@id":"http:\/\/www.respirelavie.fr\/poitiers\/#website"},"datePublished":"2018-05-07T12:40:42+00:00","breadcrumb":{"@id":"http:\/\/www.respirelavie.fr\/poitiers\/animations-creatives-2017\/#breadcrumb"},"inLanguage":"fr-FR","potentialAction":[{"@type":"ReadAction","target":["http:\/\/www.respirelavie.fr\/poitiers\/animations-creatives-2017\/"]}]},{"@type":"BreadcrumbList","@id":"http:\/\/www.respirelavie.fr\/poitiers\/animations-creatives-2017\/#breadcrumb","itemListElement":[{"@type":"ListItem","position":1,"name":"Accueil","item":"http:\/\/www.respirelavie.fr\/poitiers\/"},{"@type":"ListItem","position":2,"name":"Animations cr\u00e9atives 2017"}]},{"@type":"WebSite","@id":"http:\/\/www.respirelavie.fr\/poitiers\/#website","url":"http:\/\/www.respirelavie.fr\/poitiers\/","name":"Salon RESPIRE LA VIE Poitiers","description":"RESPIRE : votre salon bio, bien-\u00eatre et habitat sain \u00e0 Poitiers","publisher":{"@id":"http:\/\/www.respirelavie.fr\/poitiers\/#organization"},"potentialAction":[{"@type":"SearchAction","target":{"@type":"EntryPoint","urlTemplate":"http:\/\/www.respirelavie.fr\/poitiers\/?s={search_term_string}"},"query-input":{"@type":"PropertyValueSpecification","valueRequired":true,"valueName":"search_term_string"}}],"inLanguage":"fr-FR"},{"@type":"Organization","@id":"http:\/\/www.respirelavie.fr\/poitiers\/#organization","name":"Salon RESPIRE LA VIE Poitiers","url":"http:\/\/www.respirelavie.fr\/poitiers\/","logo":{"@type":"ImageObject","inLanguage":"fr-FR","@id":"http:\/\/www.respirelavie.fr\/poitiers\/#\/schema\/logo\/image\/","url":"http:\/\/www.respirelavie.fr\/poitiers\/wp-content\/uploads\/sites\/3\/2024\/03\/Logo-RESPIRE-LA-VIE-poitiers.jpg","contentUrl":"http:\/\/www.respirelavie.fr\/poitiers\/wp-content\/uploads\/sites\/3\/2024\/03\/Logo-RESPIRE-LA-VIE-poitiers.jpg","width":470,"height":262,"caption":"Salon RESPIRE LA VIE Poitiers"},"image":{"@id":"http:\/\/www.respirelavie.fr\/poitiers\/#\/schema\/logo\/image\/"}}]}},"_links":{"self":[{"href":"http:\/\/www.respirelavie.fr\/poitiers\/wp-json\/wp\/v2\/pages\/5027","targetHints":{"allow":["GET"]}}],"collection":[{"href":"http:\/\/www.respirelavie.fr\/poitiers\/wp-json\/wp\/v2\/pages"}],"about":[{"href":"http:\/\/www.respirelavie.fr\/poitiers\/wp-json\/wp\/v2\/types\/page"}],"author":[{"embeddable":true,"href":"http:\/\/www.respirelavie.fr\/poitiers\/wp-json\/wp\/v2\/users\/1"}],"replies":[{"embeddable":true,"href":"http:\/\/www.respirelavie.fr\/poitiers\/wp-json\/wp\/v2\/comments?post=5027"}],"version-history":[{"count":0,"href":"http:\/\/www.respirelavie.fr\/poitiers\/wp-json\/wp\/v2\/pages\/5027\/revisions"}],"wp:attachment":[{"href":"http:\/\/www.respirelavie.fr\/poitiers\/wp-json\/wp\/v2\/media?parent=5027"}],"curies":[{"name":"wp","href":"https:\/\/api.w.org\/{rel}","templated":true}]}}