{"id":3855,"date":"2017-04-14T11:16:52","date_gmt":"2017-04-14T09:16:52","guid":{"rendered":"http:\/\/localhost:8888\/artemisia\/?page_id=3855"},"modified":"2024-11-18T09:45:47","modified_gmt":"2024-11-18T08:45:47","slug":"conferences","status":"publish","type":"page","link":"http:\/\/www.respirelavie.fr\/vannes\/programme-du-salon\/conferences\/","title":{"rendered":"Conf\u00e9rences experts"},"content":{"rendered":"<p>Chaque jour, des conf\u00e9rences anim\u00e9es par des experts, intervenant sur des th\u00e9matiques telles que l\u2019alimentation, la sant\u00e9 et le d\u00e9veloppement personnel vous sont propos\u00e9es.<\/p>\n<p>&nbsp;<\/p>\n<hr \/>\n<p><span style=\"font-size: 10pt;\"><a href=\"https:\/\/www.respirelavie.fr\/vannes\/9049-2\/\" target=\"_blank\" rel=\"noopener\"><em>Consultez le programme des conf\u00e9rences experts 2024<\/em><\/a><br \/>\n<a href=\"https:\/\/www.respirelavie.fr\/vannes\/conferences-experts-2023\/\" target=\"_blank\" rel=\"noopener noreferrer\"><em>Consultez le programme des conf\u00e9rences experts 2023<\/em><\/a><br \/>\n<a href=\"https:\/\/www.respirelavie.fr\/vannes\/conferences-experts-2022-annulees\/\" target=\"_blank\" rel=\"noopener noreferrer\"><em>Consultez le programme des conf\u00e9rences experts 2022<\/em><\/a><br \/>\n<\/span><span style=\"font-size: 10pt;\"><a href=\"https:\/\/www.respirelavie.fr\/vannes\/conferences-experts-2020\/\" target=\"_blank\" rel=\"noopener noreferrer\"><em>Consultez le programme des conf\u00e9rences experts 2020<\/em><\/a><\/span><br \/>\n<span style=\"font-size: 10pt;\"><em><a href=\"https:\/\/www.respirelavie.fr\/vannes\/conferences-experts-2019\/\" target=\"_blank\" rel=\"noopener noreferrer\">Consultez le programme des conf\u00e9rences experts 2019<\/a><\/em><\/span><\/p>\n","protected":false},"excerpt":{"rendered":"<p>Chaque jour, des conf\u00e9rences anim\u00e9es par des experts, intervenant sur des th\u00e9matiques telles que l\u2019alimentation, la sant\u00e9 et le d\u00e9veloppement personnel vous sont propos\u00e9es. &nbsp; Consultez le programme des conf\u00e9rences experts 2024 Consultez le programme des conf\u00e9rences experts 2023 Consultez le programme des conf\u00e9rences experts 2022 Consultez le programme des conf\u00e9rences experts 2020 Consultez le&hellip; <\/p>\n","protected":false},"author":1,"featured_media":0,"parent":3853,"menu_order":1,"comment_status":"closed","ping_status":"closed","template":"","meta":{"_monsterinsights_skip_tracking":false,"_monsterinsights_sitenote_active":false,"_monsterinsights_sitenote_note":"","_monsterinsights_sitenote_category":0,"footnotes":""},"class_list":["post-3855","page","type-page","status-publish","hentry"],"yoast_head":"<!-- This site is optimized with the Yoast SEO plugin v27.3 - https:\/\/yoast.com\/product\/yoast-seo-wordpress\/ -->\n<title>Conf\u00e9rences experts - RESPIRE VANNES<\/title>\n<meta name=\"robots\" content=\"index, follow, max-snippet:-1, max-image-preview:large, max-video-preview:-1\" \/>\n<link rel=\"canonical\" href=\"http:\/\/www.respirelavie.fr\/vannes\/programme-du-salon\/conferences\/\" \/>\n<meta property=\"og:locale\" content=\"fr_FR\" \/>\n<meta property=\"og:type\" content=\"article\" \/>\n<meta property=\"og:title\" content=\"Conf\u00e9rences experts - RESPIRE VANNES\" \/>\n<meta property=\"og:description\" content=\"Chaque jour, des conf\u00e9rences anim\u00e9es par des experts, intervenant sur des th\u00e9matiques telles que l\u2019alimentation, la sant\u00e9 et le d\u00e9veloppement personnel vous sont propos\u00e9es. &nbsp; Consultez le programme des conf\u00e9rences experts 2024 Consultez le programme des conf\u00e9rences experts 2023 Consultez le programme des conf\u00e9rences experts 2022 Consultez le programme des conf\u00e9rences experts 2020 Consultez le&hellip;\" \/>\n<meta property=\"og:url\" content=\"http:\/\/www.respirelavie.fr\/vannes\/programme-du-salon\/conferences\/\" \/>\n<meta property=\"og:site_name\" content=\"RESPIRE VANNES\" \/>\n<meta property=\"article:modified_time\" content=\"2024-11-18T08:45:47+00:00\" \/>\n<meta name=\"twitter:card\" content=\"summary_large_image\" \/>\n<meta name=\"twitter:label1\" content=\"Dur\u00e9e de lecture estim\u00e9e\" \/>\n\t<meta name=\"twitter:data1\" content=\"1 minute\" \/>\n<script type=\"application\/ld+json\" class=\"yoast-schema-graph\">{\"@context\":\"https:\\\/\\\/schema.org\",\"@graph\":[{\"@type\":\"WebPage\",\"@id\":\"http:\\\/\\\/www.respirelavie.fr\\\/vannes\\\/programme-du-salon\\\/conferences\\\/\",\"url\":\"http:\\\/\\\/www.respirelavie.fr\\\/vannes\\\/programme-du-salon\\\/conferences\\\/\",\"name\":\"Conf\u00e9rences experts - RESPIRE VANNES\",\"isPartOf\":{\"@id\":\"http:\\\/\\\/www.respirelavie.fr\\\/vannes\\\/#website\"},\"datePublished\":\"2017-04-14T09:16:52+00:00\",\"dateModified\":\"2024-11-18T08:45:47+00:00\",\"breadcrumb\":{\"@id\":\"http:\\\/\\\/www.respirelavie.fr\\\/vannes\\\/programme-du-salon\\\/conferences\\\/#breadcrumb\"},\"inLanguage\":\"fr-FR\",\"potentialAction\":[{\"@type\":\"ReadAction\",\"target\":[\"http:\\\/\\\/www.respirelavie.fr\\\/vannes\\\/programme-du-salon\\\/conferences\\\/\"]}]},{\"@type\":\"BreadcrumbList\",\"@id\":\"http:\\\/\\\/www.respirelavie.fr\\\/vannes\\\/programme-du-salon\\\/conferences\\\/#breadcrumb\",\"itemListElement\":[{\"@type\":\"ListItem\",\"position\":1,\"name\":\"Accueil\",\"item\":\"http:\\\/\\\/www.respirelavie.fr\\\/vannes\\\/\"},{\"@type\":\"ListItem\",\"position\":2,\"name\":\"Programme du salon\",\"item\":\"http:\\\/\\\/www.respirelavie.fr\\\/vannes\\\/programme-du-salon\\\/\"},{\"@type\":\"ListItem\",\"position\":3,\"name\":\"Conf\u00e9rences experts\"}]},{\"@type\":\"WebSite\",\"@id\":\"http:\\\/\\\/www.respirelavie.fr\\\/vannes\\\/#website\",\"url\":\"http:\\\/\\\/www.respirelavie.fr\\\/vannes\\\/\",\"name\":\"RESPIRE VANNES\",\"description\":\"RESPIRE : votre salon bio, bien-\u00eatre et habitat sain \u00e0 Vannes\",\"publisher\":{\"@id\":\"http:\\\/\\\/www.respirelavie.fr\\\/vannes\\\/#organization\"},\"potentialAction\":[{\"@type\":\"SearchAction\",\"target\":{\"@type\":\"EntryPoint\",\"urlTemplate\":\"http:\\\/\\\/www.respirelavie.fr\\\/vannes\\\/?s={search_term_string}\"},\"query-input\":{\"@type\":\"PropertyValueSpecification\",\"valueRequired\":true,\"valueName\":\"search_term_string\"}}],\"inLanguage\":\"fr-FR\"},{\"@type\":\"Organization\",\"@id\":\"http:\\\/\\\/www.respirelavie.fr\\\/vannes\\\/#organization\",\"name\":\"RESPIRE VANNES\",\"url\":\"http:\\\/\\\/www.respirelavie.fr\\\/vannes\\\/\",\"logo\":{\"@type\":\"ImageObject\",\"inLanguage\":\"fr-FR\",\"@id\":\"http:\\\/\\\/www.respirelavie.fr\\\/vannes\\\/#\\\/schema\\\/logo\\\/image\\\/\",\"url\":\"http:\\\/\\\/www.respirelavie.fr\\\/vannes\\\/wp-content\\\/uploads\\\/sites\\\/4\\\/2024\\\/10\\\/cropped-cropped-cropped-Logo-RESPIRE-vannes-2025-1-1.png\",\"contentUrl\":\"http:\\\/\\\/www.respirelavie.fr\\\/vannes\\\/wp-content\\\/uploads\\\/sites\\\/4\\\/2024\\\/10\\\/cropped-cropped-cropped-Logo-RESPIRE-vannes-2025-1-1.png\",\"width\":797,\"height\":145,\"caption\":\"RESPIRE VANNES\"},\"image\":{\"@id\":\"http:\\\/\\\/www.respirelavie.fr\\\/vannes\\\/#\\\/schema\\\/logo\\\/image\\\/\"}}]}<\/script>\n<!-- \/ Yoast SEO plugin. -->","yoast_head_json":{"title":"Conf\u00e9rences experts - RESPIRE VANNES","robots":{"index":"index","follow":"follow","max-snippet":"max-snippet:-1","max-image-preview":"max-image-preview:large","max-video-preview":"max-video-preview:-1"},"canonical":"http:\/\/www.respirelavie.fr\/vannes\/programme-du-salon\/conferences\/","og_locale":"fr_FR","og_type":"article","og_title":"Conf\u00e9rences experts - RESPIRE VANNES","og_description":"Chaque jour, des conf\u00e9rences anim\u00e9es par des experts, intervenant sur des th\u00e9matiques telles que l\u2019alimentation, la sant\u00e9 et le d\u00e9veloppement personnel vous sont propos\u00e9es. &nbsp; Consultez le programme des conf\u00e9rences experts 2024 Consultez le programme des conf\u00e9rences experts 2023 Consultez le programme des conf\u00e9rences experts 2022 Consultez le programme des conf\u00e9rences experts 2020 Consultez le&hellip;","og_url":"http:\/\/www.respirelavie.fr\/vannes\/programme-du-salon\/conferences\/","og_site_name":"RESPIRE VANNES","article_modified_time":"2024-11-18T08:45:47+00:00","twitter_card":"summary_large_image","twitter_misc":{"Dur\u00e9e de lecture estim\u00e9e":"1 minute"},"schema":{"@context":"https:\/\/schema.org","@graph":[{"@type":"WebPage","@id":"http:\/\/www.respirelavie.fr\/vannes\/programme-du-salon\/conferences\/","url":"http:\/\/www.respirelavie.fr\/vannes\/programme-du-salon\/conferences\/","name":"Conf\u00e9rences experts - RESPIRE VANNES","isPartOf":{"@id":"http:\/\/www.respirelavie.fr\/vannes\/#website"},"datePublished":"2017-04-14T09:16:52+00:00","dateModified":"2024-11-18T08:45:47+00:00","breadcrumb":{"@id":"http:\/\/www.respirelavie.fr\/vannes\/programme-du-salon\/conferences\/#breadcrumb"},"inLanguage":"fr-FR","potentialAction":[{"@type":"ReadAction","target":["http:\/\/www.respirelavie.fr\/vannes\/programme-du-salon\/conferences\/"]}]},{"@type":"BreadcrumbList","@id":"http:\/\/www.respirelavie.fr\/vannes\/programme-du-salon\/conferences\/#breadcrumb","itemListElement":[{"@type":"ListItem","position":1,"name":"Accueil","item":"http:\/\/www.respirelavie.fr\/vannes\/"},{"@type":"ListItem","position":2,"name":"Programme du salon","item":"http:\/\/www.respirelavie.fr\/vannes\/programme-du-salon\/"},{"@type":"ListItem","position":3,"name":"Conf\u00e9rences experts"}]},{"@type":"WebSite","@id":"http:\/\/www.respirelavie.fr\/vannes\/#website","url":"http:\/\/www.respirelavie.fr\/vannes\/","name":"RESPIRE VANNES","description":"RESPIRE : votre salon bio, bien-\u00eatre et habitat sain \u00e0 Vannes","publisher":{"@id":"http:\/\/www.respirelavie.fr\/vannes\/#organization"},"potentialAction":[{"@type":"SearchAction","target":{"@type":"EntryPoint","urlTemplate":"http:\/\/www.respirelavie.fr\/vannes\/?s={search_term_string}"},"query-input":{"@type":"PropertyValueSpecification","valueRequired":true,"valueName":"search_term_string"}}],"inLanguage":"fr-FR"},{"@type":"Organization","@id":"http:\/\/www.respirelavie.fr\/vannes\/#organization","name":"RESPIRE VANNES","url":"http:\/\/www.respirelavie.fr\/vannes\/","logo":{"@type":"ImageObject","inLanguage":"fr-FR","@id":"http:\/\/www.respirelavie.fr\/vannes\/#\/schema\/logo\/image\/","url":"http:\/\/www.respirelavie.fr\/vannes\/wp-content\/uploads\/sites\/4\/2024\/10\/cropped-cropped-cropped-Logo-RESPIRE-vannes-2025-1-1.png","contentUrl":"http:\/\/www.respirelavie.fr\/vannes\/wp-content\/uploads\/sites\/4\/2024\/10\/cropped-cropped-cropped-Logo-RESPIRE-vannes-2025-1-1.png","width":797,"height":145,"caption":"RESPIRE VANNES"},"image":{"@id":"http:\/\/www.respirelavie.fr\/vannes\/#\/schema\/logo\/image\/"}}]}},"_links":{"self":[{"href":"http:\/\/www.respirelavie.fr\/vannes\/wp-json\/wp\/v2\/pages\/3855","targetHints":{"allow":["GET"]}}],"collection":[{"href":"http:\/\/www.respirelavie.fr\/vannes\/wp-json\/wp\/v2\/pages"}],"about":[{"href":"http:\/\/www.respirelavie.fr\/vannes\/wp-json\/wp\/v2\/types\/page"}],"author":[{"embeddable":true,"href":"http:\/\/www.respirelavie.fr\/vannes\/wp-json\/wp\/v2\/users\/1"}],"replies":[{"embeddable":true,"href":"http:\/\/www.respirelavie.fr\/vannes\/wp-json\/wp\/v2\/comments?post=3855"}],"version-history":[{"count":62,"href":"http:\/\/www.respirelavie.fr\/vannes\/wp-json\/wp\/v2\/pages\/3855\/revisions"}],"predecessor-version":[{"id":9053,"href":"http:\/\/www.respirelavie.fr\/vannes\/wp-json\/wp\/v2\/pages\/3855\/revisions\/9053"}],"up":[{"embeddable":true,"href":"http:\/\/www.respirelavie.fr\/vannes\/wp-json\/wp\/v2\/pages\/3853"}],"wp:attachment":[{"href":"http:\/\/www.respirelavie.fr\/vannes\/wp-json\/wp\/v2\/media?parent=3855"}],"curies":[{"name":"wp","href":"https:\/\/api.w.org\/{rel}","templated":true}]}}

Conférences experts

<p>Chaque jour, des conférences animées par des experts, intervenant sur des thématiques telles que l’alimentation, la santé et le développement personnel vous sont proposées.</p>
<p>&nbsp;</p>
<hr />
<p><span style="font-size: 10pt;"><a href="https://www.respirelavie.fr/vannes/9049-2/" target="_blank" rel="noopener"><em>Consultez le programme des conférences experts 2024</em></a><br />
<a href="https://www.respirelavie.fr/vannes/conferences-experts-2023/" target="_blank" rel="noopener noreferrer"><em>Consultez le programme des conférences experts 2023</em></a><br />
<a href="https://www.respirelavie.fr/vannes/conferences-experts-2022-annulees/" target="_blank" rel="noopener noreferrer"><em>Consultez le programme des conférences experts 2022</em></a><br />
</span><span style="font-size: 10pt;"><a href="https://www.respirelavie.fr/vannes/conferences-experts-2020/" target="_blank" rel="noopener noreferrer"><em>Consultez le programme des conférences experts 2020</em></a></span><br />
<span style="font-size: 10pt;"><em><a href="https://www.respirelavie.fr/vannes/conferences-experts-2019/" target="_blank" rel="noopener noreferrer">Consultez le programme des conférences experts 2019</a></em></span></p>

<p>Chaque jour, des conférences animées par des experts, intervenant sur des thématiques telles que l’alimentation, la santé et le développement personnel vous sont proposées. &nbsp; Consultez le programme des conférences experts 2024 Consultez le programme des conférences experts 2023 Consultez le programme des conférences experts 2022 Consultez le programme des conférences experts 2020 Consultez le&hellip; </p>

<!-- This site is optimized with the Yoast SEO plugin v27.3 - https://yoast.com/product/yoast-seo-wordpress/ -->
<title>Conférences experts - RESPIRE VANNES</title>
<meta name="robots" content="index, follow, max-snippet:-1, max-image-preview:large, max-video-preview:-1" />
<link rel="canonical" href="http://www.respirelavie.fr/vannes/programme-du-salon/conferences/" />
<meta property="og:locale" content="fr_FR" />
<meta property="og:type" content="article" />
<meta property="og:title" content="Conférences experts - RESPIRE VANNES" />
<meta property="og:description" content="Chaque jour, des conférences animées par des experts, intervenant sur des thématiques telles que l’alimentation, la santé et le développement personnel vous sont proposées. &nbsp; Consultez le programme des conférences experts 2024 Consultez le programme des conférences experts 2023 Consultez le programme des conférences experts 2022 Consultez le programme des conférences experts 2020 Consultez le&hellip;" />
<meta property="og:url" content="http://www.respirelavie.fr/vannes/programme-du-salon/conferences/" />
<meta property="og:site_name" content="RESPIRE VANNES" />
<meta property="article:modified_time" content="2024-11-18T08:45:47+00:00" />
<meta name="twitter:card" content="summary_large_image" />
<meta name="twitter:label1" content="Durée de lecture estimée" />
	<meta name="twitter:data1" content="1 minute" />
<script type="application/ld+json" class="yoast-schema-graph">{"@context":"https:\/\/schema.org","@graph":[{"@type":"WebPage","@id":"http:\/\/www.respirelavie.fr\/vannes\/programme-du-salon\/conferences\/","url":"http:\/\/www.respirelavie.fr\/vannes\/programme-du-salon\/conferences\/","name":"Conférences experts - RESPIRE VANNES","isPartOf":{"@id":"http:\/\/www.respirelavie.fr\/vannes\/#website"},"datePublished":"2017-04-14T09:16:52+00:00","dateModified":"2024-11-18T08:45:47+00:00","breadcrumb":{"@id":"http:\/\/www.respirelavie.fr\/vannes\/programme-du-salon\/conferences\/#breadcrumb"},"inLanguage":"fr-FR","potentialAction":[{"@type":"ReadAction","target":["http:\/\/www.respirelavie.fr\/vannes\/programme-du-salon\/conferences\/"]}]},{"@type":"BreadcrumbList","@id":"http:\/\/www.respirelavie.fr\/vannes\/programme-du-salon\/conferences\/#breadcrumb","itemListElement":[{"@type":"ListItem","position":1,"name":"Accueil","item":"http:\/\/www.respirelavie.fr\/vannes\/"},{"@type":"ListItem","position":2,"name":"Programme du salon","item":"http:\/\/www.respirelavie.fr\/vannes\/programme-du-salon\/"},{"@type":"ListItem","position":3,"name":"Conférences experts"}]},{"@type":"WebSite","@id":"http:\/\/www.respirelavie.fr\/vannes\/#website","url":"http:\/\/www.respirelavie.fr\/vannes\/","name":"RESPIRE VANNES","description":"RESPIRE : votre salon bio, bien-être et habitat sain à Vannes","publisher":{"@id":"http:\/\/www.respirelavie.fr\/vannes\/#organization"},"potentialAction":[{"@type":"SearchAction","target":{"@type":"EntryPoint","urlTemplate":"http:\/\/www.respirelavie.fr\/vannes\/?s={search_term_string}"},"query-input":{"@type":"PropertyValueSpecification","valueRequired":true,"valueName":"search_term_string"}}],"inLanguage":"fr-FR"},{"@type":"Organization","@id":"http:\/\/www.respirelavie.fr\/vannes\/#organization","name":"RESPIRE VANNES","url":"http:\/\/www.respirelavie.fr\/vannes\/","logo":{"@type":"ImageObject","inLanguage":"fr-FR","@id":"http:\/\/www.respirelavie.fr\/vannes\/#\/schema\/logo\/image\/","url":"http:\/\/www.respirelavie.fr\/vannes\/wp-content\/uploads\/sites\/4\/2024\/10\/cropped-cropped-cropped-Logo-RESPIRE-vannes-2025-1-1.png","contentUrl":"http:\/\/www.respirelavie.fr\/vannes\/wp-content\/uploads\/sites\/4\/2024\/10\/cropped-cropped-cropped-Logo-RESPIRE-vannes-2025-1-1.png","width":797,"height":145,"caption":"RESPIRE VANNES"},"image":{"@id":"http:\/\/www.respirelavie.fr\/vannes\/#\/schema\/logo\/image\/"}}]}</script>
<!-- / Yoast SEO plugin. -->

Conférences experts - RESPIRE VANNES

Chaque jour, des conférences animées par des experts, intervenant sur des thématiques telles que l’alimentation, la santé et le développement personnel vous sont proposées. &nbsp; Consultez le programme des conférences experts 2024 Consultez le programme des conférences experts 2023 Consultez le programme des conférences experts 2022 Consultez le programme des conférences experts 2020 Consultez le&hellip;

RESPIRE : votre salon bio, bien-être et habitat sain à Vannes
