{"id":5598,"date":"2019-11-21T14:58:14","date_gmt":"2019-11-21T13:58:14","guid":{"rendered":"https:\/\/www.respirelavie.fr\/vannes\/?page_id=5598"},"modified":"2019-11-21T14:58:14","modified_gmt":"2019-11-21T13:58:14","slug":"conference-2019","status":"publish","type":"page","link":"http:\/\/www.respirelavie.fr\/vannes\/conference-2019\/","title":{"rendered":"Conf\u00e9rence 2019"},"content":{"rendered":"<h2>Vendredi 18 janvier 2019<\/h2>\n<p><span style=\"color: #008000;\"><strong>11:00 <\/strong><\/span>Les couleurs au service de la sant\u00e9 &#8211; <span style=\"color: #808080;\"><em>Dominique Bourdin<\/em><\/span><strong><em><br \/>\n<\/em><\/strong><span style=\"color: #3366ff;\"><strong>11:00 <\/strong><\/span>Ost\u00e9opathie du chien et chat &#8211; <span style=\"color: #808080;\"><em>Laure Mariage<\/em><\/span><strong><em><br \/>\n<\/em><\/strong><span style=\"color: #ff00ff;\"><strong><span style=\"color: #f72a79;\">11:00<\/span>\u00a0<\/strong><\/span>G\u00e9obiologie: harmoniser son lieu de vie &#8211; <span style=\"color: #808080;\"><em>Herv\u00e9 Rouch\u00e9<\/em><\/span><strong><em><br \/>\n<\/em><\/strong><span style=\"color: #008000;\"><strong>12:00 <\/strong><\/span>Comment \u00e9liminer l\u2019\u00e9tat inflammatoire chronique bas, responsable des maladies d\u00e9g\u00e9n\u00e9ratives\u00a0? \u2013 <span style=\"color: #808080;\"><em>France Guillain<\/em><\/span><strong><em><br \/>\n<\/em><\/strong><span style=\"color: #3366ff;\"><strong>12:00 <\/strong><\/span>Hypnoses et auto &#8211; hypnoses d\u2019aujourd\u2019hui. De la Th\u00e9rapie vers la spiritualit\u00e9 &#8211; <span style=\"color: #808080;\"><em>Armenio da Costa<\/em><\/span><strong><em><br \/>\n<\/em><\/strong><strong><span style=\"color: #ff00ff;\"><span style=\"color: #f72a79;\">12<\/span><\/span><\/strong><strong><span style=\"color: #ff00ff;\"><span style=\"color: #f72a79;\">:00<\/span><\/span> <\/strong>Relations, interactions et \u00e9quilibre personnel : d\u00e9couvrir nos automatismes pour progresser- <span style=\"color: #808080;\"><em>Claire Delisle<\/em><\/span><strong><em><br \/>\n<\/em><\/strong><span style=\"color: #3366ff;\"><strong>13:00 <\/strong><\/span>Irrigation colonique, je\u00fbne et sant\u00e9 &#8211; <span style=\"color: #808080;\"><em>Dominique Bourdin<\/em><\/span><strong><em><br \/>\n<\/em><\/strong><strong><span style=\"color: #ff00ff;\"><span style=\"color: #f72a79;\">13:00<\/span><\/span> <\/strong>Orgonites, protection ondes \u00e9lectromagn\u00e9tiques \u00a0&#8211; <span style=\"color: #808080;\"><em>Thierry Hermann<\/em><\/span><strong><em><br \/>\n<\/em><\/strong><span style=\"color: #008000;\"><strong>13:30 <\/strong><\/span>Se lib\u00e9rer de ses mal &#8211; \u00eatre &#8211; <span style=\"color: #808080;\"><em>Liliane Dauteuil<\/em><\/span><strong><em><br \/>\n<\/em><\/strong><span style=\"color: #3366ff;\"><strong>14:00 <\/strong><\/span>Retrouver une bonne vue &#8211; <em><span style=\"color: #808080;\">Danielle Cesbron<\/span><\/em><strong><em><br \/>\n<\/em><\/strong><strong><span style=\"color: #ff00ff;\"><span style=\"color: #f72a79;\">14:00<\/span><\/span> <\/strong>L&#8217;\u00e9nergie scalaire : les ondes \u00e9lectromagn\u00e9tiques au service de notre sant\u00e9 et de notre bien-\u00eatre &#8211; <span style=\"color: #808080;\"><em>Hubert Mauerer<\/em><\/span><strong><em><br \/>\n<\/em><\/strong><span style=\"color: #008000;\"><strong>14:30 <\/strong><\/span>La m\u00e9thode des 2 points &#8211; <span style=\"color: #808080;\"><em>Nelly Le Meledo et Pascal Ricard<\/em><\/span><strong><em><br \/>\n<\/em><\/strong><span style=\"color: #3366ff;\"><strong>15:00 <\/strong><\/span>Combattre ces fl\u00e9aux alimentaires qui nous mettent en danger, par la vraie nutrition biologique humaine et la naturopathie &#8211; <span style=\"color: #808080;\"><em>Luc Le Metayer &#8211; Landre<\/em><\/span><strong><em><br \/>\n<\/em><\/strong><strong><span style=\"color: #ff00ff;\"><span style=\"color: #f72a79;\">15:00<\/span><\/span> <\/strong>Accompagner et faciliter les changements de vie par les cristaux &#8211; <span style=\"color: #808080;\"><em>Wydiane Khaoua<\/em><\/span><strong><em><br \/>\n<\/em><\/strong><span style=\"color: #008000;\"><strong>15:30 <\/strong><\/span>La m\u00e9decine chinoise, prenez soin de vous pour faire le plein d\u2019\u00e9nergie &#8211;\u00a0<span style=\"color: #808080;\"><em>Martine Bosc<\/em><\/span><strong><em><br \/>\n<\/em><\/strong><span style=\"color: #3366ff;\"><strong>16:00 <\/strong><\/span>Min\u00e9raux : origines (g\u00e9ologie), vertus (gemmologie) et utilisations &#8211; <em><span style=\"color: #808080;\">Jean &#8211; Claude Kennedec<\/span><br \/>\n<\/em><span style=\"color: #ff00ff;\"><strong><span style=\"color: #f72a79;\">16:00<\/span><\/strong><\/span> Bien vieillir avec l&#8217;\u00e9quilibre Acide Base &#8211; <em><span style=\"color: #808080;\">Patricia Paisant<\/span><\/em><strong><em><br \/>\n<\/em><\/strong><span style=\"color: #008000;\"><strong>17:00 <\/strong><\/span>G\u00e9obiologie scientifique et mesures \u00e9lectromagn\u00e9tiques \u00a0&#8211; <span style=\"color: #808080;\"><em>David Averty<\/em> <\/span><strong><br \/>\n<\/strong><span style=\"color: #3366ff;\"><strong>17:00 <\/strong><\/span>L&#8217;approche naturopatique et quantique de la sant\u00e9 &#8211; <span style=\"color: #808080;\"><em>P<\/em><em>hilippe Cleyet Merle<\/em><\/span><strong><em><br \/>\n<\/em><\/strong><strong><span style=\"color: #ff00ff;\"><span style=\"color: #f72a79;\">17:00<\/span><\/span> <\/strong>D\u00e9couvrez le pouvoir anti \u00e2ge de la lumi\u00e8re &#8211; <em><span style=\"color: #808080;\">Chantal Joye<\/span><br \/>\n<\/em><span style=\"color: #008000;\"><strong>18:00 <\/strong><\/span>Comment agir contre les tensions musculaires de la t\u00eate, de la nuque et du dos &#8211; <span style=\"color: #808080;\"><em>Alfred Pfennig<br \/>\n<\/em><span style=\"color: #3366ff;\"><strong>18:00 <\/strong><\/span><span style=\"color: #333333;\">Je\u00fbner \u00e0 l&#8217;ile de R\u00e9<\/span><em> &#8211; Martine Medjeber<\/em><\/span><strong><em><br \/>\n<\/em><\/strong><strong><span style=\"color: #ff00ff;\"><span style=\"color: #f72a79;\">18:00<\/span><\/span> <\/strong><span style=\"color: #333333;\">Enn\u00e9agramme<\/span> &#8211; <span style=\"color: #808080;\"><em>Catherine Loir<\/em><\/span><\/p>\n<h2>Samedi 19 janvier 2019<\/h2>\n<p><span style=\"color: #008000;\"><strong>11:00 <\/strong><\/span>Se lib\u00e9rer de ses mal &#8211; \u00eatre &#8211; <span style=\"color: #808080;\"><em>Liliane Dauteuil<\/em> <\/span><strong><br \/>\n<\/strong><span style=\"color: #3366ff;\"><strong>11:00 <\/strong><\/span>Les algues marines s\u00e9ch\u00e9es, ces aliments complets, \u00e9purateurs, vibratoires et essentiels pour notre sant\u00e9 &#8211; <span style=\"color: #808080;\"><em>Luc Le Metayer &#8211; Landre<\/em><\/span><strong><em><br \/>\n<\/em><\/strong><strong><span style=\"color: #ff00ff;\"><span style=\"color: #f72a79;\">11:00<\/span><\/span> <\/strong>la pollution \u00e9lectromagn\u00e9tique, comprendre et agir &#8211; <span style=\"color: #808080;\"><em>Alain Richard<\/em><\/span><strong><em><br \/>\n<\/em><\/strong><span style=\"color: #008000;\"><strong>12:00 <\/strong><\/span>Le burn-out\u00a0: l\u2019esprit \u00e0 bout de souffle &#8211; <span style=\"color: #808080;\"><em>Arlette Janssens<\/em><\/span><strong><em><br \/>\n<\/em><\/strong><span style=\"color: #3366ff;\"><strong>12:00 <\/strong><\/span>Min\u00e9raux : origines (g\u00e9ologie), vertus (gemmologie) et utilisations &#8211; <span style=\"color: #808080;\"><em>Jean &#8211; Claude Kennedec<\/em><\/span><strong><em><br \/>\n<\/em><\/strong><strong><span style=\"color: #ff00ff;\"><span style=\"color: #f72a79;\">12:00<\/span><\/span> <\/strong>L&#8217;approche naturopatique et quantique de la sant\u00e9 &#8211; <span style=\"color: #808080;\"><em>Philippe Cleyet Merle<\/em><\/span><strong><em><br \/>\n<\/em><\/strong><span style=\"color: #3366ff;\"><strong>13:00 <\/strong><\/span>Hypnoses et auto &#8211; hypnoses d\u2019aujourd\u2019hui. De la Th\u00e9rapie vers la spiritualit\u00e9 &#8211; <span style=\"color: #808080;\"><em>Armenio da Costa<\/em><\/span><strong><em><br \/>\n<\/em><\/strong><strong><span style=\"color: #ff00ff;\"><span style=\"color: #f72a79;\">13:00<\/span><\/span> <\/strong>L&#8217;\u00e9nergie scalaire : les ondes \u00e9lectromagn\u00e9tiques au service de notre sant\u00e9 et de notre bien-\u00eatre &#8211; <span style=\"color: #808080;\"><em>Hubert Mauerer<\/em><\/span><strong><em><br \/>\n<\/em><\/strong><span style=\"color: #008000;\"><strong>13:30 <\/strong><\/span>Cr\u00e9er son bonheur avec la num\u00e9rologie cr\u00e9ative &#8211; <span style=\"color: #808080;\"><em>Laurence Thi\u00e9vin<\/em><\/span><strong><em><br \/>\n<\/em><\/strong><span style=\"color: #3366ff;\"><strong>14:00 <\/strong><\/span>Comment \u00e9purer et fluidifier notre structure organique avec une alimentation vivante, vibratoire dont font partie, myrtille, cassis, argousier etc. &#8211; <span style=\"color: #808080;\"><em>Luc Le Metayer &#8211; Landre<\/em><\/span><strong><em><br \/>\n<\/em><\/strong><strong><span style=\"color: #ff00ff;\"><span style=\"color: #f72a79;\">14:00\u00a0<\/span><\/span><\/strong>G\u00e9obiologie: harmoniser son lieu de vie\u00a0&#8211; <span style=\"color: #808080;\"><em>Herv\u00e9 Rouch\u00e9<\/em><\/span><strong><em><br \/>\n<\/em><\/strong><span style=\"color: #008000;\"><strong>14:30 <\/strong><\/span>L&#8217;Hypnose et la PNL pour avoir confiance en soi &#8211; <em><span style=\"color: #808080;\">Anne-Sophie Jegado<\/span><\/em><strong><em><br \/>\n<\/em><\/strong><span style=\"color: #3366ff;\"><strong>15:00 <\/strong><\/span>R\u00e9soudre ses difficult\u00e9s nerveuses, psychologiques, \u00e9motionnelles et relationnelles par la neuro-p\u00e9dagogie visuelle &#8211; <span style=\"color: #808080;\"><em>H\u00e9l\u00e8ne Marchix<\/em><\/span><strong><em><br \/>\n<\/em><\/strong><strong><span style=\"color: #ff00ff;\"><span style=\"color: #f72a79;\">15:00<\/span><\/span> <\/strong>La flore intestinale au centre de la sant\u00e9 et de nos \u00e9motions &#8211; <span style=\"color: #808080;\"><em>Patricia Paisant<\/em><\/span><strong><em><br \/>\n<\/em><\/strong><span style=\"color: #008000;\"><strong>15:30 <\/strong><\/span>Se lib\u00e9rer du regard des autres &#8211;\u00a0<span style=\"color: #808080;\"><em>Edith Rosset<\/em><\/span><strong><em><br \/>\n<\/em><\/strong><span style=\"color: #3366ff;\"><strong>16:00 <\/strong><\/span>Retrouver une bonne vue &#8211; <span style=\"color: #808080;\"><em>Danielle Cesbron<\/em><\/span><strong><em><br \/>\n<\/em><\/strong><strong><span style=\"color: #ff00ff;\"><span style=\"color: #f72a79;\">16:00<\/span><\/span> <\/strong>Les 12 pierres essentielles en lithoth\u00e9rapie pour am\u00e9liorer son bien &#8211; \u00eatre au quotidien &#8211; <span style=\"color: #808080;\"><em>Wydiane Khaoua<\/em><\/span><strong><em><br \/>\n<\/em><\/strong><span style=\"color: #008000;\"><strong>17:00 <\/strong><\/span>La m\u00e9thode des 2 points &#8211; <span style=\"color: #808080;\"><em>Nelly Le Meledo et Pascal Ricard<\/em><\/span><strong><em><br \/>\n<\/em><\/strong><span style=\"color: #3366ff;\"><strong>17:00 <\/strong><\/span>Orgonites, protection ondes \u00e9lectromagn\u00e9tiques \u00a0&#8211; <span style=\"color: #808080;\"><em>Thierry Hermann<\/em> <\/span><strong><br \/>\n<\/strong><strong><span style=\"color: #ff00ff;\"><span style=\"color: #f72a79;\">17:00<\/span><\/span> <\/strong><strong>\u00a0<\/strong>Lieux de vie, lieux de travail : conna\u00eetre leurs influences, d\u00e9tecter leur potentiel &#8211; <span style=\"color: #808080;\"><em>Claire Delisle<\/em> <\/span><strong><br \/>\n<\/strong><span style=\"color: #008000;\"><strong>18:00 <\/strong><\/span>Comment agir contre les tensions musculaires de la t\u00eate, de la nuque et du dos &#8211; <span style=\"color: #808080;\"><em>Alfred\u00a0<\/em><em>Pfennig<\/em><\/span><strong><em><br \/>\n<\/em><\/strong><span style=\"color: #3366ff;\"><strong>18:00 <\/strong><\/span>Hypnose et troubles du sommeil &#8211; <span style=\"color: #808080;\"><em>Marie Maison G\u00e9ro<br \/>\n<\/em><strong><span style=\"color: #ff00ff;\"><span style=\"color: #f72a79;\">18:00\u00a0<\/span><\/span><\/strong><span style=\"color: #333333;\">Le Signe : Prenez votre destin amoureux en main<\/span><span style=\"color: #000000;\"> &#8211;\u00a0<\/span><\/span><span style=\"color: #808080;\"><em>Laurence Letort<\/em><\/span><\/p>\n<h2>Dimanche 20 janvier 2019<\/h2>\n<p><span style=\"color: #008000;\"><strong>11:00 <\/strong><\/span>La m\u00e9thode des 2 points &#8211; <span style=\"color: #808080;\"><em>Nelly Le Meledo et Pascal Ricard<\/em><\/span><strong><em><br \/>\n<\/em><\/strong><span style=\"color: #3366ff;\"><strong>11:00 <\/strong><\/span>R\u00e9soudre ses difficult\u00e9s nerveuses, psychologiques, \u00e9motionnelles et relationnelles par la Neuro-P\u00e9dagogie Visuelle &#8211; <span style=\"color: #808080;\"><em>H\u00e9l\u00e8ne Marchix<\/em><\/span><strong><em><br \/>\n<\/em><\/strong><strong><span style=\"color: #ff00ff;\"><span style=\"color: #f72a79;\">11:00<\/span><\/span> <\/strong>\u00c9quilibre acide base, c&#8217;est quoi ? Alimentation et sant\u00e9 &#8211; <span style=\"color: #808080;\"><em>Patricia Paisant<\/em><\/span><strong><em><br \/>\n<\/em><\/strong><span style=\"color: #008000;\"><strong>12:00 <\/strong><\/span>S\u2019alimenter selon la m\u00e9decine ayurv\u00e9dique &#8211; <span style=\"color: #808080;\"><em>Anne S\u00e9guis<\/em><\/span><strong><em><br \/>\n<\/em><\/strong><span style=\"color: #3366ff;\"><strong>12:00 <\/strong><\/span>Techniques transg\u00e9n\u00e9rationnelles et syst\u00e9miques &#8211; <span style=\"color: #808080;\"><em>Catherine Loir<\/em><\/span><strong><em><br \/>\n<\/em><\/strong><strong><span style=\"color: #ff00ff;\"><span style=\"color: #f72a79;\">12:00<\/span><\/span> <\/strong>G\u00e9obiologie: harmoniser son lieu de vie \u00a0&#8211; <span style=\"color: #808080;\"><em>Herv\u00e9 Rouch\u00e9<\/em><\/span><strong><em><br \/>\n<\/em><\/strong><span style=\"color: #3366ff;\"><strong>13:00 <\/strong><\/span>Min\u00e9raux : origines (g\u00e9ologie), vertus (gemmologie) et utilisations &#8211; <span style=\"color: #808080;\"><em>Jean &#8211; Claude Kennedec<\/em><\/span><br \/>\n<span style=\"color: #008000;\"><strong>13:30 <\/strong><\/span>Pr\u00e9sentation Hypno nutrition de la M\u00e9thode Chataigner rester en bonne sant\u00e9, perdre du poids durablement sans r\u00e9gime, sans frustration et comment se d\u00e9tacher des addictions aux sucres &#8211;\u00a0<span style=\"color: #808080;\"><em>Brigitte Pineau<\/em><\/span><strong><em><br \/>\n<\/em><\/strong><span style=\"color: #3366ff;\"><strong>14:00 <\/strong><\/span>Retrouver une bonne vue \u00a0&#8211; <span style=\"color: #808080;\"><em>Danielle Cesbron<\/em><\/span><strong><em><br \/>\n<\/em><\/strong><strong><span style=\"color: #ff00ff;\"><span style=\"color: #f72a79;\">14:00<\/span><\/span> <\/strong>L&#8217;\u00e9nergie scalaire : les ondes \u00e9lectromagn\u00e9tiques au service de notre sant\u00e9 et de notre bien-\u00eatre &#8211; <span style=\"color: #808080;\"><em>Hubert Mauerer<\/em><\/span><strong><em><br \/>\n<\/em><\/strong><span style=\"color: #008000;\"><strong>14:30 <\/strong><\/span>Comment agir contre les tensions musculaires de la t\u00eate, de la nuque et du dos &#8211; <span style=\"color: #808080;\"><em>Alfred Pfennig<\/em><\/span><strong><em><br \/>\n<\/em><\/strong><span style=\"color: #3366ff;\"><strong>15:00 <\/strong><\/span>Orgonites, protection ondes \u00e9lectromagn\u00e9tiques &#8211;<span style=\"color: #808080;\"><em>Thierry Hermann<\/em> <\/span><strong><br \/>\n<\/strong><strong><span style=\"color: #ff00ff;\"><span style=\"color: #f72a79;\">15:00<\/span><\/span> <\/strong>Comment r\u00e9\u00e9duquer et pr\u00e9server sa vue gr\u00e2ce aux yoga des yeux &#8211;\u00a0<span style=\"color: #808080;\"><em>Philippe Cleyet Merle<\/em><\/span><strong><em><br \/>\n<\/em><\/strong><span style=\"color: #008000;\"><strong>15:30 <\/strong><\/span>Des \u00e9pices dans notre cuisine\u00a0: c\u2019est bon pour la sant\u00e9\u00a0! <span style=\"color: #808080;\"><em>Genevi\u00e8ve Martin-Call\u00e8de<\/em><\/span><strong><em><br \/>\n<\/em><\/strong><span style=\"color: #3366ff;\"><strong>16:00 <\/strong><\/span>Le stress selon Hildegarde de Bingen &#8211; <span style=\"color: #808080;\"><em>M\u00e9lody Molins<\/em><\/span><strong><em><br \/>\n<\/em><\/strong><strong><span style=\"color: #ff00ff;\"><span style=\"color: #f72a79;\">16:00<\/span><\/span> <\/strong>Am\u00e9liorer l&#8217;intuition et la confiance en soi avec l&#8217;aide des cristaux &#8211; <span style=\"color: #808080;\"><em>Wydiane Khaoua<\/em><\/span><strong><em><br \/>\n<\/em><\/strong><span style=\"color: #008000;\"><strong>17:00 <\/strong><\/span>La m\u00e9ditation, l&#8217;observation du souffle pour calmer le mental &#8211;\u00a0<span style=\"color: #808080;\"><em>Emile Lozevis<\/em><\/span><\/p>\n","protected":false},"excerpt":{"rendered":"<p>Vendredi 18 janvier 2019 11:00 Les couleurs au service de la sant\u00e9 &#8211; Dominique Bourdin 11:00 Ost\u00e9opathie du chien et chat &#8211; Laure Mariage 11:00\u00a0G\u00e9obiologie: harmoniser son lieu de vie &#8211; Herv\u00e9 Rouch\u00e9 12:00 Comment \u00e9liminer l\u2019\u00e9tat inflammatoire chronique bas, responsable des maladies d\u00e9g\u00e9n\u00e9ratives\u00a0? \u2013 France Guillain 12:00 Hypnoses et auto &#8211; hypnoses d\u2019aujourd\u2019hui. De&hellip; <\/p>\n","protected":false},"author":1,"featured_media":0,"parent":0,"menu_order":0,"comment_status":"closed","ping_status":"closed","template":"","meta":{"_monsterinsights_skip_tracking":false,"_monsterinsights_sitenote_active":false,"_monsterinsights_sitenote_note":"","_monsterinsights_sitenote_category":0,"footnotes":""},"class_list":["post-5598","page","type-page","status-publish","hentry"],"yoast_head":"<!-- This site is optimized with the Yoast SEO plugin v27.3 - https:\/\/yoast.com\/product\/yoast-seo-wordpress\/ -->\n<title>Conf\u00e9rence 2019 - RESPIRE VANNES<\/title>\n<meta name=\"robots\" content=\"index, follow, max-snippet:-1, max-image-preview:large, max-video-preview:-1\" \/>\n<link rel=\"canonical\" href=\"http:\/\/www.respirelavie.fr\/vannes\/conference-2019\/\" \/>\n<meta property=\"og:locale\" content=\"fr_FR\" \/>\n<meta property=\"og:type\" content=\"article\" \/>\n<meta property=\"og:title\" content=\"Conf\u00e9rence 2019 - RESPIRE VANNES\" \/>\n<meta property=\"og:description\" content=\"Vendredi 18 janvier 2019 11:00 Les couleurs au service de la sant\u00e9 &#8211; Dominique Bourdin 11:00 Ost\u00e9opathie du chien et chat &#8211; Laure Mariage 11:00\u00a0G\u00e9obiologie: harmoniser son lieu de vie &#8211; Herv\u00e9 Rouch\u00e9 12:00 Comment \u00e9liminer l\u2019\u00e9tat inflammatoire chronique bas, responsable des maladies d\u00e9g\u00e9n\u00e9ratives\u00a0? \u2013 France Guillain 12:00 Hypnoses et auto &#8211; hypnoses d\u2019aujourd\u2019hui. De&hellip;\" \/>\n<meta property=\"og:url\" content=\"http:\/\/www.respirelavie.fr\/vannes\/conference-2019\/\" \/>\n<meta property=\"og:site_name\" content=\"RESPIRE VANNES\" \/>\n<meta name=\"twitter:card\" content=\"summary_large_image\" \/>\n<meta name=\"twitter:label1\" content=\"Dur\u00e9e de lecture estim\u00e9e\" \/>\n\t<meta name=\"twitter:data1\" content=\"4 minutes\" \/>\n<script type=\"application\/ld+json\" class=\"yoast-schema-graph\">{\"@context\":\"https:\\\/\\\/schema.org\",\"@graph\":[{\"@type\":\"WebPage\",\"@id\":\"http:\\\/\\\/www.respirelavie.fr\\\/vannes\\\/conference-2019\\\/\",\"url\":\"http:\\\/\\\/www.respirelavie.fr\\\/vannes\\\/conference-2019\\\/\",\"name\":\"Conf\u00e9rence 2019 - RESPIRE VANNES\",\"isPartOf\":{\"@id\":\"http:\\\/\\\/www.respirelavie.fr\\\/vannes\\\/#website\"},\"datePublished\":\"2019-11-21T13:58:14+00:00\",\"breadcrumb\":{\"@id\":\"http:\\\/\\\/www.respirelavie.fr\\\/vannes\\\/conference-2019\\\/#breadcrumb\"},\"inLanguage\":\"fr-FR\",\"potentialAction\":[{\"@type\":\"ReadAction\",\"target\":[\"http:\\\/\\\/www.respirelavie.fr\\\/vannes\\\/conference-2019\\\/\"]}]},{\"@type\":\"BreadcrumbList\",\"@id\":\"http:\\\/\\\/www.respirelavie.fr\\\/vannes\\\/conference-2019\\\/#breadcrumb\",\"itemListElement\":[{\"@type\":\"ListItem\",\"position\":1,\"name\":\"Accueil\",\"item\":\"http:\\\/\\\/www.respirelavie.fr\\\/vannes\\\/\"},{\"@type\":\"ListItem\",\"position\":2,\"name\":\"Conf\u00e9rence 2019\"}]},{\"@type\":\"WebSite\",\"@id\":\"http:\\\/\\\/www.respirelavie.fr\\\/vannes\\\/#website\",\"url\":\"http:\\\/\\\/www.respirelavie.fr\\\/vannes\\\/\",\"name\":\"RESPIRE VANNES\",\"description\":\"RESPIRE : votre salon bio, bien-\u00eatre et habitat sain \u00e0 Vannes\",\"publisher\":{\"@id\":\"http:\\\/\\\/www.respirelavie.fr\\\/vannes\\\/#organization\"},\"potentialAction\":[{\"@type\":\"SearchAction\",\"target\":{\"@type\":\"EntryPoint\",\"urlTemplate\":\"http:\\\/\\\/www.respirelavie.fr\\\/vannes\\\/?s={search_term_string}\"},\"query-input\":{\"@type\":\"PropertyValueSpecification\",\"valueRequired\":true,\"valueName\":\"search_term_string\"}}],\"inLanguage\":\"fr-FR\"},{\"@type\":\"Organization\",\"@id\":\"http:\\\/\\\/www.respirelavie.fr\\\/vannes\\\/#organization\",\"name\":\"RESPIRE VANNES\",\"url\":\"http:\\\/\\\/www.respirelavie.fr\\\/vannes\\\/\",\"logo\":{\"@type\":\"ImageObject\",\"inLanguage\":\"fr-FR\",\"@id\":\"http:\\\/\\\/www.respirelavie.fr\\\/vannes\\\/#\\\/schema\\\/logo\\\/image\\\/\",\"url\":\"http:\\\/\\\/www.respirelavie.fr\\\/vannes\\\/wp-content\\\/uploads\\\/sites\\\/4\\\/2024\\\/10\\\/cropped-cropped-cropped-Logo-RESPIRE-vannes-2025-1-1.png\",\"contentUrl\":\"http:\\\/\\\/www.respirelavie.fr\\\/vannes\\\/wp-content\\\/uploads\\\/sites\\\/4\\\/2024\\\/10\\\/cropped-cropped-cropped-Logo-RESPIRE-vannes-2025-1-1.png\",\"width\":797,\"height\":145,\"caption\":\"RESPIRE VANNES\"},\"image\":{\"@id\":\"http:\\\/\\\/www.respirelavie.fr\\\/vannes\\\/#\\\/schema\\\/logo\\\/image\\\/\"}}]}<\/script>\n<!-- \/ Yoast SEO plugin. -->","yoast_head_json":{"title":"Conf\u00e9rence 2019 - RESPIRE VANNES","robots":{"index":"index","follow":"follow","max-snippet":"max-snippet:-1","max-image-preview":"max-image-preview:large","max-video-preview":"max-video-preview:-1"},"canonical":"http:\/\/www.respirelavie.fr\/vannes\/conference-2019\/","og_locale":"fr_FR","og_type":"article","og_title":"Conf\u00e9rence 2019 - RESPIRE VANNES","og_description":"Vendredi 18 janvier 2019 11:00 Les couleurs au service de la sant\u00e9 &#8211; Dominique Bourdin 11:00 Ost\u00e9opathie du chien et chat &#8211; Laure Mariage 11:00\u00a0G\u00e9obiologie: harmoniser son lieu de vie &#8211; Herv\u00e9 Rouch\u00e9 12:00 Comment \u00e9liminer l\u2019\u00e9tat inflammatoire chronique bas, responsable des maladies d\u00e9g\u00e9n\u00e9ratives\u00a0? \u2013 France Guillain 12:00 Hypnoses et auto &#8211; hypnoses d\u2019aujourd\u2019hui. De&hellip;","og_url":"http:\/\/www.respirelavie.fr\/vannes\/conference-2019\/","og_site_name":"RESPIRE VANNES","twitter_card":"summary_large_image","twitter_misc":{"Dur\u00e9e de lecture estim\u00e9e":"4 minutes"},"schema":{"@context":"https:\/\/schema.org","@graph":[{"@type":"WebPage","@id":"http:\/\/www.respirelavie.fr\/vannes\/conference-2019\/","url":"http:\/\/www.respirelavie.fr\/vannes\/conference-2019\/","name":"Conf\u00e9rence 2019 - RESPIRE VANNES","isPartOf":{"@id":"http:\/\/www.respirelavie.fr\/vannes\/#website"},"datePublished":"2019-11-21T13:58:14+00:00","breadcrumb":{"@id":"http:\/\/www.respirelavie.fr\/vannes\/conference-2019\/#breadcrumb"},"inLanguage":"fr-FR","potentialAction":[{"@type":"ReadAction","target":["http:\/\/www.respirelavie.fr\/vannes\/conference-2019\/"]}]},{"@type":"BreadcrumbList","@id":"http:\/\/www.respirelavie.fr\/vannes\/conference-2019\/#breadcrumb","itemListElement":[{"@type":"ListItem","position":1,"name":"Accueil","item":"http:\/\/www.respirelavie.fr\/vannes\/"},{"@type":"ListItem","position":2,"name":"Conf\u00e9rence 2019"}]},{"@type":"WebSite","@id":"http:\/\/www.respirelavie.fr\/vannes\/#website","url":"http:\/\/www.respirelavie.fr\/vannes\/","name":"RESPIRE VANNES","description":"RESPIRE : votre salon bio, bien-\u00eatre et habitat sain \u00e0 Vannes","publisher":{"@id":"http:\/\/www.respirelavie.fr\/vannes\/#organization"},"potentialAction":[{"@type":"SearchAction","target":{"@type":"EntryPoint","urlTemplate":"http:\/\/www.respirelavie.fr\/vannes\/?s={search_term_string}"},"query-input":{"@type":"PropertyValueSpecification","valueRequired":true,"valueName":"search_term_string"}}],"inLanguage":"fr-FR"},{"@type":"Organization","@id":"http:\/\/www.respirelavie.fr\/vannes\/#organization","name":"RESPIRE VANNES","url":"http:\/\/www.respirelavie.fr\/vannes\/","logo":{"@type":"ImageObject","inLanguage":"fr-FR","@id":"http:\/\/www.respirelavie.fr\/vannes\/#\/schema\/logo\/image\/","url":"http:\/\/www.respirelavie.fr\/vannes\/wp-content\/uploads\/sites\/4\/2024\/10\/cropped-cropped-cropped-Logo-RESPIRE-vannes-2025-1-1.png","contentUrl":"http:\/\/www.respirelavie.fr\/vannes\/wp-content\/uploads\/sites\/4\/2024\/10\/cropped-cropped-cropped-Logo-RESPIRE-vannes-2025-1-1.png","width":797,"height":145,"caption":"RESPIRE VANNES"},"image":{"@id":"http:\/\/www.respirelavie.fr\/vannes\/#\/schema\/logo\/image\/"}}]}},"_links":{"self":[{"href":"http:\/\/www.respirelavie.fr\/vannes\/wp-json\/wp\/v2\/pages\/5598","targetHints":{"allow":["GET"]}}],"collection":[{"href":"http:\/\/www.respirelavie.fr\/vannes\/wp-json\/wp\/v2\/pages"}],"about":[{"href":"http:\/\/www.respirelavie.fr\/vannes\/wp-json\/wp\/v2\/types\/page"}],"author":[{"embeddable":true,"href":"http:\/\/www.respirelavie.fr\/vannes\/wp-json\/wp\/v2\/users\/1"}],"replies":[{"embeddable":true,"href":"http:\/\/www.respirelavie.fr\/vannes\/wp-json\/wp\/v2\/comments?post=5598"}],"version-history":[{"count":1,"href":"http:\/\/www.respirelavie.fr\/vannes\/wp-json\/wp\/v2\/pages\/5598\/revisions"}],"predecessor-version":[{"id":5599,"href":"http:\/\/www.respirelavie.fr\/vannes\/wp-json\/wp\/v2\/pages\/5598\/revisions\/5599"}],"wp:attachment":[{"href":"http:\/\/www.respirelavie.fr\/vannes\/wp-json\/wp\/v2\/media?parent=5598"}],"curies":[{"name":"wp","href":"https:\/\/api.w.org\/{rel}","templated":true}]}}