{"id":8760,"date":"2024-01-12T09:29:45","date_gmt":"2024-01-12T08:29:45","guid":{"rendered":"https:\/\/www.respirelavie.fr\/vannes\/?post_type=wpbdp_listing&p=8760"},"modified":"2024-01-12T09:29:45","modified_gmt":"2024-01-12T08:29:45","slug":"ecole-de-sophrologie","status":"publish","type":"wpbdp_listing","link":"http:\/\/www.respirelavie.fr\/vannes\/visiter\/liste-des-exposants\/ecole-de-sophrologie\/","title":{"rendered":"ECOLE DE SOPHROLOGIE"},"content":{"rendered":"","protected":false},"excerpt":{"rendered":"<p>Formation \u00e0 la sophrologie cayc\u00e9dienne : une formation sur 18 mois, en petits groupes, pour individualiser le plus possible votre temps d&#8217;apprentissage. Les soutenances de deux m\u00e9moires valident votre capacit\u00e9 \u00e0 exercer le m\u00e9tier de sophrologue. Nouveau : formation en hybride visio et pr\u00e9sentiel<\/p>\n","protected":false},"author":1,"featured_media":0,"comment_status":"open","ping_status":"closed","template":"","meta":{"_monsterinsights_skip_tracking":false,"_monsterinsights_sitenote_active":false,"_monsterinsights_sitenote_note":"","_monsterinsights_sitenote_category":0},"wpbdp_category":[341],"wpbdp_tag":[],"class_list":["post-8760","wpbdp_listing","type-wpbdp_listing","status-publish","hentry","wpbdp_category-developpement-personnel-medecines-douces-therapeutes-formations-massages"],"yoast_head":"<!-- This site is optimized with the Yoast SEO plugin v27.3 - https:\/\/yoast.com\/product\/yoast-seo-wordpress\/ -->\n<title>ECOLE DE SOPHROLOGIE - RESPIRE VANNES<\/title>\n<meta name=\"robots\" content=\"index, follow, max-snippet:-1, max-image-preview:large, max-video-preview:-1\" \/>\n<link rel=\"canonical\" href=\"http:\/\/www.respirelavie.fr\/vannes\/visiter\/liste-des-exposants\/ecole-de-sophrologie\/\" \/>\n<meta property=\"og:locale\" content=\"fr_FR\" \/>\n<meta property=\"og:type\" content=\"article\" \/>\n<meta property=\"og:title\" content=\"ECOLE DE SOPHROLOGIE - RESPIRE VANNES\" \/>\n<meta property=\"og:description\" content=\"Formation \u00e0 la sophrologie cayc\u00e9dienne : une formation sur 18 mois, en petits groupes, pour individualiser le plus possible votre temps d&#039;apprentissage. Les soutenances de deux m\u00e9moires valident votre capacit\u00e9 \u00e0 exercer le m\u00e9tier de sophrologue. Nouveau : formation en hybride visio et pr\u00e9sentiel\" \/>\n<meta property=\"og:url\" content=\"http:\/\/www.respirelavie.fr\/vannes\/visiter\/liste-des-exposants\/ecole-de-sophrologie\/\" \/>\n<meta property=\"og:site_name\" content=\"RESPIRE VANNES\" \/>\n<meta name=\"twitter:card\" content=\"summary_large_image\" \/>\n<script type=\"application\/ld+json\" class=\"yoast-schema-graph\">{\"@context\":\"https:\\\/\\\/schema.org\",\"@graph\":[{\"@type\":\"WebPage\",\"@id\":\"http:\\\/\\\/www.respirelavie.fr\\\/vannes\\\/visiter\\\/liste-des-exposants\\\/ecole-de-sophrologie\\\/\",\"url\":\"http:\\\/\\\/www.respirelavie.fr\\\/vannes\\\/visiter\\\/liste-des-exposants\\\/ecole-de-sophrologie\\\/\",\"name\":\"ECOLE DE SOPHROLOGIE - RESPIRE VANNES\",\"isPartOf\":{\"@id\":\"http:\\\/\\\/www.respirelavie.fr\\\/vannes\\\/#website\"},\"datePublished\":\"2024-01-12T08:29:45+00:00\",\"breadcrumb\":{\"@id\":\"http:\\\/\\\/www.respirelavie.fr\\\/vannes\\\/visiter\\\/liste-des-exposants\\\/ecole-de-sophrologie\\\/#breadcrumb\"},\"inLanguage\":\"fr-FR\",\"potentialAction\":[{\"@type\":\"ReadAction\",\"target\":[\"http:\\\/\\\/www.respirelavie.fr\\\/vannes\\\/visiter\\\/liste-des-exposants\\\/ecole-de-sophrologie\\\/\"]}]},{\"@type\":\"BreadcrumbList\",\"@id\":\"http:\\\/\\\/www.respirelavie.fr\\\/vannes\\\/visiter\\\/liste-des-exposants\\\/ecole-de-sophrologie\\\/#breadcrumb\",\"itemListElement\":[{\"@type\":\"ListItem\",\"position\":1,\"name\":\"Accueil\",\"item\":\"http:\\\/\\\/www.respirelavie.fr\\\/vannes\\\/\"},{\"@type\":\"ListItem\",\"position\":2,\"name\":\"ECOLE DE SOPHROLOGIE\"}]},{\"@type\":\"WebSite\",\"@id\":\"http:\\\/\\\/www.respirelavie.fr\\\/vannes\\\/#website\",\"url\":\"http:\\\/\\\/www.respirelavie.fr\\\/vannes\\\/\",\"name\":\"RESPIRE VANNES\",\"description\":\"RESPIRE : votre salon bio, bien-\u00eatre et habitat sain \u00e0 Vannes\",\"publisher\":{\"@id\":\"http:\\\/\\\/www.respirelavie.fr\\\/vannes\\\/#organization\"},\"potentialAction\":[{\"@type\":\"SearchAction\",\"target\":{\"@type\":\"EntryPoint\",\"urlTemplate\":\"http:\\\/\\\/www.respirelavie.fr\\\/vannes\\\/?s={search_term_string}\"},\"query-input\":{\"@type\":\"PropertyValueSpecification\",\"valueRequired\":true,\"valueName\":\"search_term_string\"}}],\"inLanguage\":\"fr-FR\"},{\"@type\":\"Organization\",\"@id\":\"http:\\\/\\\/www.respirelavie.fr\\\/vannes\\\/#organization\",\"name\":\"RESPIRE VANNES\",\"url\":\"http:\\\/\\\/www.respirelavie.fr\\\/vannes\\\/\",\"logo\":{\"@type\":\"ImageObject\",\"inLanguage\":\"fr-FR\",\"@id\":\"http:\\\/\\\/www.respirelavie.fr\\\/vannes\\\/#\\\/schema\\\/logo\\\/image\\\/\",\"url\":\"http:\\\/\\\/www.respirelavie.fr\\\/vannes\\\/wp-content\\\/uploads\\\/sites\\\/4\\\/2024\\\/10\\\/cropped-cropped-cropped-Logo-RESPIRE-vannes-2025-1-1.png\",\"contentUrl\":\"http:\\\/\\\/www.respirelavie.fr\\\/vannes\\\/wp-content\\\/uploads\\\/sites\\\/4\\\/2024\\\/10\\\/cropped-cropped-cropped-Logo-RESPIRE-vannes-2025-1-1.png\",\"width\":797,\"height\":145,\"caption\":\"RESPIRE VANNES\"},\"image\":{\"@id\":\"http:\\\/\\\/www.respirelavie.fr\\\/vannes\\\/#\\\/schema\\\/logo\\\/image\\\/\"}}]}<\/script>\n<!-- \/ Yoast SEO plugin. -->","yoast_head_json":{"title":"ECOLE DE SOPHROLOGIE - RESPIRE VANNES","robots":{"index":"index","follow":"follow","max-snippet":"max-snippet:-1","max-image-preview":"max-image-preview:large","max-video-preview":"max-video-preview:-1"},"canonical":"http:\/\/www.respirelavie.fr\/vannes\/visiter\/liste-des-exposants\/ecole-de-sophrologie\/","og_locale":"fr_FR","og_type":"article","og_title":"ECOLE DE SOPHROLOGIE - RESPIRE VANNES","og_description":"Formation \u00e0 la sophrologie cayc\u00e9dienne : une formation sur 18 mois, en petits groupes, pour individualiser le plus possible votre temps d'apprentissage. Les soutenances de deux m\u00e9moires valident votre capacit\u00e9 \u00e0 exercer le m\u00e9tier de sophrologue. Nouveau : formation en hybride visio et pr\u00e9sentiel","og_url":"http:\/\/www.respirelavie.fr\/vannes\/visiter\/liste-des-exposants\/ecole-de-sophrologie\/","og_site_name":"RESPIRE VANNES","twitter_card":"summary_large_image","schema":{"@context":"https:\/\/schema.org","@graph":[{"@type":"WebPage","@id":"http:\/\/www.respirelavie.fr\/vannes\/visiter\/liste-des-exposants\/ecole-de-sophrologie\/","url":"http:\/\/www.respirelavie.fr\/vannes\/visiter\/liste-des-exposants\/ecole-de-sophrologie\/","name":"ECOLE DE SOPHROLOGIE - RESPIRE VANNES","isPartOf":{"@id":"http:\/\/www.respirelavie.fr\/vannes\/#website"},"datePublished":"2024-01-12T08:29:45+00:00","breadcrumb":{"@id":"http:\/\/www.respirelavie.fr\/vannes\/visiter\/liste-des-exposants\/ecole-de-sophrologie\/#breadcrumb"},"inLanguage":"fr-FR","potentialAction":[{"@type":"ReadAction","target":["http:\/\/www.respirelavie.fr\/vannes\/visiter\/liste-des-exposants\/ecole-de-sophrologie\/"]}]},{"@type":"BreadcrumbList","@id":"http:\/\/www.respirelavie.fr\/vannes\/visiter\/liste-des-exposants\/ecole-de-sophrologie\/#breadcrumb","itemListElement":[{"@type":"ListItem","position":1,"name":"Accueil","item":"http:\/\/www.respirelavie.fr\/vannes\/"},{"@type":"ListItem","position":2,"name":"ECOLE DE SOPHROLOGIE"}]},{"@type":"WebSite","@id":"http:\/\/www.respirelavie.fr\/vannes\/#website","url":"http:\/\/www.respirelavie.fr\/vannes\/","name":"RESPIRE VANNES","description":"RESPIRE : votre salon bio, bien-\u00eatre et habitat sain \u00e0 Vannes","publisher":{"@id":"http:\/\/www.respirelavie.fr\/vannes\/#organization"},"potentialAction":[{"@type":"SearchAction","target":{"@type":"EntryPoint","urlTemplate":"http:\/\/www.respirelavie.fr\/vannes\/?s={search_term_string}"},"query-input":{"@type":"PropertyValueSpecification","valueRequired":true,"valueName":"search_term_string"}}],"inLanguage":"fr-FR"},{"@type":"Organization","@id":"http:\/\/www.respirelavie.fr\/vannes\/#organization","name":"RESPIRE VANNES","url":"http:\/\/www.respirelavie.fr\/vannes\/","logo":{"@type":"ImageObject","inLanguage":"fr-FR","@id":"http:\/\/www.respirelavie.fr\/vannes\/#\/schema\/logo\/image\/","url":"http:\/\/www.respirelavie.fr\/vannes\/wp-content\/uploads\/sites\/4\/2024\/10\/cropped-cropped-cropped-Logo-RESPIRE-vannes-2025-1-1.png","contentUrl":"http:\/\/www.respirelavie.fr\/vannes\/wp-content\/uploads\/sites\/4\/2024\/10\/cropped-cropped-cropped-Logo-RESPIRE-vannes-2025-1-1.png","width":797,"height":145,"caption":"RESPIRE VANNES"},"image":{"@id":"http:\/\/www.respirelavie.fr\/vannes\/#\/schema\/logo\/image\/"}}]}},"_links":{"self":[{"href":"http:\/\/www.respirelavie.fr\/vannes\/wp-json\/wp\/v2\/wpbdp_listing\/8760","targetHints":{"allow":["GET"]}}],"collection":[{"href":"http:\/\/www.respirelavie.fr\/vannes\/wp-json\/wp\/v2\/wpbdp_listing"}],"about":[{"href":"http:\/\/www.respirelavie.fr\/vannes\/wp-json\/wp\/v2\/types\/wpbdp_listing"}],"author":[{"embeddable":true,"href":"http:\/\/www.respirelavie.fr\/vannes\/wp-json\/wp\/v2\/users\/1"}],"replies":[{"embeddable":true,"href":"http:\/\/www.respirelavie.fr\/vannes\/wp-json\/wp\/v2\/comments?post=8760"}],"wp:attachment":[{"href":"http:\/\/www.respirelavie.fr\/vannes\/wp-json\/wp\/v2\/media?parent=8760"}],"wp:term":[{"taxonomy":"wpbdp_category","embeddable":true,"href":"http:\/\/www.respirelavie.fr\/vannes\/wp-json\/wp\/v2\/wpbdp_category?post=8760"},{"taxonomy":"wpbdp_tag","embeddable":true,"href":"http:\/\/www.respirelavie.fr\/vannes\/wp-json\/wp\/v2\/wpbdp_tag?post=8760"}],"curies":[{"name":"wp","href":"https:\/\/api.w.org\/{rel}","templated":true}]}}

<p>Formation à la sophrologie caycédienne : une formation sur 18 mois, en petits groupes, pour individualiser le plus possible votre temps d&#8217;apprentissage. Les soutenances de deux mémoires valident votre capacité à exercer le métier de sophrologue. Nouveau : formation en hybride visio et présentiel</p>

<!-- This site is optimized with the Yoast SEO plugin v27.3 - https://yoast.com/product/yoast-seo-wordpress/ -->
<title>ECOLE DE SOPHROLOGIE - RESPIRE VANNES</title>
<meta name="robots" content="index, follow, max-snippet:-1, max-image-preview:large, max-video-preview:-1" />
<link rel="canonical" href="http://www.respirelavie.fr/vannes/visiter/liste-des-exposants/ecole-de-sophrologie/" />
<meta property="og:locale" content="fr_FR" />
<meta property="og:type" content="article" />
<meta property="og:title" content="ECOLE DE SOPHROLOGIE - RESPIRE VANNES" />
<meta property="og:description" content="Formation à la sophrologie caycédienne : une formation sur 18 mois, en petits groupes, pour individualiser le plus possible votre temps d&#039;apprentissage. Les soutenances de deux mémoires valident votre capacité à exercer le métier de sophrologue. Nouveau : formation en hybride visio et présentiel" />
<meta property="og:url" content="http://www.respirelavie.fr/vannes/visiter/liste-des-exposants/ecole-de-sophrologie/" />
<meta property="og:site_name" content="RESPIRE VANNES" />
<meta name="twitter:card" content="summary_large_image" />
<script type="application/ld+json" class="yoast-schema-graph">{"@context":"https:\/\/schema.org","@graph":[{"@type":"WebPage","@id":"http:\/\/www.respirelavie.fr\/vannes\/visiter\/liste-des-exposants\/ecole-de-sophrologie\/","url":"http:\/\/www.respirelavie.fr\/vannes\/visiter\/liste-des-exposants\/ecole-de-sophrologie\/","name":"ECOLE DE SOPHROLOGIE - RESPIRE VANNES","isPartOf":{"@id":"http:\/\/www.respirelavie.fr\/vannes\/#website"},"datePublished":"2024-01-12T08:29:45+00:00","breadcrumb":{"@id":"http:\/\/www.respirelavie.fr\/vannes\/visiter\/liste-des-exposants\/ecole-de-sophrologie\/#breadcrumb"},"inLanguage":"fr-FR","potentialAction":[{"@type":"ReadAction","target":["http:\/\/www.respirelavie.fr\/vannes\/visiter\/liste-des-exposants\/ecole-de-sophrologie\/"]}]},{"@type":"BreadcrumbList","@id":"http:\/\/www.respirelavie.fr\/vannes\/visiter\/liste-des-exposants\/ecole-de-sophrologie\/#breadcrumb","itemListElement":[{"@type":"ListItem","position":1,"name":"Accueil","item":"http:\/\/www.respirelavie.fr\/vannes\/"},{"@type":"ListItem","position":2,"name":"ECOLE DE SOPHROLOGIE"}]},{"@type":"WebSite","@id":"http:\/\/www.respirelavie.fr\/vannes\/#website","url":"http:\/\/www.respirelavie.fr\/vannes\/","name":"RESPIRE VANNES","description":"RESPIRE : votre salon bio, bien-être et habitat sain à Vannes","publisher":{"@id":"http:\/\/www.respirelavie.fr\/vannes\/#organization"},"potentialAction":[{"@type":"SearchAction","target":{"@type":"EntryPoint","urlTemplate":"http:\/\/www.respirelavie.fr\/vannes\/?s={search_term_string}"},"query-input":{"@type":"PropertyValueSpecification","valueRequired":true,"valueName":"search_term_string"}}],"inLanguage":"fr-FR"},{"@type":"Organization","@id":"http:\/\/www.respirelavie.fr\/vannes\/#organization","name":"RESPIRE VANNES","url":"http:\/\/www.respirelavie.fr\/vannes\/","logo":{"@type":"ImageObject","inLanguage":"fr-FR","@id":"http:\/\/www.respirelavie.fr\/vannes\/#\/schema\/logo\/image\/","url":"http:\/\/www.respirelavie.fr\/vannes\/wp-content\/uploads\/sites\/4\/2024\/10\/cropped-cropped-cropped-Logo-RESPIRE-vannes-2025-1-1.png","contentUrl":"http:\/\/www.respirelavie.fr\/vannes\/wp-content\/uploads\/sites\/4\/2024\/10\/cropped-cropped-cropped-Logo-RESPIRE-vannes-2025-1-1.png","width":797,"height":145,"caption":"RESPIRE VANNES"},"image":{"@id":"http:\/\/www.respirelavie.fr\/vannes\/#\/schema\/logo\/image\/"}}]}</script>
<!-- / Yoast SEO plugin. -->

Formation à la sophrologie caycédienne : une formation sur 18 mois, en petits groupes, pour individualiser le plus possible votre temps d'apprentissage. Les soutenances de deux mémoires valident votre capacité à exercer le métier de sophrologue. Nouveau : formation en hybride visio et présentiel

RESPIRE : votre salon bio, bien-être et habitat sain à Vannes
