{"id":5035,"date":"2018-05-07T15:40:21","date_gmt":"2018-05-07T13:40:21","guid":{"rendered":"http:\/\/www.respirelavie.fr\/poitiers\/?page_id=5035"},"modified":"2018-05-07T15:40:21","modified_gmt":"2018-05-07T13:40:21","slug":"programme-du-salon-2017","status":"publish","type":"page","link":"https:\/\/www.respirelavie.fr\/poitiers\/programme-du-salon-2017\/","title":{"rendered":"Programme du salon 2017"},"content":{"rendered":"<p>Pour pousser la r\u00e9flexion et l&rsquo;apprentissage plus loin&#8230; Toutes les animations et ateliers sont en acc\u00e8s libre. Cependant certains peuvent \u00eatre tr\u00e8s demand\u00e9s, n&rsquo;h\u00e9sitez pas \u00e0 venir en avance. Programme sous r\u00e9serve de modifications ult\u00e9rieures.<\/p>\n<p>En marge des conf\u00e9rences anim\u00e9es par des sp\u00e9cialistes du bio et du bien-\u00eatre, vous pouvez aller plus loin gr\u00e2ce \u00e0 :<\/p>\n<p>\u2022 Des ateliers-conf\u00e9rences pour d\u00e9couvrir produits et m\u00e9thodes<br \/>\n\u2022 Des ateliers et d\u00e9monstrations de pratiques corporelles pour vous initier<br \/>\n\u2022 Des ateliers du go\u00fbt et des d\u00e9gustations<br \/>\n\u2022 Des ateliers cr\u00e9atifs, d\u00e9monstrations et animations<\/p><div id=\"respi-586569016\" class=\"respi-contenu respi-entity-placement\"><script async src=\"\/\/pagead2.googlesyndication.com\/pagead\/js\/adsbygoogle.js?client=ca-pub-7511070832818284\" crossorigin=\"anonymous\"><\/script><ins class=\"adsbygoogle\" style=\"display:block;\" data-ad-client=\"ca-pub-7511070832818284\" \ndata-ad-slot=\"4196289901\" \ndata-ad-format=\"auto\"><\/ins>\n<script> \n(adsbygoogle = window.adsbygoogle || []).push({}); \n<\/script>\n<\/div>\n<h2><a href=\"http:\/\/www.respirelavie.fr\/poitiers\/programme-du-salon\/conferences\/\" target=\"_blank\" rel=\"noopener noreferrer\">Conf\u00e9rences experts<\/a><\/h2>\n<p>Chaque jour, des conf\u00e9rences autour des th\u00e8mes de la bio, de la sant\u00e9 et du d\u00e9veloppement personnel pour se prot\u00e9ger des agressions ext\u00e9rieures et trouver en soi les forces vives pour aller de l&rsquo;avant.\u00a0Autant de pistes pour mettre la crise \u00e0 distance et le cap vers l&rsquo;avenir.<\/p>\n<h2><a href=\"http:\/\/www.respirelavie.fr\/poitiers\/programme-du-salon\/ateliers-conferences\/\" target=\"_blank\" rel=\"noopener noreferrer\">Ateliers-Conf\u00e9rences<\/a><\/h2>\n<p>Plus de 90 ateliers sont organis\u00e9s pour permettre au public de d\u00e9couvrir et mieux comprendre les m\u00e9thodes et les produits pr\u00e9sent\u00e9s sur le salon.<\/p>\n<h2><a href=\"http:\/\/www.respirelavie.fr\/poitiers\/programme-du-salon\/ateliers-pratiques\/\" target=\"_blank\" rel=\"noopener noreferrer\">Ateliers pratiques<\/a><\/h2>\n<p>Tous les jours, exp\u00e9rimentez la biorespiration, le yoga, la danse cr\u00e9ative, le shiatsu, la biodanza etc. Une occasion de tester ces techniques et de dialoguer avec des praticiens de bien-\u00eatre.<\/p>\n<h2><a href=\"http:\/\/www.respirelavie.fr\/poitiers\/programme-du-salon\/animations\/\" target=\"_blank\" rel=\"noopener noreferrer\">Animations cr\u00e9atives<\/a><\/h2>\n<p>Ateliers cuisine &amp; d\u00e9gustation de vins, ateliers cr\u00e9atifs (fabrication de cosm\u00e9tiques, produits d&rsquo;entretiens&#8230;)<\/p>\n<h2><a href=\"http:\/\/www.respirelavie.fr\/poitiers\/bougez-zen\/\" target=\"_blank\" rel=\"noopener noreferrer\">Bougez zen<\/a><\/h2>\n<p>Ateliers cuisine &amp; d\u00e9gustation de vins, ateliers cr\u00e9atifs (fabrication de cosm\u00e9tiques, produits d&rsquo;entretiens&#8230;)<\/p>\n<h2><a href=\"http:\/\/www.respirelavie.fr\/poitiers\/bougez-zen\/\" target=\"_blank\" rel=\"noopener noreferrer\">Animations sp\u00e9ciales<\/a><\/h2>\n<p>Espace jardin et nature, Visite de la Tiny sauna, mur d&rsquo;expression&#8230;<\/p>\n","protected":false},"excerpt":{"rendered":"<p>Pour pousser la r\u00e9flexion et l&rsquo;apprentissage plus loin&#8230; Toutes les animations et ateliers sont en acc\u00e8s libre. Cependant certains peuvent \u00eatre tr\u00e8s demand\u00e9s, n&rsquo;h\u00e9sitez pas \u00e0 venir en avance. Programme sous r\u00e9serve de modifications ult\u00e9rieures. En marge des conf\u00e9rences anim\u00e9es par des sp\u00e9cialistes du bio et du bien-\u00eatre, vous pouvez aller plus loin gr\u00e2ce \u00e0&hellip; <\/p>\n","protected":false},"author":1,"featured_media":0,"parent":0,"menu_order":0,"comment_status":"closed","ping_status":"closed","template":"","meta":{"_monsterinsights_skip_tracking":false,"_monsterinsights_sitenote_active":false,"_monsterinsights_sitenote_note":"","_monsterinsights_sitenote_category":0,"footnotes":""},"class_list":["post-5035","page","type-page","status-publish","hentry"],"yoast_head":"<!-- This site is optimized with the Yoast SEO plugin v27.3 - https:\/\/yoast.com\/product\/yoast-seo-wordpress\/ -->\n<title>Programme du salon 2017 - Salon RESPIRE LA VIE Poitiers<\/title>\n<meta name=\"robots\" content=\"index, follow, max-snippet:-1, max-image-preview:large, max-video-preview:-1\" \/>\n<link rel=\"canonical\" href=\"https:\/\/www.respirelavie.fr\/poitiers\/programme-du-salon-2017\/\" \/>\n<meta property=\"og:locale\" content=\"fr_FR\" \/>\n<meta property=\"og:type\" content=\"article\" \/>\n<meta property=\"og:title\" content=\"Programme du salon 2017 - Salon RESPIRE LA VIE Poitiers\" \/>\n<meta property=\"og:description\" content=\"Pour pousser la r\u00e9flexion et l&rsquo;apprentissage plus loin&#8230; Toutes les animations et ateliers sont en acc\u00e8s libre. Cependant certains peuvent \u00eatre tr\u00e8s demand\u00e9s, n&rsquo;h\u00e9sitez pas \u00e0 venir en avance. Programme sous r\u00e9serve de modifications ult\u00e9rieures. En marge des conf\u00e9rences anim\u00e9es par des sp\u00e9cialistes du bio et du bien-\u00eatre, vous pouvez aller plus loin gr\u00e2ce \u00e0&hellip;\" \/>\n<meta property=\"og:url\" content=\"https:\/\/www.respirelavie.fr\/poitiers\/programme-du-salon-2017\/\" \/>\n<meta property=\"og:site_name\" content=\"Salon RESPIRE LA VIE Poitiers\" \/>\n<meta name=\"twitter:card\" content=\"summary_large_image\" \/>\n<meta name=\"twitter:label1\" content=\"Dur\u00e9e de lecture estim\u00e9e\" \/>\n\t<meta name=\"twitter:data1\" content=\"1 minute\" \/>\n<script type=\"application\/ld+json\" class=\"yoast-schema-graph\">{\"@context\":\"https:\\\/\\\/schema.org\",\"@graph\":[{\"@type\":\"WebPage\",\"@id\":\"https:\\\/\\\/www.respirelavie.fr\\\/poitiers\\\/programme-du-salon-2017\\\/\",\"url\":\"https:\\\/\\\/www.respirelavie.fr\\\/poitiers\\\/programme-du-salon-2017\\\/\",\"name\":\"Programme du salon 2017 - Salon RESPIRE LA VIE Poitiers\",\"isPartOf\":{\"@id\":\"https:\\\/\\\/www.respirelavie.fr\\\/poitiers\\\/#website\"},\"datePublished\":\"2018-05-07T13:40:21+00:00\",\"breadcrumb\":{\"@id\":\"https:\\\/\\\/www.respirelavie.fr\\\/poitiers\\\/programme-du-salon-2017\\\/#breadcrumb\"},\"inLanguage\":\"fr-FR\",\"potentialAction\":[{\"@type\":\"ReadAction\",\"target\":[\"https:\\\/\\\/www.respirelavie.fr\\\/poitiers\\\/programme-du-salon-2017\\\/\"]}]},{\"@type\":\"BreadcrumbList\",\"@id\":\"https:\\\/\\\/www.respirelavie.fr\\\/poitiers\\\/programme-du-salon-2017\\\/#breadcrumb\",\"itemListElement\":[{\"@type\":\"ListItem\",\"position\":1,\"name\":\"Accueil\",\"item\":\"https:\\\/\\\/www.respirelavie.fr\\\/poitiers\\\/\"},{\"@type\":\"ListItem\",\"position\":2,\"name\":\"Programme du salon 2017\"}]},{\"@type\":\"WebSite\",\"@id\":\"https:\\\/\\\/www.respirelavie.fr\\\/poitiers\\\/#website\",\"url\":\"https:\\\/\\\/www.respirelavie.fr\\\/poitiers\\\/\",\"name\":\"Salon RESPIRE LA VIE Poitiers\",\"description\":\"RESPIRE : votre salon bio, bien-\u00eatre et habitat sain \u00e0 Poitiers\",\"publisher\":{\"@id\":\"https:\\\/\\\/www.respirelavie.fr\\\/poitiers\\\/#organization\"},\"potentialAction\":[{\"@type\":\"SearchAction\",\"target\":{\"@type\":\"EntryPoint\",\"urlTemplate\":\"https:\\\/\\\/www.respirelavie.fr\\\/poitiers\\\/?s={search_term_string}\"},\"query-input\":{\"@type\":\"PropertyValueSpecification\",\"valueRequired\":true,\"valueName\":\"search_term_string\"}}],\"inLanguage\":\"fr-FR\"},{\"@type\":\"Organization\",\"@id\":\"https:\\\/\\\/www.respirelavie.fr\\\/poitiers\\\/#organization\",\"name\":\"Salon RESPIRE LA VIE Poitiers\",\"url\":\"https:\\\/\\\/www.respirelavie.fr\\\/poitiers\\\/\",\"logo\":{\"@type\":\"ImageObject\",\"inLanguage\":\"fr-FR\",\"@id\":\"https:\\\/\\\/www.respirelavie.fr\\\/poitiers\\\/#\\\/schema\\\/logo\\\/image\\\/\",\"url\":\"https:\\\/\\\/www.respirelavie.fr\\\/poitiers\\\/wp-content\\\/uploads\\\/sites\\\/3\\\/2024\\\/03\\\/Logo-RESPIRE-LA-VIE-poitiers.jpg\",\"contentUrl\":\"https:\\\/\\\/www.respirelavie.fr\\\/poitiers\\\/wp-content\\\/uploads\\\/sites\\\/3\\\/2024\\\/03\\\/Logo-RESPIRE-LA-VIE-poitiers.jpg\",\"width\":470,\"height\":262,\"caption\":\"Salon RESPIRE LA VIE Poitiers\"},\"image\":{\"@id\":\"https:\\\/\\\/www.respirelavie.fr\\\/poitiers\\\/#\\\/schema\\\/logo\\\/image\\\/\"}}]}<\/script>\n<!-- \/ Yoast SEO plugin. -->","yoast_head_json":{"title":"Programme du salon 2017 - Salon RESPIRE LA VIE Poitiers","robots":{"index":"index","follow":"follow","max-snippet":"max-snippet:-1","max-image-preview":"max-image-preview:large","max-video-preview":"max-video-preview:-1"},"canonical":"https:\/\/www.respirelavie.fr\/poitiers\/programme-du-salon-2017\/","og_locale":"fr_FR","og_type":"article","og_title":"Programme du salon 2017 - Salon RESPIRE LA VIE Poitiers","og_description":"Pour pousser la r\u00e9flexion et l&rsquo;apprentissage plus loin&#8230; Toutes les animations et ateliers sont en acc\u00e8s libre. Cependant certains peuvent \u00eatre tr\u00e8s demand\u00e9s, n&rsquo;h\u00e9sitez pas \u00e0 venir en avance. Programme sous r\u00e9serve de modifications ult\u00e9rieures. En marge des conf\u00e9rences anim\u00e9es par des sp\u00e9cialistes du bio et du bien-\u00eatre, vous pouvez aller plus loin gr\u00e2ce \u00e0&hellip;","og_url":"https:\/\/www.respirelavie.fr\/poitiers\/programme-du-salon-2017\/","og_site_name":"Salon RESPIRE LA VIE Poitiers","twitter_card":"summary_large_image","twitter_misc":{"Dur\u00e9e de lecture estim\u00e9e":"1 minute"},"schema":{"@context":"https:\/\/schema.org","@graph":[{"@type":"WebPage","@id":"https:\/\/www.respirelavie.fr\/poitiers\/programme-du-salon-2017\/","url":"https:\/\/www.respirelavie.fr\/poitiers\/programme-du-salon-2017\/","name":"Programme du salon 2017 - Salon RESPIRE LA VIE Poitiers","isPartOf":{"@id":"https:\/\/www.respirelavie.fr\/poitiers\/#website"},"datePublished":"2018-05-07T13:40:21+00:00","breadcrumb":{"@id":"https:\/\/www.respirelavie.fr\/poitiers\/programme-du-salon-2017\/#breadcrumb"},"inLanguage":"fr-FR","potentialAction":[{"@type":"ReadAction","target":["https:\/\/www.respirelavie.fr\/poitiers\/programme-du-salon-2017\/"]}]},{"@type":"BreadcrumbList","@id":"https:\/\/www.respirelavie.fr\/poitiers\/programme-du-salon-2017\/#breadcrumb","itemListElement":[{"@type":"ListItem","position":1,"name":"Accueil","item":"https:\/\/www.respirelavie.fr\/poitiers\/"},{"@type":"ListItem","position":2,"name":"Programme du salon 2017"}]},{"@type":"WebSite","@id":"https:\/\/www.respirelavie.fr\/poitiers\/#website","url":"https:\/\/www.respirelavie.fr\/poitiers\/","name":"Salon RESPIRE LA VIE Poitiers","description":"RESPIRE : votre salon bio, bien-\u00eatre et habitat sain \u00e0 Poitiers","publisher":{"@id":"https:\/\/www.respirelavie.fr\/poitiers\/#organization"},"potentialAction":[{"@type":"SearchAction","target":{"@type":"EntryPoint","urlTemplate":"https:\/\/www.respirelavie.fr\/poitiers\/?s={search_term_string}"},"query-input":{"@type":"PropertyValueSpecification","valueRequired":true,"valueName":"search_term_string"}}],"inLanguage":"fr-FR"},{"@type":"Organization","@id":"https:\/\/www.respirelavie.fr\/poitiers\/#organization","name":"Salon RESPIRE LA VIE Poitiers","url":"https:\/\/www.respirelavie.fr\/poitiers\/","logo":{"@type":"ImageObject","inLanguage":"fr-FR","@id":"https:\/\/www.respirelavie.fr\/poitiers\/#\/schema\/logo\/image\/","url":"https:\/\/www.respirelavie.fr\/poitiers\/wp-content\/uploads\/sites\/3\/2024\/03\/Logo-RESPIRE-LA-VIE-poitiers.jpg","contentUrl":"https:\/\/www.respirelavie.fr\/poitiers\/wp-content\/uploads\/sites\/3\/2024\/03\/Logo-RESPIRE-LA-VIE-poitiers.jpg","width":470,"height":262,"caption":"Salon RESPIRE LA VIE Poitiers"},"image":{"@id":"https:\/\/www.respirelavie.fr\/poitiers\/#\/schema\/logo\/image\/"}}]}},"_links":{"self":[{"href":"https:\/\/www.respirelavie.fr\/poitiers\/wp-json\/wp\/v2\/pages\/5035","targetHints":{"allow":["GET"]}}],"collection":[{"href":"https:\/\/www.respirelavie.fr\/poitiers\/wp-json\/wp\/v2\/pages"}],"about":[{"href":"https:\/\/www.respirelavie.fr\/poitiers\/wp-json\/wp\/v2\/types\/page"}],"author":[{"embeddable":true,"href":"https:\/\/www.respirelavie.fr\/poitiers\/wp-json\/wp\/v2\/users\/1"}],"replies":[{"embeddable":true,"href":"https:\/\/www.respirelavie.fr\/poitiers\/wp-json\/wp\/v2\/comments?post=5035"}],"version-history":[{"count":0,"href":"https:\/\/www.respirelavie.fr\/poitiers\/wp-json\/wp\/v2\/pages\/5035\/revisions"}],"wp:attachment":[{"href":"https:\/\/www.respirelavie.fr\/poitiers\/wp-json\/wp\/v2\/media?parent=5035"}],"curies":[{"name":"wp","href":"https:\/\/api.w.org\/{rel}","templated":true}]}}