{"id":5103,"date":"2018-09-10T11:09:06","date_gmt":"2018-09-10T09:09:06","guid":{"rendered":"https:\/\/www.respirelavie.fr\/poitiers\/?page_id=5103"},"modified":"2018-09-10T18:29:09","modified_gmt":"2018-09-10T16:29:09","slug":"espace-jardin-nature","status":"publish","type":"page","link":"https:\/\/www.respirelavie.fr\/poitiers\/espace-jardin-nature\/","title":{"rendered":"Espace Jardin &#038; Nature"},"content":{"rendered":"<p>Le mouvement des <strong>INCROYABLES COMESTIBLES<\/strong> a pris racine \u00e0 Poitiers en 2012..<\/p>\n<p>Nous avons commenc\u00e9 par des dons de l\u00e9gumes du jardin gratuits dans l\u2019espace public et \u00e9v\u00e9nements.<\/p>\n<p>Tr\u00e8s rapidement, nous nous sommes int\u00e9ress\u00e9s \u00e0 la permaculture pour la conception de nos espaces nourriciers urbains pour cr\u00e9er des syst\u00e8mes r\u00e9silients dans l\u2019espace public pour que les terriens puissent se les approprier.<\/p><div id=\"respi-944031840\" class=\"respi-contenu respi-entity-placement\"><script async src=\"\/\/pagead2.googlesyndication.com\/pagead\/js\/adsbygoogle.js?client=ca-pub-7511070832818284\" crossorigin=\"anonymous\"><\/script><ins class=\"adsbygoogle\" style=\"display:block;\" data-ad-client=\"ca-pub-7511070832818284\" \ndata-ad-slot=\"4196289901\" \ndata-ad-format=\"auto\"><\/ins>\n<script> \n(adsbygoogle = window.adsbygoogle || []).push({}); \n<\/script>\n<\/div>\n<p>En 6 ans en suivant les enseignements de la permaculture, de l\u2019\u00e9conomie circulaire, et de la gratuit\u00e9, en atelier chantier participatif, nous avons construit 11 espaces nourriciers dans le Grand Poitiers.<\/p>\n<p>Nous animons r\u00e9guli\u00e8rement des ateliers gratuits d\u2019\u00e9change de savoir et savoir-faire lors de nos march\u00e9s gratuits et \u00e9v\u00e9nements auxquels nous sommes invit\u00e9s que nous mettons en open source<\/p>\n<p>Nous sommes un collectif d\u2019individus agissant en conscience et responsabilit\u00e9 ne pensant pas avoir besoin d\u2019une structure pour incarner les interactions et interd\u00e9pendances de notre appartenance \u00e0 la nature. Ouvert \u00e0 tous, sans distinction de culture, d\u2019\u00e2ge, de milieux sociales.<\/p>\n<p><em><strong>Tous les ateliers et animations propos\u00e9s, sont gratuits, ludiques, p\u00e9dagogiques, participatifs.<\/strong><\/em><\/p>\n<p>Pour apprendre, il suffit de venir avec votre bonne humeur, d\u2019observer. Pour r\u00e9aliser, il suffit de ramener le mat\u00e9riel n\u00e9cessaire \u00e0 la r\u00e9alisation de l\u2019atelier et de vous laissez accompagner.<\/p>\n<ul>\n<li><strong>Grainoth\u00e8que :<\/strong> apportez des graines fertiles ou rien, repartez avec les tr\u00e9sors trouv\u00e9s<\/li>\n<li><strong>Pollinise ton terrien\u00a0:<\/strong> retrouvez votre \u00e2me d\u2019enfant, un jeu de relience au moyen d\u2019une pince \u00e0 linge accroch\u00e9e \u00e0 un petit paquet de graines, votre message pour l\u2019univers, accrochez le discr\u00e8tement sur un terrien, et laissez les graines de vie faire leur chemin.<\/li>\n<li><strong>Peinture \u00e0 la farine<\/strong> (su\u00e9doise ) sur rocket stove<\/li>\n<li><strong>Bulles2graines\u00a0:<\/strong> de l\u2019argile, un peu de terreau, des graines s\u2019aimer et lancer<\/li>\n<li><strong>D\u00e9monstration fabrication produits naturels d\u2019hygi\u00e8ne, d\u2019entretien et z\u00e9ro d\u00e9chet\u00a0:<\/strong> Tawashi (\u00e9ponge japonaise), dentifrice, produit vaisselle, cr\u00e8me \u00e0 r\u00e9curer<\/li>\n<\/ul>\n","protected":false},"excerpt":{"rendered":"<p>Le mouvement des INCROYABLES COMESTIBLES a pris racine \u00e0 Poitiers en 2012.. Nous avons commenc\u00e9 par des dons de l\u00e9gumes du jardin gratuits dans l\u2019espace public et \u00e9v\u00e9nements. Tr\u00e8s rapidement, nous nous sommes int\u00e9ress\u00e9s \u00e0 la permaculture pour la conception de nos espaces nourriciers urbains pour cr\u00e9er des syst\u00e8mes r\u00e9silients dans l\u2019espace public pour que&hellip; <\/p>\n","protected":false},"author":1,"featured_media":0,"parent":0,"menu_order":0,"comment_status":"closed","ping_status":"closed","template":"","meta":{"_monsterinsights_skip_tracking":false,"_monsterinsights_sitenote_active":false,"_monsterinsights_sitenote_note":"","_monsterinsights_sitenote_category":0,"footnotes":""},"class_list":["post-5103","page","type-page","status-publish","hentry"],"yoast_head":"<!-- This site is optimized with the Yoast SEO plugin v27.3 - https:\/\/yoast.com\/product\/yoast-seo-wordpress\/ -->\n<title>Espace Jardin &amp; Nature - Salon RESPIRE LA VIE Poitiers<\/title>\n<meta name=\"robots\" content=\"index, follow, max-snippet:-1, max-image-preview:large, max-video-preview:-1\" \/>\n<link rel=\"canonical\" href=\"https:\/\/www.respirelavie.fr\/poitiers\/espace-jardin-nature\/\" \/>\n<meta property=\"og:locale\" content=\"fr_FR\" \/>\n<meta property=\"og:type\" content=\"article\" \/>\n<meta property=\"og:title\" content=\"Espace Jardin &amp; Nature - Salon RESPIRE LA VIE Poitiers\" \/>\n<meta property=\"og:description\" content=\"Le mouvement des INCROYABLES COMESTIBLES a pris racine \u00e0 Poitiers en 2012.. Nous avons commenc\u00e9 par des dons de l\u00e9gumes du jardin gratuits dans l\u2019espace public et \u00e9v\u00e9nements. Tr\u00e8s rapidement, nous nous sommes int\u00e9ress\u00e9s \u00e0 la permaculture pour la conception de nos espaces nourriciers urbains pour cr\u00e9er des syst\u00e8mes r\u00e9silients dans l\u2019espace public pour que&hellip;\" \/>\n<meta property=\"og:url\" content=\"https:\/\/www.respirelavie.fr\/poitiers\/espace-jardin-nature\/\" \/>\n<meta property=\"og:site_name\" content=\"Salon RESPIRE LA VIE Poitiers\" \/>\n<meta property=\"article:modified_time\" content=\"2018-09-10T16:29:09+00:00\" \/>\n<meta name=\"twitter:card\" content=\"summary_large_image\" \/>\n<meta name=\"twitter:label1\" content=\"Dur\u00e9e de lecture estim\u00e9e\" \/>\n\t<meta name=\"twitter:data1\" content=\"2 minutes\" \/>\n<script type=\"application\/ld+json\" class=\"yoast-schema-graph\">{\"@context\":\"https:\\\/\\\/schema.org\",\"@graph\":[{\"@type\":\"WebPage\",\"@id\":\"https:\\\/\\\/www.respirelavie.fr\\\/poitiers\\\/espace-jardin-nature\\\/\",\"url\":\"https:\\\/\\\/www.respirelavie.fr\\\/poitiers\\\/espace-jardin-nature\\\/\",\"name\":\"Espace Jardin & Nature - Salon RESPIRE LA VIE Poitiers\",\"isPartOf\":{\"@id\":\"https:\\\/\\\/www.respirelavie.fr\\\/poitiers\\\/#website\"},\"datePublished\":\"2018-09-10T09:09:06+00:00\",\"dateModified\":\"2018-09-10T16:29:09+00:00\",\"breadcrumb\":{\"@id\":\"https:\\\/\\\/www.respirelavie.fr\\\/poitiers\\\/espace-jardin-nature\\\/#breadcrumb\"},\"inLanguage\":\"fr-FR\",\"potentialAction\":[{\"@type\":\"ReadAction\",\"target\":[\"https:\\\/\\\/www.respirelavie.fr\\\/poitiers\\\/espace-jardin-nature\\\/\"]}]},{\"@type\":\"BreadcrumbList\",\"@id\":\"https:\\\/\\\/www.respirelavie.fr\\\/poitiers\\\/espace-jardin-nature\\\/#breadcrumb\",\"itemListElement\":[{\"@type\":\"ListItem\",\"position\":1,\"name\":\"Accueil\",\"item\":\"https:\\\/\\\/www.respirelavie.fr\\\/poitiers\\\/\"},{\"@type\":\"ListItem\",\"position\":2,\"name\":\"Espace Jardin &#038; Nature\"}]},{\"@type\":\"WebSite\",\"@id\":\"https:\\\/\\\/www.respirelavie.fr\\\/poitiers\\\/#website\",\"url\":\"https:\\\/\\\/www.respirelavie.fr\\\/poitiers\\\/\",\"name\":\"Salon RESPIRE LA VIE Poitiers\",\"description\":\"RESPIRE : votre salon bio, bien-\u00eatre et habitat sain \u00e0 Poitiers\",\"publisher\":{\"@id\":\"https:\\\/\\\/www.respirelavie.fr\\\/poitiers\\\/#organization\"},\"potentialAction\":[{\"@type\":\"SearchAction\",\"target\":{\"@type\":\"EntryPoint\",\"urlTemplate\":\"https:\\\/\\\/www.respirelavie.fr\\\/poitiers\\\/?s={search_term_string}\"},\"query-input\":{\"@type\":\"PropertyValueSpecification\",\"valueRequired\":true,\"valueName\":\"search_term_string\"}}],\"inLanguage\":\"fr-FR\"},{\"@type\":\"Organization\",\"@id\":\"https:\\\/\\\/www.respirelavie.fr\\\/poitiers\\\/#organization\",\"name\":\"Salon RESPIRE LA VIE Poitiers\",\"url\":\"https:\\\/\\\/www.respirelavie.fr\\\/poitiers\\\/\",\"logo\":{\"@type\":\"ImageObject\",\"inLanguage\":\"fr-FR\",\"@id\":\"https:\\\/\\\/www.respirelavie.fr\\\/poitiers\\\/#\\\/schema\\\/logo\\\/image\\\/\",\"url\":\"https:\\\/\\\/www.respirelavie.fr\\\/poitiers\\\/wp-content\\\/uploads\\\/sites\\\/3\\\/2024\\\/03\\\/Logo-RESPIRE-LA-VIE-poitiers.jpg\",\"contentUrl\":\"https:\\\/\\\/www.respirelavie.fr\\\/poitiers\\\/wp-content\\\/uploads\\\/sites\\\/3\\\/2024\\\/03\\\/Logo-RESPIRE-LA-VIE-poitiers.jpg\",\"width\":470,\"height\":262,\"caption\":\"Salon RESPIRE LA VIE Poitiers\"},\"image\":{\"@id\":\"https:\\\/\\\/www.respirelavie.fr\\\/poitiers\\\/#\\\/schema\\\/logo\\\/image\\\/\"}}]}<\/script>\n<!-- \/ Yoast SEO plugin. -->","yoast_head_json":{"title":"Espace Jardin & Nature - Salon RESPIRE LA VIE Poitiers","robots":{"index":"index","follow":"follow","max-snippet":"max-snippet:-1","max-image-preview":"max-image-preview:large","max-video-preview":"max-video-preview:-1"},"canonical":"https:\/\/www.respirelavie.fr\/poitiers\/espace-jardin-nature\/","og_locale":"fr_FR","og_type":"article","og_title":"Espace Jardin & Nature - Salon RESPIRE LA VIE Poitiers","og_description":"Le mouvement des INCROYABLES COMESTIBLES a pris racine \u00e0 Poitiers en 2012.. Nous avons commenc\u00e9 par des dons de l\u00e9gumes du jardin gratuits dans l\u2019espace public et \u00e9v\u00e9nements. Tr\u00e8s rapidement, nous nous sommes int\u00e9ress\u00e9s \u00e0 la permaculture pour la conception de nos espaces nourriciers urbains pour cr\u00e9er des syst\u00e8mes r\u00e9silients dans l\u2019espace public pour que&hellip;","og_url":"https:\/\/www.respirelavie.fr\/poitiers\/espace-jardin-nature\/","og_site_name":"Salon RESPIRE LA VIE Poitiers","article_modified_time":"2018-09-10T16:29:09+00:00","twitter_card":"summary_large_image","twitter_misc":{"Dur\u00e9e de lecture estim\u00e9e":"2 minutes"},"schema":{"@context":"https:\/\/schema.org","@graph":[{"@type":"WebPage","@id":"https:\/\/www.respirelavie.fr\/poitiers\/espace-jardin-nature\/","url":"https:\/\/www.respirelavie.fr\/poitiers\/espace-jardin-nature\/","name":"Espace Jardin & Nature - Salon RESPIRE LA VIE Poitiers","isPartOf":{"@id":"https:\/\/www.respirelavie.fr\/poitiers\/#website"},"datePublished":"2018-09-10T09:09:06+00:00","dateModified":"2018-09-10T16:29:09+00:00","breadcrumb":{"@id":"https:\/\/www.respirelavie.fr\/poitiers\/espace-jardin-nature\/#breadcrumb"},"inLanguage":"fr-FR","potentialAction":[{"@type":"ReadAction","target":["https:\/\/www.respirelavie.fr\/poitiers\/espace-jardin-nature\/"]}]},{"@type":"BreadcrumbList","@id":"https:\/\/www.respirelavie.fr\/poitiers\/espace-jardin-nature\/#breadcrumb","itemListElement":[{"@type":"ListItem","position":1,"name":"Accueil","item":"https:\/\/www.respirelavie.fr\/poitiers\/"},{"@type":"ListItem","position":2,"name":"Espace Jardin &#038; Nature"}]},{"@type":"WebSite","@id":"https:\/\/www.respirelavie.fr\/poitiers\/#website","url":"https:\/\/www.respirelavie.fr\/poitiers\/","name":"Salon RESPIRE LA VIE Poitiers","description":"RESPIRE : votre salon bio, bien-\u00eatre et habitat sain \u00e0 Poitiers","publisher":{"@id":"https:\/\/www.respirelavie.fr\/poitiers\/#organization"},"potentialAction":[{"@type":"SearchAction","target":{"@type":"EntryPoint","urlTemplate":"https:\/\/www.respirelavie.fr\/poitiers\/?s={search_term_string}"},"query-input":{"@type":"PropertyValueSpecification","valueRequired":true,"valueName":"search_term_string"}}],"inLanguage":"fr-FR"},{"@type":"Organization","@id":"https:\/\/www.respirelavie.fr\/poitiers\/#organization","name":"Salon RESPIRE LA VIE Poitiers","url":"https:\/\/www.respirelavie.fr\/poitiers\/","logo":{"@type":"ImageObject","inLanguage":"fr-FR","@id":"https:\/\/www.respirelavie.fr\/poitiers\/#\/schema\/logo\/image\/","url":"https:\/\/www.respirelavie.fr\/poitiers\/wp-content\/uploads\/sites\/3\/2024\/03\/Logo-RESPIRE-LA-VIE-poitiers.jpg","contentUrl":"https:\/\/www.respirelavie.fr\/poitiers\/wp-content\/uploads\/sites\/3\/2024\/03\/Logo-RESPIRE-LA-VIE-poitiers.jpg","width":470,"height":262,"caption":"Salon RESPIRE LA VIE Poitiers"},"image":{"@id":"https:\/\/www.respirelavie.fr\/poitiers\/#\/schema\/logo\/image\/"}}]}},"_links":{"self":[{"href":"https:\/\/www.respirelavie.fr\/poitiers\/wp-json\/wp\/v2\/pages\/5103","targetHints":{"allow":["GET"]}}],"collection":[{"href":"https:\/\/www.respirelavie.fr\/poitiers\/wp-json\/wp\/v2\/pages"}],"about":[{"href":"https:\/\/www.respirelavie.fr\/poitiers\/wp-json\/wp\/v2\/types\/page"}],"author":[{"embeddable":true,"href":"https:\/\/www.respirelavie.fr\/poitiers\/wp-json\/wp\/v2\/users\/1"}],"replies":[{"embeddable":true,"href":"https:\/\/www.respirelavie.fr\/poitiers\/wp-json\/wp\/v2\/comments?post=5103"}],"version-history":[{"count":0,"href":"https:\/\/www.respirelavie.fr\/poitiers\/wp-json\/wp\/v2\/pages\/5103\/revisions"}],"wp:attachment":[{"href":"https:\/\/www.respirelavie.fr\/poitiers\/wp-json\/wp\/v2\/media?parent=5103"}],"curies":[{"name":"wp","href":"https:\/\/api.w.org\/{rel}","templated":true}]}}