{"id":7284,"date":"2020-03-18T17:09:26","date_gmt":"2020-03-18T16:09:26","guid":{"rendered":"https:\/\/www.respirelavie.fr\/poitiers\/?page_id=7284"},"modified":"2020-03-18T17:09:26","modified_gmt":"2020-03-18T16:09:26","slug":"conferences-2019","status":"publish","type":"page","link":"https:\/\/www.respirelavie.fr\/poitiers\/conferences-2019\/","title":{"rendered":"Conf\u00e9rences 2019"},"content":{"rendered":"<p>Plus de 45 conf\u00e9rences sont organis\u00e9es pour permettre au public de d\u00e9couvrir et mieux comprendre les m\u00e9thodes et les produits pr\u00e9sent\u00e9s sur le salon.<\/p>\n<p><span style=\"color: #55a932;\"><strong>Salle VIENNE<\/strong><\/span><br \/>\n<span style=\"color: #00a6e2;\"><strong>Salle POITOU<\/strong><\/span><br \/>\n<span style=\"color: #f56f0b;\"><strong>Salle GARGANTUA<\/strong><\/span><\/p>\n<p><span style=\"font-size: 14pt;\"><strong>VENDREDI 22 NOVEMBRE 2019<\/strong><\/span><\/p><div id=\"respi-1832815761\" class=\"respi-contenu respi-entity-placement\"><script async src=\"\/\/pagead2.googlesyndication.com\/pagead\/js\/adsbygoogle.js?client=ca-pub-7511070832818284\" crossorigin=\"anonymous\"><\/script><ins class=\"adsbygoogle\" style=\"display:block;\" data-ad-client=\"ca-pub-7511070832818284\" \ndata-ad-slot=\"4196289901\" \ndata-ad-format=\"auto\"><\/ins>\n<script> \n(adsbygoogle = window.adsbygoogle || []).push({}); \n<\/script>\n<\/div>\n<p><span style=\"color: #55a932;\"><strong>11:00 <\/strong><\/span>L&rsquo;incoh\u00e9rence nutritionnelle et les fl\u00e9aux . alimentaires \u00e0 la base de la d\u00e9g\u00e9n\u00e9rescence cellulaire : explications et solutions \u2013 <span style=\"color: #808080;\"><em>Luc Le Metayer-Landre<br \/>\n<\/em><\/span><span style=\"color: #00a6e2;\"><strong>11:50 <\/strong><\/span>Les bols de cristal et les diff\u00e9rents outils cristal \u00a0\u2013 <em><span style=\"color: #808080;\">Alain M\u00e9traux <\/span><br \/>\n<\/em><span style=\"color: #00a6e2;\"><strong>12:50<\/strong><\/span> Min\u00e9raux: Pourquoi ? Gemmologie \/ Comment ? Lithoth\u00e9rapie \u2013 <em><span style=\"color: #808080;\">Jean-Claude Kennedec<\/span><br \/>\n<\/em><span style=\"color: #55a932;\"><strong>13:30 <\/strong><\/span>Hypnose th\u00e9rapeutique. Dialoguez avec votre inconscient\u00a0\u2013 <span style=\"color: #808080;\"><em>Yolanda Vidal Fernandez<\/em><\/span><br \/>\n<span style=\"color: #00a6e2;\"><strong>13:50<\/strong><\/span><em> L&rsquo;approche naturopathique et quantique de la sant\u00e9 : d\u00e9toxination, \u00e9quilibre acido-basique \u2013 <span style=\"color: #808080;\">Philippe Cleyet-Merle<\/span><br \/>\n<\/em><span style=\"color: #f56f0b;\"><strong>14:00 <\/strong><\/span>Incroyable pouvoir de l&rsquo;acupuncture ! Quelle acupuncture pour am\u00e9liorer la sant\u00e9 au quotidien ?\u00a0\u2013 <em><span style=\"color: #808080;\">Lee Won<\/span><br \/>\n<\/em><span style=\"color: #55a932;\"><strong>14:30<\/strong><\/span> Les plantes sauvages au service de nos douleurs et de notre sant\u00e9 \u2013 <span style=\"color: #808080;\"><em>Jean-Pol Clesse<\/em><\/span><br \/>\n<span style=\"color: #00a6e2;\"><strong>14:50<\/strong> <\/span><em>Accompagner le l\u00e2cher-prise au quotidien avec l&rsquo;aide des cristaux \u2013 <span style=\"color: #808080;\">Wydiane Khaoua<\/span><br \/>\n<\/em><span style=\"color: #f56f0b;\"><strong>15:00<\/strong><\/span> Orgonites, Protection des ondes \u00e9lectromagn\u00e9tiques et g\u00e9obiologie \u2013 <em><span style=\"color: #808080;\">Thierry Hermann<\/span><br \/>\n<\/em><span style=\"color: #00a6e2;\"><strong>15:50<\/strong><\/span><em> Interaction des plantes et des organes\u00a0\u00bb pour restaurer la sant\u00e9 \u2013 <span style=\"color: #808080;\">Michel Provost<\/span><br \/>\n<\/em><strong><span style=\"color: #f56f0b;\">16:00<\/span>\u00a0<\/strong>Le merveilleux pouvoir de votre inconscient\u00a0\u2013 <span style=\"color: #808080;\"><em>Lionel Agullo<\/em><\/span><br \/>\n<strong><span style=\"color: #00a6e2;\">16:50<\/span>\u00a0<\/strong>Coaching : douce excellence !\u00a0\u2013 <span style=\"color: #808080;\"><em>Anne-Marie Texier<\/em><\/span><br \/>\n<span style=\"color: #f56f0b;\"><strong>17:00<\/strong><\/span> Comment avoir une nutrition saine \u2013 <span style=\"color: #808080;\"><em>Jean-Claude Berton<\/em> <\/span><br \/>\n<span style=\"color: #00a6e2;\"><strong>17:50<\/strong><\/span> La sophro-analyse des m\u00e9moires pr\u00e9natales et de l&rsquo;Eveil \u2013<em> <span style=\"color: #808080;\">Evelyne Machelard<br \/>\n<\/span><\/em><span style=\"color: #808080;\"><span style=\"color: #55a932;\"><strong>18:00<\/strong><\/span> <\/span>L&rsquo;impact des ondes sur la sant\u00e9 &#8211; <em><span style=\"color: #808080;\">C\u00e9cile Morfouace<br \/>\n<\/span><\/em><span style=\"color: #f56f0b;\"><strong>18:00<\/strong><\/span> Aider des personnes \u00e0 se lib\u00e9rer de leur(s) d\u00e9pendance(s) avec la m\u00e9thode ADIOS\u00ae \/ Cr\u00e9er un Institut ADIOS\u00ae \u2013 <span style=\"color: #808080;\"><em>Jo\u00ebl Talarmin<\/em><\/span><\/p>\n<p><span style=\"font-size: 14pt;\"><strong>SAMEDI 23 NOVEMBRE 2019<\/strong><\/span><\/p>\n<p><span style=\"color: #00a6e2;\"><strong>10:50 <\/strong><\/span>Le merveilleux pouvoir de votre inconscient \u2013 <span style=\"color: #808080;\"><em>Lionel Agullo<\/em><\/span><br \/>\n<span style=\"color: #55a932;\"><strong>11:00 <\/strong><\/span>La respiration Lib\u00e9ratrice \u2013 <span style=\"color: #808080;\"><em>T\u00e9li Diarra<\/em><\/span><br \/>\n<span style=\"color: #00a6e2;\"><strong>11:50 <\/strong><\/span>Comment m\u00e9diter chez vous ?\u00a0 \u2013 <span style=\"color: #808080;\"><em>Anne-Marie Texier<\/em><\/span> <em><br \/>\n<\/em><span style=\"color: #00a6e2;\"><strong>12:50<\/strong><\/span> Habitat &amp; \u00e9nergies \u2013 <em><span style=\"color: #808080;\">Marc Tricot et Carole Mondon<\/span><br \/>\n<\/em><span style=\"color: #55a932;\"><strong>13:30 <\/strong><\/span>Hypnose th\u00e9rapeutique. Dialoguez avec votre inconscient\u00a0\u2013 <span style=\"color: #808080;\"><em>Yolanda Vidal Fernandez<\/em><\/span><br \/>\n<span style=\"color: #00a6e2;\"><strong>13:50<\/strong><\/span><em> Orgonites, Protection des ondes \u00e9lectromagn\u00e9tiques et g\u00e9obiologie \u2013 <span style=\"color: #808080;\">Thierry Hermann\u00a0<\/span><br \/>\n<\/em><span style=\"color: #f56f0b;\"><strong>14:00 <\/strong><\/span>Les gongs\u00a0\u2013 <em><span style=\"color: #808080;\">Alain M\u00e9traux<\/span><br \/>\n<\/em><span style=\"color: #00a6e2;\"><strong>14<\/strong><strong>:50<\/strong><\/span><em> M\u00e9thode Demelt &#8211; th\u00e9rapie globale \u2013 <span style=\"color: #808080;\">David Garcia<\/span><br \/>\n<\/em><span style=\"color: #f56f0b;\"><strong>15:00<\/strong><\/span> Min\u00e9raux: Pourquoi ? Gemmologie \/ Comment ? Lithoth\u00e9rapie \u2013 <span style=\"color: #808080;\"><em>Jean-Claude Kennedec<\/em><\/span><br \/>\n<span style=\"color: #55a932;\"><strong>15:30 <\/strong><\/span>Les dangers de la chimie de synth\u00e8se pour la terre et tous ses habitants: une approche simple et compr\u00e9hensible par tous \u2013 <span style=\"color: #808080;\"><em>Bernard Briaud<\/em><\/span><br \/>\n<span style=\"color: #00a6e2;\"><strong>15:50<\/strong> <\/span><em>Comment agir contre les tensions musculaires de la t\u00eate, de la nuque et du dos \u2013 <span style=\"color: #808080;\">Alfred Pfennig<\/span><br \/>\n<\/em><strong><span style=\"color: #f56f0b;\">16:00<\/span>\u00a0<\/strong>Les plantes sauvages au service de nos douleurs et de notre sant\u00e9\u00a0\u2013<span style=\"color: #808080;\"><em> Jean-Pol Clesse<\/em><\/span><br \/>\n<span style=\"color: #00a6e2;\"><strong>16:50 <\/strong><\/span>L&rsquo;approche naturopathique et quantique de la sant\u00e9 : d\u00e9toxination, \u00e9quilibre acido-basique\u00a0\u2013 <em><span style=\"color: #808080;\">Philippe Cleyet-Merle<\/span> <\/em><br \/>\n<span style=\"color: #f56f0b;\"><strong>17:00<\/strong><\/span> Les 12 pierres essentielles en lithoth\u00e9rapie pour am\u00e9liorer son bien-\u00eatre au quotidien \u2013 <span style=\"color: #808080;\"><em>Wydiane Khaoua<\/em>\u00a0<\/span><br \/>\n<span style=\"color: #00a6a6;\"><strong><span style=\"color: #00a6e2;\">17:50<\/span>\u00a0<\/strong><\/span>La qualit\u00e9 alimentaire<em> \u2013\u00a0<span style=\"color: #808080;\">Michel Provost<\/span><br \/>\n<\/em><span style=\"color: #55a932;\"><strong>18:00<\/strong><\/span> Consommer en pleine conscience avec les rep\u00e8res du go\u00fbt \u2013 <span style=\"color: #808080;\"><em>Jean-claude Berton<\/em><\/span><br \/>\n<span style=\"color: #f56f0b;\"><strong>18:00 <\/strong><\/span>Le poids du pass\u00e9 de l&rsquo;enfance agit sur notre quotidien. Qi gong M\u00e9ditation \u2013 <span style=\"color: #808080;\"><em>Lucie D&rsquo;Orio<\/em><\/span><\/p>\n<p><strong><span style=\"font-size: 14pt;\">DIMANCHE 24 NOVEMBRE 2019<\/span><\/strong><\/p>\n<p><span style=\"color: #00a6e2;\"><strong>10:50 <\/strong><\/span>Orgonites, Protection des ondes \u00e9lectromagn\u00e9tiques et g\u00e9obiologie<em> \u2013 <span style=\"color: #808080;\">Thierry Hermann<\/span><\/em><br \/>\n<span style=\"color: #55a932;\"><strong>11:00 <\/strong><\/span>Hypnose th\u00e9rapeutique. Dialoguez avec votre inconscient\u00a0\u2013 <span style=\"color: #808080;\"><em>Yolanda Vidal Fernandez<\/em><\/span><br \/>\n<span style=\"color: #00a6e2;\"><strong>12:50<\/strong><\/span> Les bols tib\u00e9tains \u2013 Alain M\u00e9traux\u00a0<em><br \/>\n<\/em><span style=\"color: #55a932;\"><strong>13:30 <\/strong><\/span>Comment agir contre les tensions musculaires de la t\u00eate, de la nuque et du dos<em> \u2013 <span style=\"color: #808080;\">Alfred Pfennig<\/span><\/em><br \/>\n<span style=\"color: #00a6e2;\"><strong>13:50<\/strong><\/span> Incroyable pouvoir de l&rsquo;acupuncture ! Quelle acupuncture pour am\u00e9liorer la sant\u00e9 au quotidien ?<em> <span style=\"color: #808080;\">Lee Won<\/span><br \/>\n<\/em><span style=\"color: #f56f0b;\"><strong>14:00 <\/strong><\/span>Les plantes sauvages au service de nos douleurs et de notre sant\u00e9\u00a0\u2013<span style=\"color: #808080;\"><em> Jean-Pol Clesse<br \/>\n<\/em><\/span><span style=\"color: #55a932;\"><strong>14:30 <\/strong><\/span>Prendre soin de sa sant\u00e9 avec le Reiki traditionnel Usui \u2013 <em><span style=\"color: #808080;\">Marie-Pierre Boudet\u00a0<\/span><br \/>\n<\/em><span style=\"color: #00a6e2;\"><strong>14<\/strong><strong>:50<\/strong><\/span> Pleine conscience et s\u00e9r\u00e9nit\u00e9<em> \u2013 <span style=\"color: #808080;\">Anne-Marie Texier<\/span><br \/>\n<\/em><span style=\"color: #f56f0b;\"><strong>15:00<\/strong><\/span> Consommer en peine conscience avec les rep\u00e8res du go\u00fbt \u2013 <em><span style=\"color: #808080;\">Jean-claude Berton<\/span> <\/em><br \/>\n<span style=\"color: #55a932;\"><strong>15:30 <\/strong><\/span>Le yoga des yeux : comment pr\u00e9server et fortifier sa vision \u00a0\u2013 <span style=\"color: #808080;\"><em>Philippe Cleyet-Merle<\/em><\/span><br \/>\n<span style=\"color: #00a6e2;\"><strong>15:50<\/strong><\/span><em> Am\u00e9liorer l&rsquo;intuition et la confiance en soi avec l&rsquo;aide des cristaux \u2013 <span style=\"color: #808080;\">Wydiane Khaoua<\/span><br \/>\n<\/em><strong><span style=\"color: #f56f0b;\">16:00<\/span>\u00a0<\/strong>Le merveilleux pouvoir de votre inconscient\u00a0\u2013<span style=\"color: #808080;\"><em> Lionel Agullo<\/em><\/span><br \/>\n<span style=\"color: #00a6e2;\"><strong>16:50 <\/strong><\/span>L\u2019EPSC &#8211; Pr\u00e9sentation des formations en sant\u00e9 pour les pro et les projets en reconversion\u00a0\u2013 <span style=\"color: #808080;\"><em>David Garcia<br \/>\n<\/em><\/span><strong><span style=\"color: #f56f0b;\">17:00<\/span> <\/strong>Comment \u00e9purer nos structures organiques et humorales avec une alimentation v\u00e9g\u00e9tale, vibratoire et coh\u00e9rente \u2013<span style=\"color: #808080;\"><em> Luc Le Metayer-Landre<\/em><\/span><br \/>\n<strong><span style=\"color: #00a6e2;\">17:50<\/span>\u00a0<\/strong>L&rsquo;\u00e9lectroth\u00e9rapie et l&rsquo;\u00e9nergie scalaire<em>\u00a0\u2013 <span style=\"color: #808080;\">Michel Provost<br \/>\n<\/span><\/em><span style=\"color: #55a932;\"><strong>18:00 <\/strong><\/span>L&rsquo;\u00e9tiopathie, th\u00e9rapie manuelle de soins\u00a0 \u2013 <span style=\"color: #808080;\"><em>Guillaume Galenne<\/em><\/span><\/p>\n<p>&nbsp;<\/p>\n<h3><\/h3>\n<p>&nbsp;<\/p>\n","protected":false},"excerpt":{"rendered":"<p>Plus de 45 conf\u00e9rences sont organis\u00e9es pour permettre au public de d\u00e9couvrir et mieux comprendre les m\u00e9thodes et les produits pr\u00e9sent\u00e9s sur le salon. Salle VIENNE Salle POITOU Salle GARGANTUA VENDREDI 22 NOVEMBRE 2019 11:00 L&rsquo;incoh\u00e9rence nutritionnelle et les fl\u00e9aux . alimentaires \u00e0 la base de la d\u00e9g\u00e9n\u00e9rescence cellulaire : explications et solutions \u2013 Luc&hellip; <\/p>\n","protected":false},"author":1,"featured_media":0,"parent":0,"menu_order":0,"comment_status":"closed","ping_status":"closed","template":"","meta":{"_monsterinsights_skip_tracking":false,"_monsterinsights_sitenote_active":false,"_monsterinsights_sitenote_note":"","_monsterinsights_sitenote_category":0,"footnotes":""},"class_list":["post-7284","page","type-page","status-publish","hentry"],"yoast_head":"<!-- This site is optimized with the Yoast SEO plugin v27.5 - https:\/\/yoast.com\/product\/yoast-seo-wordpress\/ -->\n<title>Conf\u00e9rences 2019 - Salon RESPIRE LA VIE Poitiers<\/title>\n<meta name=\"robots\" content=\"index, follow, max-snippet:-1, max-image-preview:large, max-video-preview:-1\" \/>\n<link rel=\"canonical\" href=\"http:\/\/www.respirelavie.fr\/poitiers\/conferences-2019\/\" \/>\n<meta property=\"og:locale\" content=\"fr_FR\" \/>\n<meta property=\"og:type\" content=\"article\" \/>\n<meta property=\"og:title\" content=\"Conf\u00e9rences 2019 - Salon RESPIRE LA VIE Poitiers\" \/>\n<meta property=\"og:description\" content=\"Plus de 45 conf\u00e9rences sont organis\u00e9es pour permettre au public de d\u00e9couvrir et mieux comprendre les m\u00e9thodes et les produits pr\u00e9sent\u00e9s sur le salon. Salle VIENNE Salle POITOU Salle GARGANTUA VENDREDI 22 NOVEMBRE 2019 11:00 L&rsquo;incoh\u00e9rence nutritionnelle et les fl\u00e9aux . alimentaires \u00e0 la base de la d\u00e9g\u00e9n\u00e9rescence cellulaire : explications et solutions \u2013 Luc&hellip;\" \/>\n<meta property=\"og:url\" content=\"http:\/\/www.respirelavie.fr\/poitiers\/conferences-2019\/\" \/>\n<meta property=\"og:site_name\" content=\"Salon RESPIRE LA VIE Poitiers\" \/>\n<meta name=\"twitter:card\" content=\"summary_large_image\" \/>\n<meta name=\"twitter:label1\" content=\"Dur\u00e9e de lecture estim\u00e9e\" \/>\n\t<meta name=\"twitter:data1\" content=\"3 minutes\" \/>\n<script type=\"application\/ld+json\" class=\"yoast-schema-graph\">{\"@context\":\"https:\\\/\\\/schema.org\",\"@graph\":[{\"@type\":\"WebPage\",\"@id\":\"http:\\\/\\\/www.respirelavie.fr\\\/poitiers\\\/conferences-2019\\\/\",\"url\":\"http:\\\/\\\/www.respirelavie.fr\\\/poitiers\\\/conferences-2019\\\/\",\"name\":\"Conf\u00e9rences 2019 - Salon RESPIRE LA VIE Poitiers\",\"isPartOf\":{\"@id\":\"https:\\\/\\\/www.respirelavie.fr\\\/poitiers\\\/#website\"},\"datePublished\":\"2020-03-18T16:09:26+00:00\",\"breadcrumb\":{\"@id\":\"http:\\\/\\\/www.respirelavie.fr\\\/poitiers\\\/conferences-2019\\\/#breadcrumb\"},\"inLanguage\":\"fr-FR\",\"potentialAction\":[{\"@type\":\"ReadAction\",\"target\":[\"http:\\\/\\\/www.respirelavie.fr\\\/poitiers\\\/conferences-2019\\\/\"]}]},{\"@type\":\"BreadcrumbList\",\"@id\":\"http:\\\/\\\/www.respirelavie.fr\\\/poitiers\\\/conferences-2019\\\/#breadcrumb\",\"itemListElement\":[{\"@type\":\"ListItem\",\"position\":1,\"name\":\"Accueil\",\"item\":\"https:\\\/\\\/www.respirelavie.fr\\\/poitiers\\\/\"},{\"@type\":\"ListItem\",\"position\":2,\"name\":\"Conf\u00e9rences 2019\"}]},{\"@type\":\"WebSite\",\"@id\":\"https:\\\/\\\/www.respirelavie.fr\\\/poitiers\\\/#website\",\"url\":\"https:\\\/\\\/www.respirelavie.fr\\\/poitiers\\\/\",\"name\":\"Salon RESPIRE LA VIE Poitiers\",\"description\":\"RESPIRE : votre salon bio, bien-\u00eatre et habitat sain \u00e0 Poitiers\",\"publisher\":{\"@id\":\"https:\\\/\\\/www.respirelavie.fr\\\/poitiers\\\/#organization\"},\"potentialAction\":[{\"@type\":\"SearchAction\",\"target\":{\"@type\":\"EntryPoint\",\"urlTemplate\":\"https:\\\/\\\/www.respirelavie.fr\\\/poitiers\\\/?s={search_term_string}\"},\"query-input\":{\"@type\":\"PropertyValueSpecification\",\"valueRequired\":true,\"valueName\":\"search_term_string\"}}],\"inLanguage\":\"fr-FR\"},{\"@type\":\"Organization\",\"@id\":\"https:\\\/\\\/www.respirelavie.fr\\\/poitiers\\\/#organization\",\"name\":\"Salon RESPIRE LA VIE Poitiers\",\"url\":\"https:\\\/\\\/www.respirelavie.fr\\\/poitiers\\\/\",\"logo\":{\"@type\":\"ImageObject\",\"inLanguage\":\"fr-FR\",\"@id\":\"https:\\\/\\\/www.respirelavie.fr\\\/poitiers\\\/#\\\/schema\\\/logo\\\/image\\\/\",\"url\":\"https:\\\/\\\/www.respirelavie.fr\\\/poitiers\\\/wp-content\\\/uploads\\\/sites\\\/3\\\/2024\\\/03\\\/Logo-RESPIRE-LA-VIE-poitiers.jpg\",\"contentUrl\":\"https:\\\/\\\/www.respirelavie.fr\\\/poitiers\\\/wp-content\\\/uploads\\\/sites\\\/3\\\/2024\\\/03\\\/Logo-RESPIRE-LA-VIE-poitiers.jpg\",\"width\":470,\"height\":262,\"caption\":\"Salon RESPIRE LA VIE Poitiers\"},\"image\":{\"@id\":\"https:\\\/\\\/www.respirelavie.fr\\\/poitiers\\\/#\\\/schema\\\/logo\\\/image\\\/\"}}]}<\/script>\n<!-- \/ Yoast SEO plugin. -->","yoast_head_json":{"title":"Conf\u00e9rences 2019 - Salon RESPIRE LA VIE Poitiers","robots":{"index":"index","follow":"follow","max-snippet":"max-snippet:-1","max-image-preview":"max-image-preview:large","max-video-preview":"max-video-preview:-1"},"canonical":"http:\/\/www.respirelavie.fr\/poitiers\/conferences-2019\/","og_locale":"fr_FR","og_type":"article","og_title":"Conf\u00e9rences 2019 - Salon RESPIRE LA VIE Poitiers","og_description":"Plus de 45 conf\u00e9rences sont organis\u00e9es pour permettre au public de d\u00e9couvrir et mieux comprendre les m\u00e9thodes et les produits pr\u00e9sent\u00e9s sur le salon. Salle VIENNE Salle POITOU Salle GARGANTUA VENDREDI 22 NOVEMBRE 2019 11:00 L&rsquo;incoh\u00e9rence nutritionnelle et les fl\u00e9aux . alimentaires \u00e0 la base de la d\u00e9g\u00e9n\u00e9rescence cellulaire : explications et solutions \u2013 Luc&hellip;","og_url":"http:\/\/www.respirelavie.fr\/poitiers\/conferences-2019\/","og_site_name":"Salon RESPIRE LA VIE Poitiers","twitter_card":"summary_large_image","twitter_misc":{"Dur\u00e9e de lecture estim\u00e9e":"3 minutes"},"schema":{"@context":"https:\/\/schema.org","@graph":[{"@type":"WebPage","@id":"http:\/\/www.respirelavie.fr\/poitiers\/conferences-2019\/","url":"http:\/\/www.respirelavie.fr\/poitiers\/conferences-2019\/","name":"Conf\u00e9rences 2019 - Salon RESPIRE LA VIE Poitiers","isPartOf":{"@id":"https:\/\/www.respirelavie.fr\/poitiers\/#website"},"datePublished":"2020-03-18T16:09:26+00:00","breadcrumb":{"@id":"http:\/\/www.respirelavie.fr\/poitiers\/conferences-2019\/#breadcrumb"},"inLanguage":"fr-FR","potentialAction":[{"@type":"ReadAction","target":["http:\/\/www.respirelavie.fr\/poitiers\/conferences-2019\/"]}]},{"@type":"BreadcrumbList","@id":"http:\/\/www.respirelavie.fr\/poitiers\/conferences-2019\/#breadcrumb","itemListElement":[{"@type":"ListItem","position":1,"name":"Accueil","item":"https:\/\/www.respirelavie.fr\/poitiers\/"},{"@type":"ListItem","position":2,"name":"Conf\u00e9rences 2019"}]},{"@type":"WebSite","@id":"https:\/\/www.respirelavie.fr\/poitiers\/#website","url":"https:\/\/www.respirelavie.fr\/poitiers\/","name":"Salon RESPIRE LA VIE Poitiers","description":"RESPIRE : votre salon bio, bien-\u00eatre et habitat sain \u00e0 Poitiers","publisher":{"@id":"https:\/\/www.respirelavie.fr\/poitiers\/#organization"},"potentialAction":[{"@type":"SearchAction","target":{"@type":"EntryPoint","urlTemplate":"https:\/\/www.respirelavie.fr\/poitiers\/?s={search_term_string}"},"query-input":{"@type":"PropertyValueSpecification","valueRequired":true,"valueName":"search_term_string"}}],"inLanguage":"fr-FR"},{"@type":"Organization","@id":"https:\/\/www.respirelavie.fr\/poitiers\/#organization","name":"Salon RESPIRE LA VIE Poitiers","url":"https:\/\/www.respirelavie.fr\/poitiers\/","logo":{"@type":"ImageObject","inLanguage":"fr-FR","@id":"https:\/\/www.respirelavie.fr\/poitiers\/#\/schema\/logo\/image\/","url":"https:\/\/www.respirelavie.fr\/poitiers\/wp-content\/uploads\/sites\/3\/2024\/03\/Logo-RESPIRE-LA-VIE-poitiers.jpg","contentUrl":"https:\/\/www.respirelavie.fr\/poitiers\/wp-content\/uploads\/sites\/3\/2024\/03\/Logo-RESPIRE-LA-VIE-poitiers.jpg","width":470,"height":262,"caption":"Salon RESPIRE LA VIE Poitiers"},"image":{"@id":"https:\/\/www.respirelavie.fr\/poitiers\/#\/schema\/logo\/image\/"}}]}},"_links":{"self":[{"href":"https:\/\/www.respirelavie.fr\/poitiers\/wp-json\/wp\/v2\/pages\/7284","targetHints":{"allow":["GET"]}}],"collection":[{"href":"https:\/\/www.respirelavie.fr\/poitiers\/wp-json\/wp\/v2\/pages"}],"about":[{"href":"https:\/\/www.respirelavie.fr\/poitiers\/wp-json\/wp\/v2\/types\/page"}],"author":[{"embeddable":true,"href":"https:\/\/www.respirelavie.fr\/poitiers\/wp-json\/wp\/v2\/users\/1"}],"replies":[{"embeddable":true,"href":"https:\/\/www.respirelavie.fr\/poitiers\/wp-json\/wp\/v2\/comments?post=7284"}],"version-history":[{"count":0,"href":"https:\/\/www.respirelavie.fr\/poitiers\/wp-json\/wp\/v2\/pages\/7284\/revisions"}],"wp:attachment":[{"href":"https:\/\/www.respirelavie.fr\/poitiers\/wp-json\/wp\/v2\/media?parent=7284"}],"curies":[{"name":"wp","href":"https:\/\/api.w.org\/{rel}","templated":true}]}}