{"id":7294,"date":"2020-03-18T17:15:22","date_gmt":"2020-03-18T16:15:22","guid":{"rendered":"https:\/\/www.respirelavie.fr\/poitiers\/?page_id=7294"},"modified":"2020-03-18T17:15:22","modified_gmt":"2020-03-18T16:15:22","slug":"bougez-zen-2019","status":"publish","type":"page","link":"https:\/\/www.respirelavie.fr\/poitiers\/bougez-zen-2019\/","title":{"rendered":"Bougez Zen 2019"},"content":{"rendered":"<p><strong><span style=\"color: #e8ac12;\">Espace des CH\u00c2LONS<\/span><br \/>\n<\/strong><\/p>\n<p><span style=\"font-size: 14pt;\"><strong>VENDREDI 22 NOVEMBRE 2019<\/strong><\/span><\/p>\n<p><span style=\"color: #e8ac12;\"><strong>10:30<\/strong> <\/span>Tai chi Chuan &#8211; L&rsquo;\u00e9nergie \u2013 <em><span style=\"color: #808080;\">Institut du Petit Dragon <\/span><br \/>\n<\/em><span style=\"color: #e8ac12;\"><strong>13:30<\/strong><\/span> Self-Shiatsu ou l&rsquo;art de l&rsquo;auto-massage japonais \u2013 <em><span style=\"color: #808080;\">Antoine Di Novi<\/span><br \/>\n<\/em><span style=\"color: #e8ac12;\"><strong>15:00<\/strong><\/span> Hatha Yoga \u2013 <em><span style=\"color: #808080;\">Nadine Fort<\/span><\/em> <em><br \/>\n<\/em><span style=\"color: #e8ac12;\"><strong>16:30<\/strong><\/span> Yoga Vedanta selon la tradition Sivananda \u2013 <em><span style=\"color: #808080;\">Tatiana Morgade<\/span><br \/>\n<\/em><\/p><div id=\"respi-1338673860\" class=\"respi-contenu respi-entity-placement\"><script async src=\"\/\/pagead2.googlesyndication.com\/pagead\/js\/adsbygoogle.js?client=ca-pub-7511070832818284\" crossorigin=\"anonymous\"><\/script><ins class=\"adsbygoogle\" style=\"display:block;\" data-ad-client=\"ca-pub-7511070832818284\" \ndata-ad-slot=\"4196289901\" \ndata-ad-format=\"auto\"><\/ins>\n<script> \n(adsbygoogle = window.adsbygoogle || []).push({}); \n<\/script>\n<\/div>\n<p><span style=\"font-size: 14pt;\"><strong>SAMEDI 23 NOVEMBRE 2019<\/strong><\/span><\/p>\n<p><span style=\"color: #e8ac12;\"><strong>10:30<\/strong><\/span> Tai chi Chuan &#8211; L&rsquo;\u00e9nergie \u2013 <span style=\"color: #808080;\"><em>Institut du Petit Dragon<\/em><\/span><br \/>\n<span style=\"color: #e8ac12;\"><strong>12:00<\/strong><\/span> D\u00e9tente par l&rsquo;auto shiatsu \u2013 <span style=\"color: #808080;\"><em>Val\u00e9rie Andrieux<\/em><\/span><br \/>\n<span style=\"color: #e8ac12;\"><strong>13:30 <\/strong><\/span>Initiation Hatha Yoga \u00a0\u2013 <span style=\"color: #808080;\"><em>Xinqi Huang<\/em><\/span><strong><br \/>\n<\/strong><span style=\"color: #e8ac12;\"><strong>15:00<\/strong><\/span> Yoga au f\u00e9minin : harmonisation hormonale et r\u00e9juv\u00e9nation\u00a0 \u2013 <span style=\"color: #808080;\"><em>Daniela Andelia<\/em><\/span> <em><br \/>\n<\/em><span style=\"color: #e8ac12;\"><strong>16:30<\/strong><\/span> Yin Yoga \u00a0\u2013 <em><span style=\"color: #808080;\">Xinqi Huang<\/span><br \/>\n<\/em><\/p>\n<p><span style=\"font-size: 14pt;\"><strong>DIMANCHE 24 NOVEMBRE 2019<\/strong><\/span><\/p>\n<p><span style=\"color: #e8ac12;\"><strong>10:30<\/strong><\/span> Yoga et adaptation aux conditions extr\u00eames \u2013 <span style=\"color: #808080;\"><em>Daniela Andelia<\/em> <\/span><br \/>\n<span style=\"color: #e8ac12;\"><strong>12:00<\/strong> <\/span>Self-Shiatsu ou l&rsquo;art de l&rsquo;auto-massage japonais \u2013 <span style=\"color: #808080;\"><em>Antoine Di Novi<\/em><\/span><br \/>\n<span style=\"color: #e8ac12;\"><strong>13:30 <\/strong><\/span>Initiation Hatha Yoga \u00a0\u2013 <span style=\"color: #808080;\"><em>Xinqi Huang<\/em><\/span><strong><br \/>\n<\/strong><span style=\"color: #e8ac12;\"><strong>15:00<\/strong><\/span> Stretching Postural \u00a0\u2013 <span style=\"color: #808080;\"><em>Sandra Huron<\/em><\/span> <em><br \/>\n<\/em><span style=\"color: #e8ac12;\"><strong>16:30<\/strong><\/span> Tai Chi Chuan &#8211; L&rsquo;\u00e9nergie &amp; Self-d\u00e9fense (Wing Chun) \u2013 <span style=\"color: #808080;\"><em>Institut du Petit Dragon\u00a0<\/em><\/span><\/p>\n<p>&nbsp;<\/p>\n","protected":false},"excerpt":{"rendered":"<p>Espace des CH\u00c2LONS VENDREDI 22 NOVEMBRE 2019 10:30 Tai chi Chuan &#8211; L&rsquo;\u00e9nergie \u2013 Institut du Petit Dragon 13:30 Self-Shiatsu ou l&rsquo;art de l&rsquo;auto-massage japonais \u2013 Antoine Di Novi 15:00 Hatha Yoga \u2013 Nadine Fort 16:30 Yoga Vedanta selon la tradition Sivananda \u2013 Tatiana Morgade SAMEDI 23 NOVEMBRE 2019 10:30 Tai chi Chuan &#8211; L&rsquo;\u00e9nergie&hellip; <\/p>\n","protected":false},"author":1,"featured_media":0,"parent":0,"menu_order":0,"comment_status":"closed","ping_status":"closed","template":"","meta":{"_monsterinsights_skip_tracking":false,"_monsterinsights_sitenote_active":false,"_monsterinsights_sitenote_note":"","_monsterinsights_sitenote_category":0,"footnotes":""},"class_list":["post-7294","page","type-page","status-publish","hentry"],"yoast_head":"<!-- This site is optimized with the Yoast SEO plugin v27.5 - https:\/\/yoast.com\/product\/yoast-seo-wordpress\/ -->\n<title>Bougez Zen 2019 - Salon RESPIRE LA VIE Poitiers<\/title>\n<meta name=\"robots\" content=\"index, follow, max-snippet:-1, max-image-preview:large, max-video-preview:-1\" \/>\n<link rel=\"canonical\" href=\"https:\/\/www.respirelavie.fr\/poitiers\/bougez-zen-2019\/\" \/>\n<meta property=\"og:locale\" content=\"fr_FR\" \/>\n<meta property=\"og:type\" content=\"article\" \/>\n<meta property=\"og:title\" content=\"Bougez Zen 2019 - Salon RESPIRE LA VIE Poitiers\" \/>\n<meta property=\"og:description\" content=\"Espace des CH\u00c2LONS VENDREDI 22 NOVEMBRE 2019 10:30 Tai chi Chuan &#8211; L&rsquo;\u00e9nergie \u2013 Institut du Petit Dragon 13:30 Self-Shiatsu ou l&rsquo;art de l&rsquo;auto-massage japonais \u2013 Antoine Di Novi 15:00 Hatha Yoga \u2013 Nadine Fort 16:30 Yoga Vedanta selon la tradition Sivananda \u2013 Tatiana Morgade SAMEDI 23 NOVEMBRE 2019 10:30 Tai chi Chuan &#8211; L&rsquo;\u00e9nergie&hellip;\" \/>\n<meta property=\"og:url\" content=\"https:\/\/www.respirelavie.fr\/poitiers\/bougez-zen-2019\/\" \/>\n<meta property=\"og:site_name\" content=\"Salon RESPIRE LA VIE Poitiers\" \/>\n<meta name=\"twitter:card\" content=\"summary_large_image\" \/>\n<meta name=\"twitter:label1\" content=\"Dur\u00e9e de lecture estim\u00e9e\" \/>\n\t<meta name=\"twitter:data1\" content=\"1 minute\" \/>\n<script type=\"application\/ld+json\" class=\"yoast-schema-graph\">{\"@context\":\"https:\\\/\\\/schema.org\",\"@graph\":[{\"@type\":\"WebPage\",\"@id\":\"https:\\\/\\\/www.respirelavie.fr\\\/poitiers\\\/bougez-zen-2019\\\/\",\"url\":\"https:\\\/\\\/www.respirelavie.fr\\\/poitiers\\\/bougez-zen-2019\\\/\",\"name\":\"Bougez Zen 2019 - Salon RESPIRE LA VIE Poitiers\",\"isPartOf\":{\"@id\":\"http:\\\/\\\/www.respirelavie.fr\\\/poitiers\\\/#website\"},\"datePublished\":\"2020-03-18T16:15:22+00:00\",\"breadcrumb\":{\"@id\":\"https:\\\/\\\/www.respirelavie.fr\\\/poitiers\\\/bougez-zen-2019\\\/#breadcrumb\"},\"inLanguage\":\"fr-FR\",\"potentialAction\":[{\"@type\":\"ReadAction\",\"target\":[\"https:\\\/\\\/www.respirelavie.fr\\\/poitiers\\\/bougez-zen-2019\\\/\"]}]},{\"@type\":\"BreadcrumbList\",\"@id\":\"https:\\\/\\\/www.respirelavie.fr\\\/poitiers\\\/bougez-zen-2019\\\/#breadcrumb\",\"itemListElement\":[{\"@type\":\"ListItem\",\"position\":1,\"name\":\"Accueil\",\"item\":\"http:\\\/\\\/www.respirelavie.fr\\\/poitiers\\\/\"},{\"@type\":\"ListItem\",\"position\":2,\"name\":\"Bougez Zen 2019\"}]},{\"@type\":\"WebSite\",\"@id\":\"http:\\\/\\\/www.respirelavie.fr\\\/poitiers\\\/#website\",\"url\":\"http:\\\/\\\/www.respirelavie.fr\\\/poitiers\\\/\",\"name\":\"Salon RESPIRE LA VIE Poitiers\",\"description\":\"RESPIRE : votre salon bio, bien-\u00eatre et habitat sain \u00e0 Poitiers\",\"publisher\":{\"@id\":\"http:\\\/\\\/www.respirelavie.fr\\\/poitiers\\\/#organization\"},\"potentialAction\":[{\"@type\":\"SearchAction\",\"target\":{\"@type\":\"EntryPoint\",\"urlTemplate\":\"http:\\\/\\\/www.respirelavie.fr\\\/poitiers\\\/?s={search_term_string}\"},\"query-input\":{\"@type\":\"PropertyValueSpecification\",\"valueRequired\":true,\"valueName\":\"search_term_string\"}}],\"inLanguage\":\"fr-FR\"},{\"@type\":\"Organization\",\"@id\":\"http:\\\/\\\/www.respirelavie.fr\\\/poitiers\\\/#organization\",\"name\":\"Salon RESPIRE LA VIE Poitiers\",\"url\":\"http:\\\/\\\/www.respirelavie.fr\\\/poitiers\\\/\",\"logo\":{\"@type\":\"ImageObject\",\"inLanguage\":\"fr-FR\",\"@id\":\"http:\\\/\\\/www.respirelavie.fr\\\/poitiers\\\/#\\\/schema\\\/logo\\\/image\\\/\",\"url\":\"https:\\\/\\\/www.respirelavie.fr\\\/poitiers\\\/wp-content\\\/uploads\\\/sites\\\/3\\\/2024\\\/03\\\/Logo-RESPIRE-LA-VIE-poitiers.jpg\",\"contentUrl\":\"https:\\\/\\\/www.respirelavie.fr\\\/poitiers\\\/wp-content\\\/uploads\\\/sites\\\/3\\\/2024\\\/03\\\/Logo-RESPIRE-LA-VIE-poitiers.jpg\",\"width\":470,\"height\":262,\"caption\":\"Salon RESPIRE LA VIE Poitiers\"},\"image\":{\"@id\":\"http:\\\/\\\/www.respirelavie.fr\\\/poitiers\\\/#\\\/schema\\\/logo\\\/image\\\/\"}}]}<\/script>\n<!-- \/ Yoast SEO plugin. -->","yoast_head_json":{"title":"Bougez Zen 2019 - Salon RESPIRE LA VIE Poitiers","robots":{"index":"index","follow":"follow","max-snippet":"max-snippet:-1","max-image-preview":"max-image-preview:large","max-video-preview":"max-video-preview:-1"},"canonical":"https:\/\/www.respirelavie.fr\/poitiers\/bougez-zen-2019\/","og_locale":"fr_FR","og_type":"article","og_title":"Bougez Zen 2019 - Salon RESPIRE LA VIE Poitiers","og_description":"Espace des CH\u00c2LONS VENDREDI 22 NOVEMBRE 2019 10:30 Tai chi Chuan &#8211; L&rsquo;\u00e9nergie \u2013 Institut du Petit Dragon 13:30 Self-Shiatsu ou l&rsquo;art de l&rsquo;auto-massage japonais \u2013 Antoine Di Novi 15:00 Hatha Yoga \u2013 Nadine Fort 16:30 Yoga Vedanta selon la tradition Sivananda \u2013 Tatiana Morgade SAMEDI 23 NOVEMBRE 2019 10:30 Tai chi Chuan &#8211; L&rsquo;\u00e9nergie&hellip;","og_url":"https:\/\/www.respirelavie.fr\/poitiers\/bougez-zen-2019\/","og_site_name":"Salon RESPIRE LA VIE Poitiers","twitter_card":"summary_large_image","twitter_misc":{"Dur\u00e9e de lecture estim\u00e9e":"1 minute"},"schema":{"@context":"https:\/\/schema.org","@graph":[{"@type":"WebPage","@id":"https:\/\/www.respirelavie.fr\/poitiers\/bougez-zen-2019\/","url":"https:\/\/www.respirelavie.fr\/poitiers\/bougez-zen-2019\/","name":"Bougez Zen 2019 - Salon RESPIRE LA VIE Poitiers","isPartOf":{"@id":"http:\/\/www.respirelavie.fr\/poitiers\/#website"},"datePublished":"2020-03-18T16:15:22+00:00","breadcrumb":{"@id":"https:\/\/www.respirelavie.fr\/poitiers\/bougez-zen-2019\/#breadcrumb"},"inLanguage":"fr-FR","potentialAction":[{"@type":"ReadAction","target":["https:\/\/www.respirelavie.fr\/poitiers\/bougez-zen-2019\/"]}]},{"@type":"BreadcrumbList","@id":"https:\/\/www.respirelavie.fr\/poitiers\/bougez-zen-2019\/#breadcrumb","itemListElement":[{"@type":"ListItem","position":1,"name":"Accueil","item":"http:\/\/www.respirelavie.fr\/poitiers\/"},{"@type":"ListItem","position":2,"name":"Bougez Zen 2019"}]},{"@type":"WebSite","@id":"http:\/\/www.respirelavie.fr\/poitiers\/#website","url":"http:\/\/www.respirelavie.fr\/poitiers\/","name":"Salon RESPIRE LA VIE Poitiers","description":"RESPIRE : votre salon bio, bien-\u00eatre et habitat sain \u00e0 Poitiers","publisher":{"@id":"http:\/\/www.respirelavie.fr\/poitiers\/#organization"},"potentialAction":[{"@type":"SearchAction","target":{"@type":"EntryPoint","urlTemplate":"http:\/\/www.respirelavie.fr\/poitiers\/?s={search_term_string}"},"query-input":{"@type":"PropertyValueSpecification","valueRequired":true,"valueName":"search_term_string"}}],"inLanguage":"fr-FR"},{"@type":"Organization","@id":"http:\/\/www.respirelavie.fr\/poitiers\/#organization","name":"Salon RESPIRE LA VIE Poitiers","url":"http:\/\/www.respirelavie.fr\/poitiers\/","logo":{"@type":"ImageObject","inLanguage":"fr-FR","@id":"http:\/\/www.respirelavie.fr\/poitiers\/#\/schema\/logo\/image\/","url":"https:\/\/www.respirelavie.fr\/poitiers\/wp-content\/uploads\/sites\/3\/2024\/03\/Logo-RESPIRE-LA-VIE-poitiers.jpg","contentUrl":"https:\/\/www.respirelavie.fr\/poitiers\/wp-content\/uploads\/sites\/3\/2024\/03\/Logo-RESPIRE-LA-VIE-poitiers.jpg","width":470,"height":262,"caption":"Salon RESPIRE LA VIE Poitiers"},"image":{"@id":"http:\/\/www.respirelavie.fr\/poitiers\/#\/schema\/logo\/image\/"}}]}},"_links":{"self":[{"href":"https:\/\/www.respirelavie.fr\/poitiers\/wp-json\/wp\/v2\/pages\/7294","targetHints":{"allow":["GET"]}}],"collection":[{"href":"https:\/\/www.respirelavie.fr\/poitiers\/wp-json\/wp\/v2\/pages"}],"about":[{"href":"https:\/\/www.respirelavie.fr\/poitiers\/wp-json\/wp\/v2\/types\/page"}],"author":[{"embeddable":true,"href":"https:\/\/www.respirelavie.fr\/poitiers\/wp-json\/wp\/v2\/users\/1"}],"replies":[{"embeddable":true,"href":"https:\/\/www.respirelavie.fr\/poitiers\/wp-json\/wp\/v2\/comments?post=7294"}],"version-history":[{"count":0,"href":"https:\/\/www.respirelavie.fr\/poitiers\/wp-json\/wp\/v2\/pages\/7294\/revisions"}],"wp:attachment":[{"href":"https:\/\/www.respirelavie.fr\/poitiers\/wp-json\/wp\/v2\/media?parent=7294"}],"curies":[{"name":"wp","href":"https:\/\/api.w.org\/{rel}","templated":true}]}}