{"id":9347,"date":"2023-03-13T15:03:36","date_gmt":"2023-03-13T14:03:36","guid":{"rendered":"https:\/\/www.respirelavie.fr\/poitiers\/?page_id=9347"},"modified":"2023-03-13T15:20:33","modified_gmt":"2023-03-13T14:20:33","slug":"conferences-2022","status":"publish","type":"page","link":"https:\/\/www.respirelavie.fr\/poitiers\/conferences-2022\/","title":{"rendered":"Conf\u00e9rences 2022"},"content":{"rendered":"<p><img fetchpriority=\"high\" decoding=\"async\" class=\"size-full wp-image-7430\" src=\"https:\/\/www.respirelavie.fr\/poitiers\/wp-content\/uploads\/sites\/3\/2020\/03\/Fotolia_123517887_Subscription_Monthly_M-copie.jpg\" alt=\"\" width=\"1681\" height=\"619\" srcset=\"https:\/\/www.respirelavie.fr\/poitiers\/wp-content\/uploads\/sites\/3\/2020\/03\/Fotolia_123517887_Subscription_Monthly_M-copie.jpg 1681w, https:\/\/www.respirelavie.fr\/poitiers\/wp-content\/uploads\/sites\/3\/2020\/03\/Fotolia_123517887_Subscription_Monthly_M-copie-300x110.jpg 300w, https:\/\/www.respirelavie.fr\/poitiers\/wp-content\/uploads\/sites\/3\/2020\/03\/Fotolia_123517887_Subscription_Monthly_M-copie-1024x377.jpg 1024w, https:\/\/www.respirelavie.fr\/poitiers\/wp-content\/uploads\/sites\/3\/2020\/03\/Fotolia_123517887_Subscription_Monthly_M-copie-768x283.jpg 768w, https:\/\/www.respirelavie.fr\/poitiers\/wp-content\/uploads\/sites\/3\/2020\/03\/Fotolia_123517887_Subscription_Monthly_M-copie-1536x566.jpg 1536w, https:\/\/www.respirelavie.fr\/poitiers\/wp-content\/uploads\/sites\/3\/2020\/03\/Fotolia_123517887_Subscription_Monthly_M-copie-150x55.jpg 150w, https:\/\/www.respirelavie.fr\/poitiers\/wp-content\/uploads\/sites\/3\/2020\/03\/Fotolia_123517887_Subscription_Monthly_M-copie-500x184.jpg 500w\" sizes=\"(max-width: 1681px) 100vw, 1681px\" \/><\/p>\n<p>Des conf\u00e9rences sont organis\u00e9es pour permettre au public de d\u00e9couvrir et mieux comprendre les m\u00e9thodes et les produits pr\u00e9sent\u00e9s sur le salon.<\/p>\n<p><strong><em><span style=\"color: #55a900;\">Salle VIENNE <\/span>\/ <\/em><span style=\"color: #00a6e2;\"><em>Salle POITOU<\/em><\/span><em> \/ <span style=\"color: #f56f00;\">Salle GARGANTUA<\/span><\/em><\/strong><\/p>\n<p>&nbsp;<\/p><div id=\"respi-1934984387\" class=\"respi-contenu respi-entity-placement\"><script async src=\"\/\/pagead2.googlesyndication.com\/pagead\/js\/adsbygoogle.js?client=ca-pub-7511070832818284\" crossorigin=\"anonymous\"><\/script><ins class=\"adsbygoogle\" style=\"display:block;\" data-ad-client=\"ca-pub-7511070832818284\" \ndata-ad-slot=\"4196289901\" \ndata-ad-format=\"auto\"><\/ins>\n<script> \n(adsbygoogle = window.adsbygoogle || []).push({}); \n<\/script>\n<\/div>\n<h2><strong>Vendredi 23 septembre 2022<\/strong><\/h2>\n<p><span style=\"color: #55a900;\"><strong>11:00<\/strong><\/span> Le r\u00eave lucide, domestiquer son sommeil et entrer dans le monde fabuleux de vos nuits &#8211; <em><strong>Gilles Le Picard<br \/>\n<\/strong><\/em><strong><span style=\"color: #00a6e2;\">11:00<\/span><\/strong>\u00a0Communiquer en famille, \u00e7a s\u2019apprend ! Quel \u00e9quilibre entre autorit\u00e9 et \u00e9coute ? &#8211; <em><strong>Thibault Delaunay<\/strong><\/em><span style=\"color: #37b263;\"><strong><br \/>\n<\/strong><\/span><strong><span style=\"color: #00a6e2;\">13:00 <\/span><\/strong>Bienfaits et utilisation des min\u00e9raux &#8211; <em><strong>Jean-Claude Kennedec<br \/>\n<\/strong><\/em><strong><span style=\"color: #00a6e2;\">14:00 <\/span><\/strong>Les plantes sauvages au secours de nos articulations et de notre sant\u00e9. Les bons conseils du P\u00e8re Jean &#8211; <em><strong>Jean-p\u00f4l Clesse<br \/>\n<\/strong><\/em><strong><span style=\"color: #55a900;\">14:30 <\/span><\/strong>Orgonites ondes \u00e9lectromagn\u00e9tiques et g\u00e9obiologie &#8211; <em><strong>Thierry Hermann<br \/>\n<\/strong><\/em><strong><span style=\"color: #00a6e2;\">15:00 <\/span><\/strong>La biodiversit\u00e9 naturelle &#8211; <em><strong>Michel Provost<br \/>\n<\/strong><\/em><strong><span style=\"color: #55a900;\">15:30<\/span><\/strong> Points d&rsquo;acupuncture ! Pratique pour am\u00e9liorer la sant\u00e9 au quotidien ? &#8211; <em><strong>Taraforce &#8211; Hwang Chang<br \/>\n<\/strong><\/em><strong><span style=\"color: #00a6e2;\">16:00 <\/span><\/strong> Les m\u00e9taux lourds : origines, incidences, les mesures, les solutions &#8211; <em><strong>Armand Bensemhoun<\/strong><strong><br \/>\n<\/strong><\/em><span style=\"color: #f56f00;\"><strong>16:00 <\/strong><\/span>Le r\u00eave lucide, domestiquer son sommeil et entrer dans le monde fabuleux de vos nuits &#8211; <em><strong>Gilles Le Picard<\/strong><\/em><em><strong><br \/>\n<\/strong><\/em><strong><span style=\"color: #00a6e2;\">17:00 <\/span><\/strong>Exploitez votre potentiel avec la PNL &#8211; <strong><em>Nathalie Bourrel<br \/>\n<\/em><span style=\"color: #f56f00;\">17:00 <\/span><\/strong>Retrouver et gu\u00e9rir son enfant int\u00e9rieur: La R\u00e9silience. Gu\u00e9rir le pass\u00e9 pour vivre pleinement l\u2019instant pr\u00e9sent &#8211; <strong><em>H\u00e9l\u00e8ne Girardin<br \/>\n<\/em><span style=\"color: #55a900;\">18:00 <\/span><\/strong>Communiquer en famille, \u00e7a s\u2019apprend ! Quel \u00e9quilibre entre autorit\u00e9 et \u00e9coute ? &#8211; <strong><em>Thibault Delaunay<br \/>\n<\/em><span style=\"color: #00a6e2;\">18:00 <\/span><\/strong>L&rsquo;hypnose des mots pour gu\u00e9rir des maux &#8211;<strong><em>Nathalie Bourrel<\/em><\/strong><\/p>\n<p>&nbsp;<\/p>\n<h2><strong>Samedi 24 septembre 2022<\/strong><\/h2>\n<p><span style=\"color: #55a900;\"><strong>11:00 <\/strong><\/span>Les 3 cl\u00e9s du succ\u00e8s &#8211; <em><strong>Laurence Arpi<br \/>\n<\/strong><\/em><strong><span style=\"color: #00a6e2;\">11:00 <\/span><\/strong>Le r\u00eave lucide, domestiquer son sommeil et entrer dans le monde fabuleux de vos nuits &#8211; <em><strong>Gilles Le Picard<br \/>\n<\/strong><\/em><strong><span style=\"color: #00a6e2;\">12:00 <\/span><\/strong>Communiquer en famille, \u00e7a s\u2019apprend ! Quel \u00e9quilibre entre autorit\u00e9 et \u00e9coute ? &#8211; <strong><em>Langis Gallant<\/em><\/strong><br \/>\n<strong><span style=\"color: #00a6e2;\">13:00<\/span><\/strong> Bienfaits et utilisation des min\u00e9raux &#8211; <em><strong>Jean-Claude Kennedec<\/strong><\/em><br \/>\n<strong><span style=\"color: #55a900;\">13:30 <\/span><\/strong>Le r\u00eave lucide, domestiquer son sommeil et entrer dans le monde fabuleux de vos nuits &#8211; <strong><em>Gilles Le Picard<\/em><br \/>\n<\/strong><strong><span style=\"color: #00a6e2;\">14:00 <\/span><\/strong>Les plantes sauvages au secours de nos articulations et de notre sant\u00e9. Les bons conseils du P\u00e8re Jean &#8211;<em><strong> Jean-p\u00f4l Clesse<br \/>\n<\/strong><\/em><strong><span style=\"color: #55a900;\">14:30 <\/span><\/strong>Orgonites ondes \u00e9lectromagn\u00e9tiques et g\u00e9obiologie &#8211; <em><strong>Thierry Hermann<br \/>\n<\/strong><\/em><strong><span style=\"color: #00a6e2;\">15:00 <\/span><\/strong>Hypersensibles, hyperactifs, \u00e9ponges : un don ou un frein ? &#8211;<strong><em> Chrystel Rieder<br \/>\n<\/em><\/strong><strong><span style=\"color: #55a900;\">15:30 <\/span><\/strong>S&rsquo;\u00e9panouir et s&rsquo;enrichir &#8211; <em><strong>St\u00e9phane Cozzo et Laurence Arpi<br \/>\n<\/strong><\/em><strong><span style=\"color: #00a6e2;\">16:00 <\/span><\/strong>Les bienfaits du Reiki Traditionnel Usui sur le corps et l&rsquo;esprit &#8211; <em><strong>Marie-Pierre Boudet<span style=\"color: #00a6e2;\"><br \/>\n<\/span><\/strong><\/em><strong><span style=\"color: #00a6e2;\"><span style=\"color: #f56f00;\">16:00 <\/span><\/span><\/strong>Le r\u00eave lucide, domestiquer son sommeil et entrer dans le monde fabuleux de vos nuits &#8211;\u00a0 <em><strong>Gilles Le Picard<\/strong><\/em><em><strong><br \/>\n<\/strong><\/em><strong><span style=\"color: #00a6e2;\">17:00 <\/span><\/strong>Le r\u00eave lucide, domestiquer son sommeil et entrer dans le monde fabuleux de vos nuits &#8211; <em><strong>Gilles Le Picard<br \/>\n<\/strong><\/em><strong><span style=\"color: #00a6e2;\"><span style=\"color: #f56f00;\">17:00 <\/span><\/span><\/strong>Retrouver et gu\u00e9rir son enfant int\u00e9rieur: La R\u00e9silience. Gu\u00e9rir le pass\u00e9 pour vivre pleinement l\u2019instant pr\u00e9sent &#8211; <strong><em>H\u00e9l\u00e8ne Girardin<br \/>\n<\/em><\/strong><strong><span style=\"color: #55a900;\">18:00 <\/span><\/strong><span style=\"color: #000000;\">Communiquer en famille, \u00e7a s\u2019apprend ! Retrouver l\u2019harmonie dans nos relations<\/span>\u00a0&#8211; <strong><em>Langis Gallant<br \/>\n<\/em><span style=\"color: #00a6e2;\">18:00 <\/span><\/strong><span style=\"color: #000000;\">Th\u00e9rapie Manuelle &amp; Psychocorporelle &#8211; Le corps abord\u00e9 dans sa globalit\u00e9- <\/span>\u00a0<strong><em>David Garcia<br \/>\n<\/em><\/strong><span style=\"color: #f56f00;\"><strong>18:00 <\/strong><\/span>Exploitez votre potentiel avec la PNL &#8211; <strong><em>Nathalie Bourrel<\/em><\/strong><\/p>\n<h2><strong>Dimanche 25 septembre 2022<\/strong><\/h2>\n<p><span style=\"color: #55a900;\"><strong>11:00 <\/strong><\/span>Exploitez votre potentiel avec la PNL &#8211; <strong><em>Nathalie Bourrel<br \/>\n<\/em><\/strong><strong><span style=\"color: #00a6e2;\">11:00 <\/span><\/strong>Communiquer en famille, \u00e7a s\u2019apprend ! Quel \u00e9quilibre entre autorit\u00e9 et \u00e9coute ? &#8211;<strong><em>Thibault<\/em> Delaunay<\/strong><br \/>\n<strong><span style=\"color: #00a6e2;\">12:00 <\/span><\/strong>Les m\u00e9taux lourds : origines, incidences, les mesures, les solutions &#8211; <em><strong>Armand Bensemhoun<\/strong><\/em><strong><span style=\"color: #00a6e2;\"><br \/>\n13:00 <\/span><\/strong>Les plantes sauvages au secours de nos articulations et de notre sant\u00e9. Les bons conseils du P\u00e8re Jean &#8211; <strong><em>Jean-p\u00f4l Clesse<br \/>\n<\/em><\/strong><strong><span style=\"color: #55a900;\">13:30 <\/span><\/strong>Communication animale et animale miroire &#8211; <strong><em>Nathalie Hirt<br \/>\n<\/em><span style=\"color: #00a6e2;\">14:00 <\/span><\/strong>Bienfaits et utilisation des min\u00e9raux &#8211; <strong><em>Jean-Claude Kennedec<br \/>\n<\/em><span style=\"color: #55a900;\">14:30 <\/span><\/strong>Orgonites ondes \u00e9lectromagn\u00e9tiques et g\u00e9obiologie &#8211; <strong><em>Thierry Hermann<br \/>\n<\/em><span style=\"color: #00a6e2;\">15:00<\/span><\/strong> D&rsquo;une vie \u00e0 l&rsquo;autre : l&rsquo;influence des vies ant\u00e9rieurs dans le pr\u00e9sent &#8211; <strong><em>Chrystel Rieder<br \/>\n<\/em><\/strong><strong><span style=\"color: #55a900;\">15:30 <\/span><\/strong>Le stress et l&rsquo;anxi\u00e9t\u00e9, diff\u00e9rents moyens de les g\u00e9rer &#8211; <strong><em>Norah Defamie<br \/>\n<\/em><span style=\"color: #00a6e2;\">16:00 <\/span><\/strong>Principes Fondamentaux de l&rsquo;Hom\u00e9opathie\u00a0 &#8211; M\u00e9thode uniciste hahnemannienne &#8211; Evaluer son Niveau de Sant\u00e9 &#8211; <em><strong>Virginie Roulleau<br \/>\n<\/strong><\/em><span style=\"color: #f56f00;\"><strong>16:00 <\/strong><\/span>Les bienfaits du Reiki Traditionnel Usui sur le corps et l&rsquo;esprit &#8211; <em><strong>Marie-Pierre Boudet<\/strong><\/em><em><strong><br \/>\n<\/strong><\/em><strong><span style=\"color: #00a6e2;\">17:00 <\/span><\/strong>L&rsquo;action b\u00e9n\u00e9fique du ver de terre sur le r\u00e9chauffement climatique &#8211; <em><strong>Michel Provost<\/strong><strong><br \/>\n<\/strong><\/em><strong><span style=\"color: #00a6e2;\"><span style=\"color: #f56f00;\">17:00<\/span><\/span><\/strong> Retrouver et gu\u00e9rir son enfant int\u00e9rieur: La R\u00e9silience. Gu\u00e9rir le pass\u00e9 pour vivre pleinement l\u2019instant pr\u00e9sent &#8211; <em><strong>H\u00e9l\u00e8ne Girardin<\/strong><\/em><\/p>\n","protected":false},"excerpt":{"rendered":"<p>Des conf\u00e9rences sont organis\u00e9es pour permettre au public de d\u00e9couvrir et mieux comprendre les m\u00e9thodes et les produits pr\u00e9sent\u00e9s sur le salon. Salle VIENNE \/ Salle POITOU \/ Salle GARGANTUA &nbsp; Vendredi 23 septembre 2022 11:00 Le r\u00eave lucide, domestiquer son sommeil et entrer dans le monde fabuleux de vos nuits &#8211; Gilles Le Picard&hellip; <\/p>\n","protected":false},"author":7,"featured_media":0,"parent":0,"menu_order":0,"comment_status":"closed","ping_status":"closed","template":"","meta":{"_monsterinsights_skip_tracking":false,"_monsterinsights_sitenote_active":false,"_monsterinsights_sitenote_note":"","_monsterinsights_sitenote_category":0,"footnotes":""},"class_list":["post-9347","page","type-page","status-publish","hentry"],"yoast_head":"<!-- This site is optimized with the Yoast SEO plugin v27.3 - https:\/\/yoast.com\/product\/yoast-seo-wordpress\/ -->\n<title>Conf\u00e9rences 2022 - Salon RESPIRE LA VIE Poitiers<\/title>\n<meta name=\"robots\" content=\"index, follow, max-snippet:-1, max-image-preview:large, max-video-preview:-1\" \/>\n<link rel=\"canonical\" href=\"https:\/\/www.respirelavie.fr\/poitiers\/conferences-2022\/\" \/>\n<meta property=\"og:locale\" content=\"fr_FR\" \/>\n<meta property=\"og:type\" content=\"article\" \/>\n<meta property=\"og:title\" content=\"Conf\u00e9rences 2022 - Salon RESPIRE LA VIE Poitiers\" \/>\n<meta property=\"og:description\" content=\"Des conf\u00e9rences sont organis\u00e9es pour permettre au public de d\u00e9couvrir et mieux comprendre les m\u00e9thodes et les produits pr\u00e9sent\u00e9s sur le salon. Salle VIENNE \/ Salle POITOU \/ Salle GARGANTUA &nbsp; Vendredi 23 septembre 2022 11:00 Le r\u00eave lucide, domestiquer son sommeil et entrer dans le monde fabuleux de vos nuits &#8211; Gilles Le Picard&hellip;\" \/>\n<meta property=\"og:url\" content=\"https:\/\/www.respirelavie.fr\/poitiers\/conferences-2022\/\" \/>\n<meta property=\"og:site_name\" content=\"Salon RESPIRE LA VIE Poitiers\" \/>\n<meta property=\"article:modified_time\" content=\"2023-03-13T14:20:33+00:00\" \/>\n<meta property=\"og:image\" content=\"https:\/\/www.respirelavie.fr\/poitiers\/wp-content\/uploads\/sites\/3\/2020\/03\/Fotolia_123517887_Subscription_Monthly_M-copie.jpg\" \/>\n<meta name=\"twitter:card\" content=\"summary_large_image\" \/>\n<meta name=\"twitter:label1\" content=\"Dur\u00e9e de lecture estim\u00e9e\" \/>\n\t<meta name=\"twitter:data1\" content=\"4 minutes\" \/>\n<script type=\"application\/ld+json\" class=\"yoast-schema-graph\">{\"@context\":\"https:\\\/\\\/schema.org\",\"@graph\":[{\"@type\":\"WebPage\",\"@id\":\"https:\\\/\\\/www.respirelavie.fr\\\/poitiers\\\/conferences-2022\\\/\",\"url\":\"https:\\\/\\\/www.respirelavie.fr\\\/poitiers\\\/conferences-2022\\\/\",\"name\":\"Conf\u00e9rences 2022 - Salon RESPIRE LA VIE Poitiers\",\"isPartOf\":{\"@id\":\"http:\\\/\\\/www.respirelavie.fr\\\/poitiers\\\/#website\"},\"primaryImageOfPage\":{\"@id\":\"https:\\\/\\\/www.respirelavie.fr\\\/poitiers\\\/conferences-2022\\\/#primaryimage\"},\"image\":{\"@id\":\"https:\\\/\\\/www.respirelavie.fr\\\/poitiers\\\/conferences-2022\\\/#primaryimage\"},\"thumbnailUrl\":\"https:\\\/\\\/www.respirelavie.fr\\\/poitiers\\\/wp-content\\\/uploads\\\/sites\\\/3\\\/2020\\\/03\\\/Fotolia_123517887_Subscription_Monthly_M-copie.jpg\",\"datePublished\":\"2023-03-13T14:03:36+00:00\",\"dateModified\":\"2023-03-13T14:20:33+00:00\",\"breadcrumb\":{\"@id\":\"https:\\\/\\\/www.respirelavie.fr\\\/poitiers\\\/conferences-2022\\\/#breadcrumb\"},\"inLanguage\":\"fr-FR\",\"potentialAction\":[{\"@type\":\"ReadAction\",\"target\":[\"https:\\\/\\\/www.respirelavie.fr\\\/poitiers\\\/conferences-2022\\\/\"]}]},{\"@type\":\"ImageObject\",\"inLanguage\":\"fr-FR\",\"@id\":\"https:\\\/\\\/www.respirelavie.fr\\\/poitiers\\\/conferences-2022\\\/#primaryimage\",\"url\":\"https:\\\/\\\/www.respirelavie.fr\\\/poitiers\\\/wp-content\\\/uploads\\\/sites\\\/3\\\/2020\\\/03\\\/Fotolia_123517887_Subscription_Monthly_M-copie.jpg\",\"contentUrl\":\"https:\\\/\\\/www.respirelavie.fr\\\/poitiers\\\/wp-content\\\/uploads\\\/sites\\\/3\\\/2020\\\/03\\\/Fotolia_123517887_Subscription_Monthly_M-copie.jpg\",\"width\":1681,\"height\":619,\"caption\":\"Speaker Giving a Talk at Business Meeting. Audience in the conference hall. Business and Entrepreneurship.\"},{\"@type\":\"BreadcrumbList\",\"@id\":\"https:\\\/\\\/www.respirelavie.fr\\\/poitiers\\\/conferences-2022\\\/#breadcrumb\",\"itemListElement\":[{\"@type\":\"ListItem\",\"position\":1,\"name\":\"Accueil\",\"item\":\"http:\\\/\\\/www.respirelavie.fr\\\/poitiers\\\/\"},{\"@type\":\"ListItem\",\"position\":2,\"name\":\"Conf\u00e9rences 2022\"}]},{\"@type\":\"WebSite\",\"@id\":\"http:\\\/\\\/www.respirelavie.fr\\\/poitiers\\\/#website\",\"url\":\"http:\\\/\\\/www.respirelavie.fr\\\/poitiers\\\/\",\"name\":\"Salon RESPIRE LA VIE Poitiers\",\"description\":\"RESPIRE : votre salon bio, bien-\u00eatre et habitat sain \u00e0 Poitiers\",\"publisher\":{\"@id\":\"http:\\\/\\\/www.respirelavie.fr\\\/poitiers\\\/#organization\"},\"potentialAction\":[{\"@type\":\"SearchAction\",\"target\":{\"@type\":\"EntryPoint\",\"urlTemplate\":\"http:\\\/\\\/www.respirelavie.fr\\\/poitiers\\\/?s={search_term_string}\"},\"query-input\":{\"@type\":\"PropertyValueSpecification\",\"valueRequired\":true,\"valueName\":\"search_term_string\"}}],\"inLanguage\":\"fr-FR\"},{\"@type\":\"Organization\",\"@id\":\"http:\\\/\\\/www.respirelavie.fr\\\/poitiers\\\/#organization\",\"name\":\"Salon RESPIRE LA VIE Poitiers\",\"url\":\"http:\\\/\\\/www.respirelavie.fr\\\/poitiers\\\/\",\"logo\":{\"@type\":\"ImageObject\",\"inLanguage\":\"fr-FR\",\"@id\":\"http:\\\/\\\/www.respirelavie.fr\\\/poitiers\\\/#\\\/schema\\\/logo\\\/image\\\/\",\"url\":\"https:\\\/\\\/www.respirelavie.fr\\\/poitiers\\\/wp-content\\\/uploads\\\/sites\\\/3\\\/2024\\\/03\\\/Logo-RESPIRE-LA-VIE-poitiers.jpg\",\"contentUrl\":\"https:\\\/\\\/www.respirelavie.fr\\\/poitiers\\\/wp-content\\\/uploads\\\/sites\\\/3\\\/2024\\\/03\\\/Logo-RESPIRE-LA-VIE-poitiers.jpg\",\"width\":470,\"height\":262,\"caption\":\"Salon RESPIRE LA VIE Poitiers\"},\"image\":{\"@id\":\"http:\\\/\\\/www.respirelavie.fr\\\/poitiers\\\/#\\\/schema\\\/logo\\\/image\\\/\"}}]}<\/script>\n<!-- \/ Yoast SEO plugin. -->","yoast_head_json":{"title":"Conf\u00e9rences 2022 - Salon RESPIRE LA VIE Poitiers","robots":{"index":"index","follow":"follow","max-snippet":"max-snippet:-1","max-image-preview":"max-image-preview:large","max-video-preview":"max-video-preview:-1"},"canonical":"https:\/\/www.respirelavie.fr\/poitiers\/conferences-2022\/","og_locale":"fr_FR","og_type":"article","og_title":"Conf\u00e9rences 2022 - Salon RESPIRE LA VIE Poitiers","og_description":"Des conf\u00e9rences sont organis\u00e9es pour permettre au public de d\u00e9couvrir et mieux comprendre les m\u00e9thodes et les produits pr\u00e9sent\u00e9s sur le salon. Salle VIENNE \/ Salle POITOU \/ Salle GARGANTUA &nbsp; Vendredi 23 septembre 2022 11:00 Le r\u00eave lucide, domestiquer son sommeil et entrer dans le monde fabuleux de vos nuits &#8211; Gilles Le Picard&hellip;","og_url":"https:\/\/www.respirelavie.fr\/poitiers\/conferences-2022\/","og_site_name":"Salon RESPIRE LA VIE Poitiers","article_modified_time":"2023-03-13T14:20:33+00:00","og_image":[{"url":"https:\/\/www.respirelavie.fr\/poitiers\/wp-content\/uploads\/sites\/3\/2020\/03\/Fotolia_123517887_Subscription_Monthly_M-copie.jpg","type":"","width":"","height":""}],"twitter_card":"summary_large_image","twitter_misc":{"Dur\u00e9e de lecture estim\u00e9e":"4 minutes"},"schema":{"@context":"https:\/\/schema.org","@graph":[{"@type":"WebPage","@id":"https:\/\/www.respirelavie.fr\/poitiers\/conferences-2022\/","url":"https:\/\/www.respirelavie.fr\/poitiers\/conferences-2022\/","name":"Conf\u00e9rences 2022 - Salon RESPIRE LA VIE Poitiers","isPartOf":{"@id":"http:\/\/www.respirelavie.fr\/poitiers\/#website"},"primaryImageOfPage":{"@id":"https:\/\/www.respirelavie.fr\/poitiers\/conferences-2022\/#primaryimage"},"image":{"@id":"https:\/\/www.respirelavie.fr\/poitiers\/conferences-2022\/#primaryimage"},"thumbnailUrl":"https:\/\/www.respirelavie.fr\/poitiers\/wp-content\/uploads\/sites\/3\/2020\/03\/Fotolia_123517887_Subscription_Monthly_M-copie.jpg","datePublished":"2023-03-13T14:03:36+00:00","dateModified":"2023-03-13T14:20:33+00:00","breadcrumb":{"@id":"https:\/\/www.respirelavie.fr\/poitiers\/conferences-2022\/#breadcrumb"},"inLanguage":"fr-FR","potentialAction":[{"@type":"ReadAction","target":["https:\/\/www.respirelavie.fr\/poitiers\/conferences-2022\/"]}]},{"@type":"ImageObject","inLanguage":"fr-FR","@id":"https:\/\/www.respirelavie.fr\/poitiers\/conferences-2022\/#primaryimage","url":"https:\/\/www.respirelavie.fr\/poitiers\/wp-content\/uploads\/sites\/3\/2020\/03\/Fotolia_123517887_Subscription_Monthly_M-copie.jpg","contentUrl":"https:\/\/www.respirelavie.fr\/poitiers\/wp-content\/uploads\/sites\/3\/2020\/03\/Fotolia_123517887_Subscription_Monthly_M-copie.jpg","width":1681,"height":619,"caption":"Speaker Giving a Talk at Business Meeting. Audience in the conference hall. Business and Entrepreneurship."},{"@type":"BreadcrumbList","@id":"https:\/\/www.respirelavie.fr\/poitiers\/conferences-2022\/#breadcrumb","itemListElement":[{"@type":"ListItem","position":1,"name":"Accueil","item":"http:\/\/www.respirelavie.fr\/poitiers\/"},{"@type":"ListItem","position":2,"name":"Conf\u00e9rences 2022"}]},{"@type":"WebSite","@id":"http:\/\/www.respirelavie.fr\/poitiers\/#website","url":"http:\/\/www.respirelavie.fr\/poitiers\/","name":"Salon RESPIRE LA VIE Poitiers","description":"RESPIRE : votre salon bio, bien-\u00eatre et habitat sain \u00e0 Poitiers","publisher":{"@id":"http:\/\/www.respirelavie.fr\/poitiers\/#organization"},"potentialAction":[{"@type":"SearchAction","target":{"@type":"EntryPoint","urlTemplate":"http:\/\/www.respirelavie.fr\/poitiers\/?s={search_term_string}"},"query-input":{"@type":"PropertyValueSpecification","valueRequired":true,"valueName":"search_term_string"}}],"inLanguage":"fr-FR"},{"@type":"Organization","@id":"http:\/\/www.respirelavie.fr\/poitiers\/#organization","name":"Salon RESPIRE LA VIE Poitiers","url":"http:\/\/www.respirelavie.fr\/poitiers\/","logo":{"@type":"ImageObject","inLanguage":"fr-FR","@id":"http:\/\/www.respirelavie.fr\/poitiers\/#\/schema\/logo\/image\/","url":"https:\/\/www.respirelavie.fr\/poitiers\/wp-content\/uploads\/sites\/3\/2024\/03\/Logo-RESPIRE-LA-VIE-poitiers.jpg","contentUrl":"https:\/\/www.respirelavie.fr\/poitiers\/wp-content\/uploads\/sites\/3\/2024\/03\/Logo-RESPIRE-LA-VIE-poitiers.jpg","width":470,"height":262,"caption":"Salon RESPIRE LA VIE Poitiers"},"image":{"@id":"http:\/\/www.respirelavie.fr\/poitiers\/#\/schema\/logo\/image\/"}}]}},"_links":{"self":[{"href":"https:\/\/www.respirelavie.fr\/poitiers\/wp-json\/wp\/v2\/pages\/9347","targetHints":{"allow":["GET"]}}],"collection":[{"href":"https:\/\/www.respirelavie.fr\/poitiers\/wp-json\/wp\/v2\/pages"}],"about":[{"href":"https:\/\/www.respirelavie.fr\/poitiers\/wp-json\/wp\/v2\/types\/page"}],"author":[{"embeddable":true,"href":"https:\/\/www.respirelavie.fr\/poitiers\/wp-json\/wp\/v2\/users\/7"}],"replies":[{"embeddable":true,"href":"https:\/\/www.respirelavie.fr\/poitiers\/wp-json\/wp\/v2\/comments?post=9347"}],"version-history":[{"count":0,"href":"https:\/\/www.respirelavie.fr\/poitiers\/wp-json\/wp\/v2\/pages\/9347\/revisions"}],"wp:attachment":[{"href":"https:\/\/www.respirelavie.fr\/poitiers\/wp-json\/wp\/v2\/media?parent=9347"}],"curies":[{"name":"wp","href":"https:\/\/api.w.org\/{rel}","templated":true}]}}