{"id":2462,"date":"2017-01-24T14:20:35","date_gmt":"2017-01-24T13:20:35","guid":{"rendered":"http:\/\/localhost:8888\/zen\/?page_id=2462"},"modified":"2025-11-27T17:15:04","modified_gmt":"2025-11-27T16:15:04","slug":"informations-pratiques","status":"publish","type":"page","link":"https:\/\/www.respirelavie.fr\/rennes\/infos-pratiques\/informations-pratiques\/","title":{"rendered":"Informations pratiques"},"content":{"rendered":"<h2>Dates \u2013 Horaires \u2013 Lieu<\/h2>\n<ul>\n<li>Du 13 au 15 f\u00e9vrier 2026<\/li>\n<li>De 10h \u00e0 19h et de 10h \u00e0 18h le dimanche \u2013 Derni\u00e8re entr\u00e9e 30min avant la fermeture<\/li>\n<li>Parc des Expositions de Rennes A\u00e9roport HALL 10 A &#8211; La Haie Gautrais &#8211; 35172 Bruz Cedex<\/li>\n<\/ul>\n<h2>Services visiteurs<\/h2>\n<p><strong>VESTIAIRE <\/strong>:<strong> 2\u20ac<br \/>\n<\/strong><strong>CONSIGNE <\/strong>: Gratuite pour les achats du salon<strong><br \/>\n<\/strong><strong>ACCUEIL VISITEURS<\/strong>\u00a0: Programmes, plans, renseignements \u00e0 l\u2019entr\u00e9e du salon<br \/>\n<strong>RESTAURATION BIO SUR PLACE<\/strong><\/p>\n<h2>Vos achats sur le salon<\/h2>\n<p>Munissez vous d\u2019esp\u00e8ces, tous les exposants n\u2019acceptent pas le paiement par ch\u00e8que et\/ou ne sont pas \u00e9quip\u00e9s d\u2019un terminal de carte bancaire.<br \/>\nPensez \u00e0 prendre vos paniers et sacs.<\/p>\n<p><strong>Nous vous rappelons que lors des salons, les exposants n\u2019ont pas l\u2019obligation de proposer un droit de r\u00e9tractation pour les achats effectu\u00e9s<\/strong><\/p>\n","protected":false},"excerpt":{"rendered":"<p>Dates \u2013 Horaires \u2013 Lieu Du 13 au 15 f\u00e9vrier 2026 De 10h \u00e0 19h et de 10h \u00e0 18h le dimanche \u2013 Derni\u00e8re entr\u00e9e 30min avant la fermeture Parc des Expositions de Rennes A\u00e9roport HALL 10 A &#8211; La Haie Gautrais &#8211; 35172 Bruz Cedex Services visiteurs VESTIAIRE : 2\u20ac CONSIGNE : Gratuite pour&hellip; <\/p>\n","protected":false},"author":1,"featured_media":0,"parent":2094,"menu_order":2,"comment_status":"closed","ping_status":"closed","template":"","meta":{"_monsterinsights_skip_tracking":false,"_monsterinsights_sitenote_active":false,"_monsterinsights_sitenote_note":"","_monsterinsights_sitenote_category":0,"footnotes":""},"class_list":["post-2462","page","type-page","status-publish","hentry"],"yoast_head":"<!-- This site is optimized with the Yoast SEO plugin v27.5 - https:\/\/yoast.com\/product\/yoast-seo-wordpress\/ -->\n<title>Informations pratiques - Respire La Vie Rennes<\/title>\n<meta name=\"robots\" content=\"index, follow, max-snippet:-1, max-image-preview:large, max-video-preview:-1\" \/>\n<link rel=\"canonical\" href=\"https:\/\/www.respirelavie.fr\/rennes\/infos-pratiques\/informations-pratiques\/\" \/>\n<meta property=\"og:locale\" content=\"fr_FR\" \/>\n<meta property=\"og:type\" content=\"article\" \/>\n<meta property=\"og:title\" content=\"Informations pratiques - Respire La Vie Rennes\" \/>\n<meta property=\"og:description\" content=\"Dates \u2013 Horaires \u2013 Lieu Du 13 au 15 f\u00e9vrier 2026 De 10h \u00e0 19h et de 10h \u00e0 18h le dimanche \u2013 Derni\u00e8re entr\u00e9e 30min avant la fermeture Parc des Expositions de Rennes A\u00e9roport HALL 10 A &#8211; La Haie Gautrais &#8211; 35172 Bruz Cedex Services visiteurs VESTIAIRE : 2\u20ac CONSIGNE : Gratuite pour&hellip;\" \/>\n<meta property=\"og:url\" content=\"https:\/\/www.respirelavie.fr\/rennes\/infos-pratiques\/informations-pratiques\/\" \/>\n<meta property=\"og:site_name\" content=\"Respire La Vie Rennes\" \/>\n<meta property=\"article:modified_time\" content=\"2025-11-27T16:15:04+00:00\" \/>\n<meta name=\"twitter:card\" content=\"summary_large_image\" \/>\n<meta name=\"twitter:label1\" content=\"Dur\u00e9e de lecture estim\u00e9e\" \/>\n\t<meta name=\"twitter:data1\" content=\"1 minute\" \/>\n<script type=\"application\/ld+json\" class=\"yoast-schema-graph\">{\"@context\":\"https:\\\/\\\/schema.org\",\"@graph\":[{\"@type\":\"WebPage\",\"@id\":\"https:\\\/\\\/www.respirelavie.fr\\\/rennes\\\/infos-pratiques\\\/informations-pratiques\\\/\",\"url\":\"https:\\\/\\\/www.respirelavie.fr\\\/rennes\\\/infos-pratiques\\\/informations-pratiques\\\/\",\"name\":\"Informations pratiques - Respire La Vie Rennes\",\"isPartOf\":{\"@id\":\"https:\\\/\\\/www.respirelavie.fr\\\/rennes\\\/#website\"},\"datePublished\":\"2017-01-24T13:20:35+00:00\",\"dateModified\":\"2025-11-27T16:15:04+00:00\",\"breadcrumb\":{\"@id\":\"https:\\\/\\\/www.respirelavie.fr\\\/rennes\\\/infos-pratiques\\\/informations-pratiques\\\/#breadcrumb\"},\"inLanguage\":\"fr-FR\",\"potentialAction\":[{\"@type\":\"ReadAction\",\"target\":[\"https:\\\/\\\/www.respirelavie.fr\\\/rennes\\\/infos-pratiques\\\/informations-pratiques\\\/\"]}]},{\"@type\":\"BreadcrumbList\",\"@id\":\"https:\\\/\\\/www.respirelavie.fr\\\/rennes\\\/infos-pratiques\\\/informations-pratiques\\\/#breadcrumb\",\"itemListElement\":[{\"@type\":\"ListItem\",\"position\":1,\"name\":\"Accueil\",\"item\":\"https:\\\/\\\/www.respirelavie.fr\\\/rennes\\\/\"},{\"@type\":\"ListItem\",\"position\":2,\"name\":\"Infos pratiques\",\"item\":\"https:\\\/\\\/www.respirelavie.fr\\\/rennes\\\/infos-pratiques\\\/\"},{\"@type\":\"ListItem\",\"position\":3,\"name\":\"Informations pratiques\"}]},{\"@type\":\"WebSite\",\"@id\":\"https:\\\/\\\/www.respirelavie.fr\\\/rennes\\\/#website\",\"url\":\"https:\\\/\\\/www.respirelavie.fr\\\/rennes\\\/\",\"name\":\"Respire La Vie Rennes\",\"description\":\"Respire La Vie Rennes : votre salon \u00e9colo, bio, bien-\u00eatre et habitat sain \u00e0 Rennes\",\"publisher\":{\"@id\":\"https:\\\/\\\/www.respirelavie.fr\\\/rennes\\\/#organization\"},\"potentialAction\":[{\"@type\":\"SearchAction\",\"target\":{\"@type\":\"EntryPoint\",\"urlTemplate\":\"https:\\\/\\\/www.respirelavie.fr\\\/rennes\\\/?s={search_term_string}\"},\"query-input\":{\"@type\":\"PropertyValueSpecification\",\"valueRequired\":true,\"valueName\":\"search_term_string\"}}],\"inLanguage\":\"fr-FR\"},{\"@type\":\"Organization\",\"@id\":\"https:\\\/\\\/www.respirelavie.fr\\\/rennes\\\/#organization\",\"name\":\"Respire La Vie Rennes\",\"url\":\"https:\\\/\\\/www.respirelavie.fr\\\/rennes\\\/\",\"logo\":{\"@type\":\"ImageObject\",\"inLanguage\":\"fr-FR\",\"@id\":\"https:\\\/\\\/www.respirelavie.fr\\\/rennes\\\/#\\\/schema\\\/logo\\\/image\\\/\",\"url\":\"https:\\\/\\\/www.respirelavie.fr\\\/rennes\\\/wp-content\\\/uploads\\\/sites\\\/5\\\/2025\\\/11\\\/cropped-Logo-RESPIRE-rennes-2026.png\",\"contentUrl\":\"https:\\\/\\\/www.respirelavie.fr\\\/rennes\\\/wp-content\\\/uploads\\\/sites\\\/5\\\/2025\\\/11\\\/cropped-Logo-RESPIRE-rennes-2026.png\",\"width\":921,\"height\":255,\"caption\":\"Respire La Vie Rennes\"},\"image\":{\"@id\":\"https:\\\/\\\/www.respirelavie.fr\\\/rennes\\\/#\\\/schema\\\/logo\\\/image\\\/\"}}]}<\/script>\n<!-- \/ Yoast SEO plugin. -->","yoast_head_json":{"title":"Informations pratiques - Respire La Vie Rennes","robots":{"index":"index","follow":"follow","max-snippet":"max-snippet:-1","max-image-preview":"max-image-preview:large","max-video-preview":"max-video-preview:-1"},"canonical":"https:\/\/www.respirelavie.fr\/rennes\/infos-pratiques\/informations-pratiques\/","og_locale":"fr_FR","og_type":"article","og_title":"Informations pratiques - Respire La Vie Rennes","og_description":"Dates \u2013 Horaires \u2013 Lieu Du 13 au 15 f\u00e9vrier 2026 De 10h \u00e0 19h et de 10h \u00e0 18h le dimanche \u2013 Derni\u00e8re entr\u00e9e 30min avant la fermeture Parc des Expositions de Rennes A\u00e9roport HALL 10 A &#8211; La Haie Gautrais &#8211; 35172 Bruz Cedex Services visiteurs VESTIAIRE : 2\u20ac CONSIGNE : Gratuite pour&hellip;","og_url":"https:\/\/www.respirelavie.fr\/rennes\/infos-pratiques\/informations-pratiques\/","og_site_name":"Respire La Vie Rennes","article_modified_time":"2025-11-27T16:15:04+00:00","twitter_card":"summary_large_image","twitter_misc":{"Dur\u00e9e de lecture estim\u00e9e":"1 minute"},"schema":{"@context":"https:\/\/schema.org","@graph":[{"@type":"WebPage","@id":"https:\/\/www.respirelavie.fr\/rennes\/infos-pratiques\/informations-pratiques\/","url":"https:\/\/www.respirelavie.fr\/rennes\/infos-pratiques\/informations-pratiques\/","name":"Informations pratiques - Respire La Vie Rennes","isPartOf":{"@id":"https:\/\/www.respirelavie.fr\/rennes\/#website"},"datePublished":"2017-01-24T13:20:35+00:00","dateModified":"2025-11-27T16:15:04+00:00","breadcrumb":{"@id":"https:\/\/www.respirelavie.fr\/rennes\/infos-pratiques\/informations-pratiques\/#breadcrumb"},"inLanguage":"fr-FR","potentialAction":[{"@type":"ReadAction","target":["https:\/\/www.respirelavie.fr\/rennes\/infos-pratiques\/informations-pratiques\/"]}]},{"@type":"BreadcrumbList","@id":"https:\/\/www.respirelavie.fr\/rennes\/infos-pratiques\/informations-pratiques\/#breadcrumb","itemListElement":[{"@type":"ListItem","position":1,"name":"Accueil","item":"https:\/\/www.respirelavie.fr\/rennes\/"},{"@type":"ListItem","position":2,"name":"Infos pratiques","item":"https:\/\/www.respirelavie.fr\/rennes\/infos-pratiques\/"},{"@type":"ListItem","position":3,"name":"Informations pratiques"}]},{"@type":"WebSite","@id":"https:\/\/www.respirelavie.fr\/rennes\/#website","url":"https:\/\/www.respirelavie.fr\/rennes\/","name":"Respire La Vie Rennes","description":"Respire La Vie Rennes : votre salon \u00e9colo, bio, bien-\u00eatre et habitat sain \u00e0 Rennes","publisher":{"@id":"https:\/\/www.respirelavie.fr\/rennes\/#organization"},"potentialAction":[{"@type":"SearchAction","target":{"@type":"EntryPoint","urlTemplate":"https:\/\/www.respirelavie.fr\/rennes\/?s={search_term_string}"},"query-input":{"@type":"PropertyValueSpecification","valueRequired":true,"valueName":"search_term_string"}}],"inLanguage":"fr-FR"},{"@type":"Organization","@id":"https:\/\/www.respirelavie.fr\/rennes\/#organization","name":"Respire La Vie Rennes","url":"https:\/\/www.respirelavie.fr\/rennes\/","logo":{"@type":"ImageObject","inLanguage":"fr-FR","@id":"https:\/\/www.respirelavie.fr\/rennes\/#\/schema\/logo\/image\/","url":"https:\/\/www.respirelavie.fr\/rennes\/wp-content\/uploads\/sites\/5\/2025\/11\/cropped-Logo-RESPIRE-rennes-2026.png","contentUrl":"https:\/\/www.respirelavie.fr\/rennes\/wp-content\/uploads\/sites\/5\/2025\/11\/cropped-Logo-RESPIRE-rennes-2026.png","width":921,"height":255,"caption":"Respire La Vie Rennes"},"image":{"@id":"https:\/\/www.respirelavie.fr\/rennes\/#\/schema\/logo\/image\/"}}]}},"_links":{"self":[{"href":"https:\/\/www.respirelavie.fr\/rennes\/wp-json\/wp\/v2\/pages\/2462","targetHints":{"allow":["GET"]}}],"collection":[{"href":"https:\/\/www.respirelavie.fr\/rennes\/wp-json\/wp\/v2\/pages"}],"about":[{"href":"https:\/\/www.respirelavie.fr\/rennes\/wp-json\/wp\/v2\/types\/page"}],"author":[{"embeddable":true,"href":"https:\/\/www.respirelavie.fr\/rennes\/wp-json\/wp\/v2\/users\/1"}],"replies":[{"embeddable":true,"href":"https:\/\/www.respirelavie.fr\/rennes\/wp-json\/wp\/v2\/comments?post=2462"}],"version-history":[{"count":41,"href":"https:\/\/www.respirelavie.fr\/rennes\/wp-json\/wp\/v2\/pages\/2462\/revisions"}],"predecessor-version":[{"id":12457,"href":"https:\/\/www.respirelavie.fr\/rennes\/wp-json\/wp\/v2\/pages\/2462\/revisions\/12457"}],"up":[{"embeddable":true,"href":"https:\/\/www.respirelavie.fr\/rennes\/wp-json\/wp\/v2\/pages\/2094"}],"wp:attachment":[{"href":"https:\/\/www.respirelavie.fr\/rennes\/wp-json\/wp\/v2\/media?parent=2462"}],"curies":[{"name":"wp","href":"https:\/\/api.w.org\/{rel}","templated":true}]}}