{"id":6597,"date":"2019-11-26T09:55:40","date_gmt":"2019-11-26T08:55:40","guid":{"rendered":"https:\/\/www.respirelavie.fr\/rennes\/?page_id=6597"},"modified":"2025-11-27T16:05:12","modified_gmt":"2025-11-27T15:05:12","slug":"conferences-experts-20019","status":"publish","type":"page","link":"https:\/\/www.respirelavie.fr\/rennes\/conferences-experts-20019\/","title":{"rendered":"Conf\u00e9rences experts 2019"},"content":{"rendered":"<h2>Vendredi 15 f\u00e9vrier 2019 : Sant\u00e9 &#8211; En finir avec les \u00e9tats inflammatoires<\/h2>\n<h3><strong>12:00<\/strong>\u00a0Stress, inflammations et maladies chroniques : de nouvelles solutions<br \/>\navec le nerf vague &#8211; <strong>Jean-Marie Defossez<\/strong><\/h3>\n<p>Le nerf vague assure la connexion entre votre cerveau et l\u2019ensemble de vos organes vitaux. Les recherches r\u00e9centes r\u00e9v\u00e8lent que ce nerf est essentiel dans le contr\u00f4le de capacit\u00e9s de r\u00e9paration et de gu\u00e9rison du corps. Prendre soin de votre nerf vague revient donc \u00e0 prendre soin de votre corps entier. D\u00e9couvrez une approche nouvelle, naturelle et compl\u00e8te pour recouvrer et conserver la sant\u00e9 !<\/p>\n<p><em><img decoding=\"async\" class=\"wp-image-5296 size-thumbnail alignleft\" src=\"https:\/\/www.respirelavie.fr\/rennes\/wp-content\/uploads\/sites\/5\/2018\/12\/Jean-Marie-Defossez-150x150.jpeg\" alt=\"\" width=\"150\" height=\"150\" \/><span style=\"font-size: 12pt;\">Jean-Marie Defossez est physiologiste, docteur en biologie animale, sp\u00e9cialis\u00e9 dans la gestion des stress. Conf\u00e9rencier, auteur et formateur, il est l\u2019initiateur de la coach-respiration, une technique de gestion des stress bas\u00e9e sur l\u2019approche scientifique des liens entre respiration et sant\u00e9.<\/span><\/em><\/p>\n<p>&nbsp;<\/p>\n<p>&nbsp;<\/p>\n<h3><strong>15:30<\/strong> Comment \u00e9liminer l\u2019\u00e9tat inflammatoire chronique bas, responsable des maladies<br \/>\nd\u00e9g\u00e9n\u00e9ratives ? <strong>France Guillain<\/strong><\/h3>\n<p>Depuis 2008 la Recherche internationale s\u2019inqui\u00e8te de la multiplication de l\u2019ensemble des maladies d\u00e9g\u00e9n\u00e9ratives li\u00e9es \u00e0 l\u2019\u00e9tat inflammatoire qui se d\u00e9tecte \u00e0 la temp\u00e9rature interne moyenne qui doit \u00eatre de 36\u00b06, alors qu\u2019elle est pass\u00e9e \u00e0 37\u00b02 chez tous les occidentalis\u00e9s de tous pays. Les causes en sont diverses : alimentation, mode vestimentaire, s\u00e9dentarit\u00e9, stress, etc. Il existe pourtant des moyens simples, ancestraux et naturels pour l\u2019\u00e9liminer.<\/p>\n<p><em><img decoding=\"async\" class=\"wp-image-5295 size-thumbnail alignleft\" src=\"https:\/\/www.respirelavie.fr\/rennes\/wp-content\/uploads\/sites\/5\/2018\/12\/France-Guillain-150x150.jpeg\" alt=\"\" width=\"150\" height=\"150\" \/><span style=\"font-size: 12pt;\">France Guillain travaille sur la sant\u00e9 depuis plus de trente ans. Ancienne navigatrice autour du monde, auteure de nombreux long-sellers, de \u00ab Bonheur sur la Mer \u00bb aux \u00e9ditions R. Laffont, et de nombreux ouvrages, articles de presse et conf\u00e9rences sur le Bain d\u00e9rivatif et sur l\u2019alimentation, titulaire entre autres d\u2019un D.E. de di\u00e9t\u00e9tique, elle participe r\u00e9guli\u00e8rement \u00e0 de nombreuses \u00e9missions t\u00e9l\u00e9 et radio, sans oublier son billet d\u2019humeur sur l\u2019\u00c9colomag. www.bainsderivatifs.fr<\/span><br \/>\n<\/em><\/p>\n<p>&nbsp;<\/p>\n<h2>Samedi 16 f\u00e9vrier 2019 : D\u00e9veloppement personnel &#8211; La solution est en nous !<\/h2>\n<h3><strong>12:00<\/strong> L\u2019intuition, et si on l\u2019\u00e9coutait vraiment ? <strong>Lydie Castells<\/strong><\/h3>\n<p>Tout le monde a de l\u2019intuition\u00a0! Mais certaines personnes vont l\u2019\u00e9couter et d\u2019autres peu ou jamais. Lydie Castells nous invite \u00e0 faire, en premi\u00e8re \u00e9tape, un diagnostic\u00a0: connaitre son Quotient d\u2019Ecoute de l\u2019intuition actuel (car il \u00e9volue\u00a0!), le QEI, en allant, avant la conf\u00e9rence, sur\u00a0www.qei.fr\u00a0\u00a0(c\u2019est gratuit).\u00a0 Puis, elle nous proposera de comprendre comment d\u00e9bloquer nos r\u00e9sistances pour pouvoir l\u2019\u00e9couter et \u00eatre, de ce fait, en phase avec notre vraie nature.<\/p>\n<p><em><img decoding=\"async\" class=\"wp-image-5297 size-thumbnail alignleft\" src=\"https:\/\/www.respirelavie.fr\/rennes\/wp-content\/uploads\/sites\/5\/2018\/12\/Lydie-Castells-150x150.jpg\" alt=\"\" width=\"150\" height=\"150\" \/><span style=\"font-size: 12pt;\">Lydie Castells a \u00e9t\u00e9 20 ans chef d&#8217;entreprise. En parall\u00e8le, elle s\u2019est form\u00e9e \u00e0 la num\u00e9rologie avec le privil\u00e8ge d&#8217;avoir \u00e9t\u00e9 la derni\u00e8re \u00e9l\u00e8ve du grand num\u00e9rologue Bernard Cr\u00e9quy qui lui a livr\u00e9 la richesse de ses multiples travaux. Elle pratique aujourd\u2019hui la num\u00e9rologie \u00e0 plein temps, donne des cours et des conf\u00e9rences et a cr\u00e9\u00e9 l\u2019arbre de vie en num\u00e9rologie qui permet, avec 7 cl\u00e9s de compr\u00e9hension de soi-m\u00eame, d\u2019\u00eatre en phase avec sa vraie nature et de comprendre comment se recentrer gr\u00e2ce au triangle fondamental. Les \u00e9ditions Eyrolles ont publi\u00e9 le fruit de ses travaux : \u00ab Num\u00e9rologie \u00bb (2017) et \u00ab Intuition, et si on l\u2019\u00e9coutait vraiment ? (2018).<\/span><\/em><\/p>\n<p>&nbsp;<\/p>\n<h3><strong>15:30<\/strong> C\u2019est d\u00e9cid\u00e9, je m\u2019\u00e9pouse ! <strong>Nathalie Lef\u00e8vre<\/strong><\/h3>\n<p>Nous passons une grande partie de notre existence \u00e0 nous faire des reproches et \u00e0 chercher dans le regard de l\u2019autre une reconnaissance que nous sommes seuls capables de nous donner. Et si nous cessions enfin de nous g\u00e2cher la vie avec nos critiques int\u00e9rieures et faisions d\u00e9finitivement la paix avec nous-m\u00eame en acceptant pleinement ce que nous sommes, sans concession ?\u2028Sur le mod\u00e8le de l\u2019engagement amoureux, nous engager aupr\u00e8s de nous. Comment nous apprivoiser, nous accepter et nous aimer\u2026 pour le meilleur et pour le pire !<\/p>\n<p><img loading=\"lazy\" decoding=\"async\" class=\"wp-image-5298 alignleft\" src=\"https:\/\/www.respirelavie.fr\/rennes\/wp-content\/uploads\/sites\/5\/2018\/12\/Nathalie-Lefevre.jpg\" alt=\"\" width=\"150\" height=\"155\" \/><br \/>\n<em><span style=\"font-size: 12pt;\">Nathalie Lef\u00e8vre est journaliste. Elle dirige l\u2019antenne de Radio M\u00e9decine Douce depuis 8 ans.\u00a0 Elle est la cr\u00e9atrice des soir\u00e9es \u00ab\u00a0Sens et Exp\u00e9rience\u00a0\u00bb o\u00f9 le public est invit\u00e9 \u00e0 exp\u00e9rimenter des outils th\u00e9rapeutiques dans la cadre d\u2019un spectacle vivant. Elle anime des conf\u00e9rences autour du th\u00e8me \u00ab\u00a0C\u2019est d\u00e9cid\u00e9 je m\u2019\u00e9pouse\u00a0\u00bb (marque d\u00e9pos\u00e9e depuis 1 an), dans lesquelles elle transmet des outils concrets pour commencer \u00e0 faire vivre une relation harmonieuse avec soi-m\u00eame.<\/span><\/em><\/p>\n<p>&nbsp;<\/p>\n<h2>Dimanche 17 f\u00e9vrier 2019 : Alimentation &#8211; bonne pour notre sant\u00e9, bonne pour la plan\u00e8te<\/h2>\n<h3><\/h3>\n<h3><strong>12:00<\/strong> L\u2019index glyc\u00e9mique, un \u00e9l\u00e9ment fondamental pour la sant\u00e9 &#8211; <strong>Virginie Pencrec\u2019h<\/strong><\/h3>\n<p>Alors que la notion\u00a0de sucres lents et sucres rapides est devenue obsol\u00e8te, nous entendons aujourd\u2019hui beaucoup parler\u00a0de l\u2019index glyc\u00e9mique. Il est devenu un vrai alli\u00e9 pour notre sant\u00e9 et la pr\u00e9vention des maladies m\u00e9taboliques. Cette conf\u00e9rence, vous aidera \u00e0 mieux le comprendre, \u00e0 profiter d\u2019id\u00e9es pratiques et de recettes, pour adopter l\u2019index glyc\u00e9mique au quotidien.<\/p>\n<p><em><img loading=\"lazy\" decoding=\"async\" class=\"wp-image-5299 size-thumbnail alignleft\" src=\"https:\/\/www.respirelavie.fr\/rennes\/wp-content\/uploads\/sites\/5\/2018\/12\/Virginie-Pencrech-150x150.jpg\" alt=\"\" width=\"150\" height=\"150\" \/><span style=\"font-size: 12pt;\">Di\u00e9t\u00e9ticienne-nutritionniste dipl\u00f4m\u00e9e, apr\u00e8s un cursus universitaire en biologie et une exp\u00e9rience professionnelle dans le management et la formation, <strong>Virginie Pencrec\u2019h<\/strong>, passionn\u00e9e\u00a0par la nutrition,\u00a0revient\u00a0\u00e0 ses valeurs premi\u00e8res en se perfectionnant\u00a0en nutrition sant\u00e9, phytonutrition et micronutrition. \u00c9galement dipl\u00f4m\u00e9e en\u00a0shiatsu et en \u00e9nerg\u00e9tique chinoise, elle accompagne ses patients gr\u00e2ce \u00e0 une approche pratico-pratique, favorisant le plaisir gustatif, sans frustrations\u00a0!<\/span><br \/>\n<\/em><\/p>\n<p>&nbsp;<\/p>\n<h3><strong>15:30<\/strong> Moins de viande : vers une transition au profit de notre sant\u00e9, du monde vivant et de l\u2019environnement &#8211; <strong>Dr Jean-Paul Curtay<\/strong><\/h3>\n<p>La viande low-cost, banalis\u00e9e au quotidien, a fait son temps. Les \u00e9tudes sont formelles\u00a0: notre consommation actuelle de viande est intenable sur la dur\u00e9e, dommageable pour notre sant\u00e9, pour l\u2019environnement et pour le bien-\u00eatre animal. La consommation de viande, l\u2019aliment le plus inflammatoire de notre assiette, augmente les risques de surpoids, de diab\u00e8te, de maladies cardiovasculaires, de cancers et de maladie d\u2019Alzheimer\u2026 Une viande de qualit\u00e9, d&#8217;animaux \u00e9lev\u00e9s en plein air, peut, si on le\u00a0veut, garder une place festive dans le cadre d&#8217;un r\u00e9gime &#8220;flexitarien&#8221; et elle reste int\u00e9ressante pour les personnes qui ont\u00a0besoin de fer : enfants et adolescents en forte croissance, femmes enceintes.<\/p>\n<p><em><img loading=\"lazy\" decoding=\"async\" class=\"wp-image-5294 size-thumbnail alignleft\" src=\"https:\/\/www.respirelavie.fr\/rennes\/wp-content\/uploads\/sites\/5\/2018\/12\/Dr-Jean-Paul-Curtay-150x150.jpg\" alt=\"\" width=\"150\" height=\"150\" \/><span style=\"font-size: 12pt;\">Pionnier de la nutrith\u00e9rapie, le Dr Jean-Paul Curtay a termin\u00e9 ses \u00e9tudes de m\u00e9decine \u00e0 l&#8217;universit\u00e9 de Californie, o\u00f9 il a d\u00e9couvert l&#8217;importance des relations entre alimentation et sant\u00e9. Il a cr\u00e9\u00e9 la premi\u00e8re consultation de nutrith\u00e9rapie en France et \u00ab Le Parcours Okinawa \u00bb, synth\u00e8se de ses recherches, sous forme d\u2019un programme vid\u00e9o global pour mieux vivre. Il est membre de l\u2019Acad\u00e9mie des Sciences de New York. www.parcours-okinawa.fr<\/span><\/em><\/p>\n","protected":false},"excerpt":{"rendered":"<p>Vendredi 15 f\u00e9vrier 2019 : Sant\u00e9 &#8211; En finir avec les \u00e9tats inflammatoires 12:00\u00a0Stress, inflammations et maladies chroniques : de nouvelles solutions avec le nerf vague &#8211; Jean-Marie Defossez Le nerf vague assure la connexion entre votre cerveau et l\u2019ensemble de vos organes vitaux. Les recherches r\u00e9centes r\u00e9v\u00e8lent que ce nerf est essentiel dans le&hellip; <\/p>\n","protected":false},"author":1,"featured_media":0,"parent":0,"menu_order":0,"comment_status":"closed","ping_status":"closed","template":"","meta":{"_monsterinsights_skip_tracking":false,"_monsterinsights_sitenote_active":false,"_monsterinsights_sitenote_note":"","_monsterinsights_sitenote_category":0,"footnotes":""},"class_list":["post-6597","page","type-page","status-publish","hentry"],"yoast_head":"<!-- This site is optimized with the Yoast SEO plugin v27.5 - https:\/\/yoast.com\/product\/yoast-seo-wordpress\/ -->\n<title>Conf\u00e9rences experts 2019 - Respire La Vie Rennes<\/title>\n<meta name=\"robots\" content=\"index, follow, max-snippet:-1, max-image-preview:large, max-video-preview:-1\" \/>\n<link rel=\"canonical\" href=\"https:\/\/www.respirelavie.fr\/rennes\/conferences-experts-20019\/\" \/>\n<meta property=\"og:locale\" content=\"fr_FR\" \/>\n<meta property=\"og:type\" content=\"article\" \/>\n<meta property=\"og:title\" content=\"Conf\u00e9rences experts 2019 - Respire La Vie Rennes\" \/>\n<meta property=\"og:description\" content=\"Vendredi 15 f\u00e9vrier 2019 : Sant\u00e9 &#8211; En finir avec les \u00e9tats inflammatoires 12:00\u00a0Stress, inflammations et maladies chroniques : de nouvelles solutions avec le nerf vague &#8211; Jean-Marie Defossez Le nerf vague assure la connexion entre votre cerveau et l\u2019ensemble de vos organes vitaux. Les recherches r\u00e9centes r\u00e9v\u00e8lent que ce nerf est essentiel dans le&hellip;\" \/>\n<meta property=\"og:url\" content=\"https:\/\/www.respirelavie.fr\/rennes\/conferences-experts-20019\/\" \/>\n<meta property=\"og:site_name\" content=\"Respire La Vie Rennes\" \/>\n<meta property=\"article:modified_time\" content=\"2025-11-27T15:05:12+00:00\" \/>\n<meta property=\"og:image\" content=\"https:\/\/www.respirelavie.fr\/rennes\/wp-content\/uploads\/sites\/5\/2018\/12\/Jean-Marie-Defossez-150x150.jpeg\" \/>\n<meta name=\"twitter:card\" content=\"summary_large_image\" \/>\n<meta name=\"twitter:label1\" content=\"Dur\u00e9e de lecture estim\u00e9e\" \/>\n\t<meta name=\"twitter:data1\" content=\"7 minutes\" \/>\n<script type=\"application\/ld+json\" class=\"yoast-schema-graph\">{\"@context\":\"https:\\\/\\\/schema.org\",\"@graph\":[{\"@type\":\"WebPage\",\"@id\":\"https:\\\/\\\/www.respirelavie.fr\\\/rennes\\\/conferences-experts-20019\\\/\",\"url\":\"https:\\\/\\\/www.respirelavie.fr\\\/rennes\\\/conferences-experts-20019\\\/\",\"name\":\"Conf\u00e9rences experts 2019 - Respire La Vie Rennes\",\"isPartOf\":{\"@id\":\"https:\\\/\\\/www.respirelavie.fr\\\/rennes\\\/#website\"},\"primaryImageOfPage\":{\"@id\":\"https:\\\/\\\/www.respirelavie.fr\\\/rennes\\\/conferences-experts-20019\\\/#primaryimage\"},\"image\":{\"@id\":\"https:\\\/\\\/www.respirelavie.fr\\\/rennes\\\/conferences-experts-20019\\\/#primaryimage\"},\"thumbnailUrl\":\"https:\\\/\\\/www.respirelavie.fr\\\/rennes\\\/wp-content\\\/uploads\\\/sites\\\/5\\\/2018\\\/12\\\/Jean-Marie-Defossez-150x150.jpeg\",\"datePublished\":\"2019-11-26T08:55:40+00:00\",\"dateModified\":\"2025-11-27T15:05:12+00:00\",\"breadcrumb\":{\"@id\":\"https:\\\/\\\/www.respirelavie.fr\\\/rennes\\\/conferences-experts-20019\\\/#breadcrumb\"},\"inLanguage\":\"fr-FR\",\"potentialAction\":[{\"@type\":\"ReadAction\",\"target\":[\"https:\\\/\\\/www.respirelavie.fr\\\/rennes\\\/conferences-experts-20019\\\/\"]}]},{\"@type\":\"ImageObject\",\"inLanguage\":\"fr-FR\",\"@id\":\"https:\\\/\\\/www.respirelavie.fr\\\/rennes\\\/conferences-experts-20019\\\/#primaryimage\",\"url\":\"\",\"contentUrl\":\"\"},{\"@type\":\"BreadcrumbList\",\"@id\":\"https:\\\/\\\/www.respirelavie.fr\\\/rennes\\\/conferences-experts-20019\\\/#breadcrumb\",\"itemListElement\":[{\"@type\":\"ListItem\",\"position\":1,\"name\":\"Accueil\",\"item\":\"https:\\\/\\\/www.respirelavie.fr\\\/rennes\\\/\"},{\"@type\":\"ListItem\",\"position\":2,\"name\":\"Conf\u00e9rences experts 2019\"}]},{\"@type\":\"WebSite\",\"@id\":\"https:\\\/\\\/www.respirelavie.fr\\\/rennes\\\/#website\",\"url\":\"https:\\\/\\\/www.respirelavie.fr\\\/rennes\\\/\",\"name\":\"Respire La Vie Rennes\",\"description\":\"Respire La Vie Rennes : votre salon \u00e9colo, bio, bien-\u00eatre et habitat sain \u00e0 Rennes\",\"publisher\":{\"@id\":\"https:\\\/\\\/www.respirelavie.fr\\\/rennes\\\/#organization\"},\"potentialAction\":[{\"@type\":\"SearchAction\",\"target\":{\"@type\":\"EntryPoint\",\"urlTemplate\":\"https:\\\/\\\/www.respirelavie.fr\\\/rennes\\\/?s={search_term_string}\"},\"query-input\":{\"@type\":\"PropertyValueSpecification\",\"valueRequired\":true,\"valueName\":\"search_term_string\"}}],\"inLanguage\":\"fr-FR\"},{\"@type\":\"Organization\",\"@id\":\"https:\\\/\\\/www.respirelavie.fr\\\/rennes\\\/#organization\",\"name\":\"Respire La Vie Rennes\",\"url\":\"https:\\\/\\\/www.respirelavie.fr\\\/rennes\\\/\",\"logo\":{\"@type\":\"ImageObject\",\"inLanguage\":\"fr-FR\",\"@id\":\"https:\\\/\\\/www.respirelavie.fr\\\/rennes\\\/#\\\/schema\\\/logo\\\/image\\\/\",\"url\":\"https:\\\/\\\/www.respirelavie.fr\\\/rennes\\\/wp-content\\\/uploads\\\/sites\\\/5\\\/2025\\\/11\\\/cropped-Logo-RESPIRE-rennes-2026.png\",\"contentUrl\":\"https:\\\/\\\/www.respirelavie.fr\\\/rennes\\\/wp-content\\\/uploads\\\/sites\\\/5\\\/2025\\\/11\\\/cropped-Logo-RESPIRE-rennes-2026.png\",\"width\":921,\"height\":255,\"caption\":\"Respire La Vie Rennes\"},\"image\":{\"@id\":\"https:\\\/\\\/www.respirelavie.fr\\\/rennes\\\/#\\\/schema\\\/logo\\\/image\\\/\"}}]}<\/script>\n<!-- \/ Yoast SEO plugin. -->","yoast_head_json":{"title":"Conf\u00e9rences experts 2019 - Respire La Vie Rennes","robots":{"index":"index","follow":"follow","max-snippet":"max-snippet:-1","max-image-preview":"max-image-preview:large","max-video-preview":"max-video-preview:-1"},"canonical":"https:\/\/www.respirelavie.fr\/rennes\/conferences-experts-20019\/","og_locale":"fr_FR","og_type":"article","og_title":"Conf\u00e9rences experts 2019 - Respire La Vie Rennes","og_description":"Vendredi 15 f\u00e9vrier 2019 : Sant\u00e9 &#8211; En finir avec les \u00e9tats inflammatoires 12:00\u00a0Stress, inflammations et maladies chroniques : de nouvelles solutions avec le nerf vague &#8211; Jean-Marie Defossez Le nerf vague assure la connexion entre votre cerveau et l\u2019ensemble de vos organes vitaux. Les recherches r\u00e9centes r\u00e9v\u00e8lent que ce nerf est essentiel dans le&hellip;","og_url":"https:\/\/www.respirelavie.fr\/rennes\/conferences-experts-20019\/","og_site_name":"Respire La Vie Rennes","article_modified_time":"2025-11-27T15:05:12+00:00","og_image":[{"url":"https:\/\/www.respirelavie.fr\/rennes\/wp-content\/uploads\/sites\/5\/2018\/12\/Jean-Marie-Defossez-150x150.jpeg","type":"","width":"","height":""}],"twitter_card":"summary_large_image","twitter_misc":{"Dur\u00e9e de lecture estim\u00e9e":"7 minutes"},"schema":{"@context":"https:\/\/schema.org","@graph":[{"@type":"WebPage","@id":"https:\/\/www.respirelavie.fr\/rennes\/conferences-experts-20019\/","url":"https:\/\/www.respirelavie.fr\/rennes\/conferences-experts-20019\/","name":"Conf\u00e9rences experts 2019 - Respire La Vie Rennes","isPartOf":{"@id":"https:\/\/www.respirelavie.fr\/rennes\/#website"},"primaryImageOfPage":{"@id":"https:\/\/www.respirelavie.fr\/rennes\/conferences-experts-20019\/#primaryimage"},"image":{"@id":"https:\/\/www.respirelavie.fr\/rennes\/conferences-experts-20019\/#primaryimage"},"thumbnailUrl":"https:\/\/www.respirelavie.fr\/rennes\/wp-content\/uploads\/sites\/5\/2018\/12\/Jean-Marie-Defossez-150x150.jpeg","datePublished":"2019-11-26T08:55:40+00:00","dateModified":"2025-11-27T15:05:12+00:00","breadcrumb":{"@id":"https:\/\/www.respirelavie.fr\/rennes\/conferences-experts-20019\/#breadcrumb"},"inLanguage":"fr-FR","potentialAction":[{"@type":"ReadAction","target":["https:\/\/www.respirelavie.fr\/rennes\/conferences-experts-20019\/"]}]},{"@type":"ImageObject","inLanguage":"fr-FR","@id":"https:\/\/www.respirelavie.fr\/rennes\/conferences-experts-20019\/#primaryimage","url":"","contentUrl":""},{"@type":"BreadcrumbList","@id":"https:\/\/www.respirelavie.fr\/rennes\/conferences-experts-20019\/#breadcrumb","itemListElement":[{"@type":"ListItem","position":1,"name":"Accueil","item":"https:\/\/www.respirelavie.fr\/rennes\/"},{"@type":"ListItem","position":2,"name":"Conf\u00e9rences experts 2019"}]},{"@type":"WebSite","@id":"https:\/\/www.respirelavie.fr\/rennes\/#website","url":"https:\/\/www.respirelavie.fr\/rennes\/","name":"Respire La Vie Rennes","description":"Respire La Vie Rennes : votre salon \u00e9colo, bio, bien-\u00eatre et habitat sain \u00e0 Rennes","publisher":{"@id":"https:\/\/www.respirelavie.fr\/rennes\/#organization"},"potentialAction":[{"@type":"SearchAction","target":{"@type":"EntryPoint","urlTemplate":"https:\/\/www.respirelavie.fr\/rennes\/?s={search_term_string}"},"query-input":{"@type":"PropertyValueSpecification","valueRequired":true,"valueName":"search_term_string"}}],"inLanguage":"fr-FR"},{"@type":"Organization","@id":"https:\/\/www.respirelavie.fr\/rennes\/#organization","name":"Respire La Vie Rennes","url":"https:\/\/www.respirelavie.fr\/rennes\/","logo":{"@type":"ImageObject","inLanguage":"fr-FR","@id":"https:\/\/www.respirelavie.fr\/rennes\/#\/schema\/logo\/image\/","url":"https:\/\/www.respirelavie.fr\/rennes\/wp-content\/uploads\/sites\/5\/2025\/11\/cropped-Logo-RESPIRE-rennes-2026.png","contentUrl":"https:\/\/www.respirelavie.fr\/rennes\/wp-content\/uploads\/sites\/5\/2025\/11\/cropped-Logo-RESPIRE-rennes-2026.png","width":921,"height":255,"caption":"Respire La Vie Rennes"},"image":{"@id":"https:\/\/www.respirelavie.fr\/rennes\/#\/schema\/logo\/image\/"}}]}},"_links":{"self":[{"href":"https:\/\/www.respirelavie.fr\/rennes\/wp-json\/wp\/v2\/pages\/6597","targetHints":{"allow":["GET"]}}],"collection":[{"href":"https:\/\/www.respirelavie.fr\/rennes\/wp-json\/wp\/v2\/pages"}],"about":[{"href":"https:\/\/www.respirelavie.fr\/rennes\/wp-json\/wp\/v2\/types\/page"}],"author":[{"embeddable":true,"href":"https:\/\/www.respirelavie.fr\/rennes\/wp-json\/wp\/v2\/users\/1"}],"replies":[{"embeddable":true,"href":"https:\/\/www.respirelavie.fr\/rennes\/wp-json\/wp\/v2\/comments?post=6597"}],"version-history":[{"count":2,"href":"https:\/\/www.respirelavie.fr\/rennes\/wp-json\/wp\/v2\/pages\/6597\/revisions"}],"predecessor-version":[{"id":12419,"href":"https:\/\/www.respirelavie.fr\/rennes\/wp-json\/wp\/v2\/pages\/6597\/revisions\/12419"}],"wp:attachment":[{"href":"https:\/\/www.respirelavie.fr\/rennes\/wp-json\/wp\/v2\/media?parent=6597"}],"curies":[{"name":"wp","href":"https:\/\/api.w.org\/{rel}","templated":true}]}}