{"id":8834,"date":"2022-08-16T12:09:03","date_gmt":"2022-08-16T10:09:03","guid":{"rendered":"https:\/\/www.respirelavie.fr\/rennes\/?page_id=8834"},"modified":"2022-08-16T12:09:03","modified_gmt":"2022-08-16T10:09:03","slug":"ateliers-bien-etre-2022","status":"publish","type":"page","link":"https:\/\/www.respirelavie.fr\/rennes\/ateliers-bien-etre-2022\/","title":{"rendered":"Ateliers bien-\u00eatre 2022"},"content":{"rendered":"<p><strong>Les ateliers bien-\u00eatre se d\u00e9roulent dans la <span style=\"color: #d82f89;\">salle LIBERT\u00c9<\/span><\/strong><\/p>\n<h2 class=\"p1\"><strong>VENDREDI 18 F\u00c9VRIER 2022<\/strong><\/h2>\n<p><strong><span style=\"color: #d82f89;\">11:00 <\/span><\/strong>Quelle huiles essentielles pour apprivoiser stress et anxi\u00e9t\u00e9 ? &#8211; Sylvie Hurel<br \/>\n<strong><span style=\"color: #d82f89;\">12:00 <\/span><\/strong>Je r\u00e9alise mon Arbre de Vie &#8211; Sylvie Hurel<br \/>\n<strong><span style=\"color: #d82f89;\">13:00 <\/span><\/strong>Massages avec les bols tib\u00e9tains &#8211; Alain M\u00e9traux<br \/>\n<strong><span style=\"color: #d82f89;\">15:00<\/span><\/strong> L&#8217;hypnose comme outil de connaissance de soi, voyage au travers de nos personnages int\u00e9rieur &#8211; H\u00e9l\u00e8ne Girardin<br \/>\n<strong><span style=\"color: #d82f89;\">16:00<\/span><\/strong> 5 sens &amp; cr\u00e9ativit\u00e9 &#8211; Sara Thoisy<br \/>\n<strong><span style=\"color: #d82f89;\">17:00<\/span><\/strong> Le je\u00fbne et ses bienfaits &#8211; physiologie et pratiques &#8211; Manon Limosin<br \/>\n<strong><span style=\"color: #d82f89;\">18:00<\/span><\/strong> Voyage sonore &#8211; S\u00e9mia Boyer<\/p>\n<h2 class=\"p1\"><strong>SAMEDI 19 F\u00c9VRIER 2022<\/strong><\/h2>\n<p><strong><span style=\"color: #d82f89;\">11:00 <\/span><\/strong>Brain Gym : bouger pour mieux apprendre &#8211; Tha\u00efs Leboisselier<strong><span style=\"color: #d82f89;\"><br \/>\n12:00 <\/span><\/strong>5 sens &amp; cr\u00e9ativit\u00e9 &#8211; Sara Thoisy<strong><span style=\"color: #d82f89;\"><br \/>\n13:00 <\/span><\/strong>Atelier Bols de cristal &#8211; Alain Metraux<strong><span style=\"color: #d82f89;\"><br \/>\n14:00 <\/span><\/strong>L&#8217;hypnose comme outil de connaissance de soi, voyage au travers de nos personnages int\u00e9rieur &#8211; H\u00e9l\u00e8ne Girardin<br \/>\n<strong><span style=\"color: #d82f89;\">15:00\u00a0<\/span><\/strong>Comment agir contre les tensions musculaires de la t\u00eate, de la nuque et du dos &#8211; Alfred Pfennig<br \/>\n<strong><span style=\"color: #d82f89;\">16:00 <\/span><\/strong>5 sens &amp; cr\u00e9ativit\u00e9 &#8211; Sara Thoisy<br \/>\n<strong><span style=\"color: #d82f89;\">17:00 <\/span><\/strong>Pr\u00e9parer et r\u00e9ussir ses projets avec la num\u00e9rologie cr\u00e9ative &#8211; Laurence Thi\u00e9vin<br \/>\n<strong><span style=\"color: #d82f89;\">18:00\u00a0<\/span><\/strong>Le je\u00fbne et ses bienfaits &#8211; physiologie et pratiques &#8211; Manon Limosin<\/p>\n<h2 class=\"p1\"><strong>DIMANCHE 20 F\u00c9VRIER 2022<\/strong><\/h2>\n<p><strong><span style=\"color: #d82f89;\">11:00 <\/span><\/strong>Joue avec tes r\u00e9flexes&#8230; des yeux &#8211; Tha\u00efs Leboisselier<br \/>\n<strong><span style=\"color: #d82f89;\">12:00 <\/span><\/strong>Voyage bien-\u00eatre &#8211; Karine Lallier<br \/>\n<strong><span style=\"color: #d82f89;\">13:00 <\/span><\/strong>Comment agir contre les tensions musculaires de la t\u00eate, de la nuque et du dos &#8211; Alfred Pfennig<br \/>\n<strong><span style=\"color: #d82f89;\">15:00<\/span><\/strong> L&#8217;hypnose comme outil de connaissance de soi, voyage au travers de nos personnages int\u00e9rieur &#8211; H\u00e9l\u00e8ne Girardin<br \/>\n<strong><span style=\"color: #d82f89;\">17:00 <\/span><\/strong>Le je\u00fbne et ses bienfaits &#8211; physiologie et pratiques &#8211; Manon Limosin<\/p>\n","protected":false},"excerpt":{"rendered":"<p>Les ateliers bien-\u00eatre se d\u00e9roulent dans la salle LIBERT\u00c9 VENDREDI 18 F\u00c9VRIER 2022 11:00 Quelle huiles essentielles pour apprivoiser stress et anxi\u00e9t\u00e9 ? &#8211; Sylvie Hurel 12:00 Je r\u00e9alise mon Arbre de Vie &#8211; Sylvie Hurel 13:00 Massages avec les bols tib\u00e9tains &#8211; Alain M\u00e9traux 15:00 L&#8217;hypnose comme outil de connaissance de soi, voyage au&hellip; <\/p>\n","protected":false},"author":7,"featured_media":0,"parent":0,"menu_order":0,"comment_status":"closed","ping_status":"closed","template":"","meta":{"_monsterinsights_skip_tracking":false,"_monsterinsights_sitenote_active":false,"_monsterinsights_sitenote_note":"","_monsterinsights_sitenote_category":0,"footnotes":""},"class_list":["post-8834","page","type-page","status-publish","hentry"],"yoast_head":"<!-- This site is optimized with the Yoast SEO plugin v27.3 - https:\/\/yoast.com\/product\/yoast-seo-wordpress\/ -->\n<title>Ateliers bien-\u00eatre 2022 - Respire La Vie Rennes<\/title>\n<meta name=\"robots\" content=\"index, follow, max-snippet:-1, max-image-preview:large, max-video-preview:-1\" \/>\n<link rel=\"canonical\" href=\"https:\/\/www.respirelavie.fr\/rennes\/ateliers-bien-etre-2022\/\" \/>\n<meta property=\"og:locale\" content=\"fr_FR\" \/>\n<meta property=\"og:type\" content=\"article\" \/>\n<meta property=\"og:title\" content=\"Ateliers bien-\u00eatre 2022 - Respire La Vie Rennes\" \/>\n<meta property=\"og:description\" content=\"Les ateliers bien-\u00eatre se d\u00e9roulent dans la salle LIBERT\u00c9 VENDREDI 18 F\u00c9VRIER 2022 11:00 Quelle huiles essentielles pour apprivoiser stress et anxi\u00e9t\u00e9 ? &#8211; Sylvie Hurel 12:00 Je r\u00e9alise mon Arbre de Vie &#8211; Sylvie Hurel 13:00 Massages avec les bols tib\u00e9tains &#8211; Alain M\u00e9traux 15:00 L&#8217;hypnose comme outil de connaissance de soi, voyage au&hellip;\" \/>\n<meta property=\"og:url\" content=\"https:\/\/www.respirelavie.fr\/rennes\/ateliers-bien-etre-2022\/\" \/>\n<meta property=\"og:site_name\" content=\"Respire La Vie Rennes\" \/>\n<meta name=\"twitter:card\" content=\"summary_large_image\" \/>\n<meta name=\"twitter:label1\" content=\"Dur\u00e9e de lecture estim\u00e9e\" \/>\n\t<meta name=\"twitter:data1\" content=\"1 minute\" \/>\n<script type=\"application\/ld+json\" class=\"yoast-schema-graph\">{\"@context\":\"https:\\\/\\\/schema.org\",\"@graph\":[{\"@type\":\"WebPage\",\"@id\":\"https:\\\/\\\/www.respirelavie.fr\\\/rennes\\\/ateliers-bien-etre-2022\\\/\",\"url\":\"https:\\\/\\\/www.respirelavie.fr\\\/rennes\\\/ateliers-bien-etre-2022\\\/\",\"name\":\"Ateliers bien-\u00eatre 2022 - Respire La Vie Rennes\",\"isPartOf\":{\"@id\":\"https:\\\/\\\/www.respirelavie.fr\\\/rennes\\\/#website\"},\"datePublished\":\"2022-08-16T10:09:03+00:00\",\"breadcrumb\":{\"@id\":\"https:\\\/\\\/www.respirelavie.fr\\\/rennes\\\/ateliers-bien-etre-2022\\\/#breadcrumb\"},\"inLanguage\":\"fr-FR\",\"potentialAction\":[{\"@type\":\"ReadAction\",\"target\":[\"https:\\\/\\\/www.respirelavie.fr\\\/rennes\\\/ateliers-bien-etre-2022\\\/\"]}]},{\"@type\":\"BreadcrumbList\",\"@id\":\"https:\\\/\\\/www.respirelavie.fr\\\/rennes\\\/ateliers-bien-etre-2022\\\/#breadcrumb\",\"itemListElement\":[{\"@type\":\"ListItem\",\"position\":1,\"name\":\"Accueil\",\"item\":\"https:\\\/\\\/www.respirelavie.fr\\\/rennes\\\/\"},{\"@type\":\"ListItem\",\"position\":2,\"name\":\"Ateliers bien-\u00eatre 2022\"}]},{\"@type\":\"WebSite\",\"@id\":\"https:\\\/\\\/www.respirelavie.fr\\\/rennes\\\/#website\",\"url\":\"https:\\\/\\\/www.respirelavie.fr\\\/rennes\\\/\",\"name\":\"Respire La Vie Rennes\",\"description\":\"Respire La Vie Rennes : votre salon \u00e9colo, bio, bien-\u00eatre et habitat sain \u00e0 Rennes\",\"publisher\":{\"@id\":\"https:\\\/\\\/www.respirelavie.fr\\\/rennes\\\/#organization\"},\"potentialAction\":[{\"@type\":\"SearchAction\",\"target\":{\"@type\":\"EntryPoint\",\"urlTemplate\":\"https:\\\/\\\/www.respirelavie.fr\\\/rennes\\\/?s={search_term_string}\"},\"query-input\":{\"@type\":\"PropertyValueSpecification\",\"valueRequired\":true,\"valueName\":\"search_term_string\"}}],\"inLanguage\":\"fr-FR\"},{\"@type\":\"Organization\",\"@id\":\"https:\\\/\\\/www.respirelavie.fr\\\/rennes\\\/#organization\",\"name\":\"Respire La Vie Rennes\",\"url\":\"https:\\\/\\\/www.respirelavie.fr\\\/rennes\\\/\",\"logo\":{\"@type\":\"ImageObject\",\"inLanguage\":\"fr-FR\",\"@id\":\"https:\\\/\\\/www.respirelavie.fr\\\/rennes\\\/#\\\/schema\\\/logo\\\/image\\\/\",\"url\":\"https:\\\/\\\/www.respirelavie.fr\\\/rennes\\\/wp-content\\\/uploads\\\/sites\\\/5\\\/2025\\\/11\\\/cropped-Logo-RESPIRE-rennes-2026.png\",\"contentUrl\":\"https:\\\/\\\/www.respirelavie.fr\\\/rennes\\\/wp-content\\\/uploads\\\/sites\\\/5\\\/2025\\\/11\\\/cropped-Logo-RESPIRE-rennes-2026.png\",\"width\":921,\"height\":255,\"caption\":\"Respire La Vie Rennes\"},\"image\":{\"@id\":\"https:\\\/\\\/www.respirelavie.fr\\\/rennes\\\/#\\\/schema\\\/logo\\\/image\\\/\"}}]}<\/script>\n<!-- \/ Yoast SEO plugin. -->","yoast_head_json":{"title":"Ateliers bien-\u00eatre 2022 - Respire La Vie Rennes","robots":{"index":"index","follow":"follow","max-snippet":"max-snippet:-1","max-image-preview":"max-image-preview:large","max-video-preview":"max-video-preview:-1"},"canonical":"https:\/\/www.respirelavie.fr\/rennes\/ateliers-bien-etre-2022\/","og_locale":"fr_FR","og_type":"article","og_title":"Ateliers bien-\u00eatre 2022 - Respire La Vie Rennes","og_description":"Les ateliers bien-\u00eatre se d\u00e9roulent dans la salle LIBERT\u00c9 VENDREDI 18 F\u00c9VRIER 2022 11:00 Quelle huiles essentielles pour apprivoiser stress et anxi\u00e9t\u00e9 ? &#8211; Sylvie Hurel 12:00 Je r\u00e9alise mon Arbre de Vie &#8211; Sylvie Hurel 13:00 Massages avec les bols tib\u00e9tains &#8211; Alain M\u00e9traux 15:00 L&#8217;hypnose comme outil de connaissance de soi, voyage au&hellip;","og_url":"https:\/\/www.respirelavie.fr\/rennes\/ateliers-bien-etre-2022\/","og_site_name":"Respire La Vie Rennes","twitter_card":"summary_large_image","twitter_misc":{"Dur\u00e9e de lecture estim\u00e9e":"1 minute"},"schema":{"@context":"https:\/\/schema.org","@graph":[{"@type":"WebPage","@id":"https:\/\/www.respirelavie.fr\/rennes\/ateliers-bien-etre-2022\/","url":"https:\/\/www.respirelavie.fr\/rennes\/ateliers-bien-etre-2022\/","name":"Ateliers bien-\u00eatre 2022 - Respire La Vie Rennes","isPartOf":{"@id":"https:\/\/www.respirelavie.fr\/rennes\/#website"},"datePublished":"2022-08-16T10:09:03+00:00","breadcrumb":{"@id":"https:\/\/www.respirelavie.fr\/rennes\/ateliers-bien-etre-2022\/#breadcrumb"},"inLanguage":"fr-FR","potentialAction":[{"@type":"ReadAction","target":["https:\/\/www.respirelavie.fr\/rennes\/ateliers-bien-etre-2022\/"]}]},{"@type":"BreadcrumbList","@id":"https:\/\/www.respirelavie.fr\/rennes\/ateliers-bien-etre-2022\/#breadcrumb","itemListElement":[{"@type":"ListItem","position":1,"name":"Accueil","item":"https:\/\/www.respirelavie.fr\/rennes\/"},{"@type":"ListItem","position":2,"name":"Ateliers bien-\u00eatre 2022"}]},{"@type":"WebSite","@id":"https:\/\/www.respirelavie.fr\/rennes\/#website","url":"https:\/\/www.respirelavie.fr\/rennes\/","name":"Respire La Vie Rennes","description":"Respire La Vie Rennes : votre salon \u00e9colo, bio, bien-\u00eatre et habitat sain \u00e0 Rennes","publisher":{"@id":"https:\/\/www.respirelavie.fr\/rennes\/#organization"},"potentialAction":[{"@type":"SearchAction","target":{"@type":"EntryPoint","urlTemplate":"https:\/\/www.respirelavie.fr\/rennes\/?s={search_term_string}"},"query-input":{"@type":"PropertyValueSpecification","valueRequired":true,"valueName":"search_term_string"}}],"inLanguage":"fr-FR"},{"@type":"Organization","@id":"https:\/\/www.respirelavie.fr\/rennes\/#organization","name":"Respire La Vie Rennes","url":"https:\/\/www.respirelavie.fr\/rennes\/","logo":{"@type":"ImageObject","inLanguage":"fr-FR","@id":"https:\/\/www.respirelavie.fr\/rennes\/#\/schema\/logo\/image\/","url":"https:\/\/www.respirelavie.fr\/rennes\/wp-content\/uploads\/sites\/5\/2025\/11\/cropped-Logo-RESPIRE-rennes-2026.png","contentUrl":"https:\/\/www.respirelavie.fr\/rennes\/wp-content\/uploads\/sites\/5\/2025\/11\/cropped-Logo-RESPIRE-rennes-2026.png","width":921,"height":255,"caption":"Respire La Vie Rennes"},"image":{"@id":"https:\/\/www.respirelavie.fr\/rennes\/#\/schema\/logo\/image\/"}}]}},"_links":{"self":[{"href":"https:\/\/www.respirelavie.fr\/rennes\/wp-json\/wp\/v2\/pages\/8834","targetHints":{"allow":["GET"]}}],"collection":[{"href":"https:\/\/www.respirelavie.fr\/rennes\/wp-json\/wp\/v2\/pages"}],"about":[{"href":"https:\/\/www.respirelavie.fr\/rennes\/wp-json\/wp\/v2\/types\/page"}],"author":[{"embeddable":true,"href":"https:\/\/www.respirelavie.fr\/rennes\/wp-json\/wp\/v2\/users\/7"}],"replies":[{"embeddable":true,"href":"https:\/\/www.respirelavie.fr\/rennes\/wp-json\/wp\/v2\/comments?post=8834"}],"version-history":[{"count":1,"href":"https:\/\/www.respirelavie.fr\/rennes\/wp-json\/wp\/v2\/pages\/8834\/revisions"}],"predecessor-version":[{"id":8835,"href":"https:\/\/www.respirelavie.fr\/rennes\/wp-json\/wp\/v2\/pages\/8834\/revisions\/8835"}],"wp:attachment":[{"href":"https:\/\/www.respirelavie.fr\/rennes\/wp-json\/wp\/v2\/media?parent=8834"}],"curies":[{"name":"wp","href":"https:\/\/api.w.org\/{rel}","templated":true}]}}