{"id":5610,"date":"2019-11-21T15:11:04","date_gmt":"2019-11-21T14:11:04","guid":{"rendered":"https:\/\/www.respirelavie.fr\/vannes\/?page_id=5610"},"modified":"2020-03-30T15:34:08","modified_gmt":"2020-03-30T13:34:08","slug":"animations-2019","status":"publish","type":"page","link":"https:\/\/www.respirelavie.fr\/vannes\/animations-2019\/","title":{"rendered":"Animations 2019"},"content":{"rendered":"<h2>Espace Parentalit\u00e9<\/h2>\n<p>Espace anim\u00e9 par l\u2019association Passerelles 56 autour de la parentalit\u00e9 et l\u2019accompagnement de la femme et des familles dans la p\u00e9riode pr\u00e9natale.<\/p>\n<p>Diff\u00e9rentes animations et ateliers seront organis\u00e9s tout au long du salon\u00a0: informations sur le partage \u00e0 la demande, shiatsu sur chaise pour les femmes enceintes, espace allaitement, change, coin jeux\/livres, informations sur le sciences aquatiques femmes enceintes et couples, sur l\u2019information sur l\u2019accompagnement par une Doula.<\/p>\n<p>L\u2019association PasserElles\u00a0:<\/p>\n<p><img decoding=\"async\" class=\"alignnone size-medium wp-image-5171\" src=\"https:\/\/www.respirelavie.fr\/vannes\/wp-content\/uploads\/sites\/4\/2019\/01\/image001-300x162.png\" alt=\"\" width=\"300\" height=\"162\" srcset=\"https:\/\/www.respirelavie.fr\/vannes\/wp-content\/uploads\/sites\/4\/2019\/01\/image001-300x162.png 300w, https:\/\/www.respirelavie.fr\/vannes\/wp-content\/uploads\/sites\/4\/2019\/01\/image001-500x271.png 500w, https:\/\/www.respirelavie.fr\/vannes\/wp-content\/uploads\/sites\/4\/2019\/01\/image001-150x81.png 150w, https:\/\/www.respirelavie.fr\/vannes\/wp-content\/uploads\/sites\/4\/2019\/01\/image001.png 554w\" sizes=\"(max-width: 300px) 100vw, 300px\" \/><\/p>\n<p>&nbsp;<\/p>\n<p>Elle propose plusieurs rendez-vous tout au long de l\u2019ann\u00e9e\u00a0: soir\u00e9es d\u2019\u00e9change, th\u00e9\u00e2tre, projections de films, formations, ateliers futurs parents.<\/p>\n<p>Et ce sur plusieurs th\u00e9matiques\u00a0: besoins des femmes enceintes, vie de couple, physiologie de la naissance, le post-partum, allaitement, f\u00e9minit\u00e9, cycle de la femme, parentalit\u00e9\u2026<\/p>\n<p>A l\u2019origine, 3 accompagnantes \u00e0 la naissance avec la m\u00eame envie d\u2019\u0153uvrer au plus pr\u00e8s des familles en toute s\u00e9r\u00e9nit\u00e9, en r\u00e9pondant \u00e0 leurs besoins et en soutenant leurs choix, en compl\u00e9mentarit\u00e9 et partages avec les autres professionnels de la p\u00e9rinatalit\u00e9.<\/p>\n<p>Aujourd\u2019hui, d\u2019autres accompagnantes et d\u2019autres femmes ont rejoint l\u2019association afin de proposer d\u2019autres activit\u00e9s p\u00e9rinatales.<\/p>\n<p><a href=\"http:\/\/www.passerelles56.com\/\" target=\"_blank\" rel=\"noopener noreferrer\">Rendez-vous sur le site internet\u00a0<\/a><\/p>\n<p>&nbsp;<\/p>\n<h2>Espace D\u00e9mo &amp; Habitat<\/h2>\n<p>TOUS LES JOURS, EN CONTINU<\/p>\n<p>Boite \u00e0 bois propose tous les jours en continu des animations autour de la maison \u00e9cologique.<\/p>\n<p><strong>BOITE A BOIS<\/strong>, Artisans constructeurs de maison en bois est sp\u00e9cialis\u00e9e dans le bois pour rendre l\u2019habitat plus \u00e9cologique et met en avant l\u2019\u00e9co-construction dans ses projets : isolation naturelle, ossature bois, toitures v\u00e9g\u00e9talis\u00e9es, annexe en bois, parquet, lambris.<br \/>\n56000 Vannes<\/p>\n<h2><\/h2>\n<h2>Le Coin des Enfants<\/h2>\n<p>Animations cr\u00e9atives et bricolages nature \u00e0 base de mat\u00e9riaux de r\u00e9cup\u00e9ration<br \/>\nAnim\u00e9s par la T\u00eate et les Mains<br \/>\nSamedi et dimanche, \u00e0 partir de 3 ans<\/p>\n<p>&nbsp;<\/p>\n","protected":false},"excerpt":{"rendered":"<p>Espace Parentalit\u00e9 Espace anim\u00e9 par l\u2019association Passerelles 56 autour de la parentalit\u00e9 et l\u2019accompagnement de la femme et des familles dans la p\u00e9riode pr\u00e9natale. Diff\u00e9rentes animations et ateliers seront organis\u00e9s tout au long du salon\u00a0: informations sur le partage \u00e0 la demande, shiatsu sur chaise pour les femmes enceintes, espace allaitement, change, coin jeux\/livres, informations&hellip; <\/p>\n","protected":false},"author":1,"featured_media":0,"parent":0,"menu_order":0,"comment_status":"closed","ping_status":"closed","template":"","meta":{"_monsterinsights_skip_tracking":false,"_monsterinsights_sitenote_active":false,"_monsterinsights_sitenote_note":"","_monsterinsights_sitenote_category":0,"footnotes":""},"class_list":["post-5610","page","type-page","status-publish","hentry"],"yoast_head":"<!-- This site is optimized with the Yoast SEO plugin v27.3 - https:\/\/yoast.com\/product\/yoast-seo-wordpress\/ -->\n<title>Animations 2019 - RESPIRE VANNES<\/title>\n<meta name=\"robots\" content=\"index, follow, max-snippet:-1, max-image-preview:large, max-video-preview:-1\" \/>\n<link rel=\"canonical\" href=\"https:\/\/www.respirelavie.fr\/vannes\/animations-2019\/\" \/>\n<meta property=\"og:locale\" content=\"fr_FR\" \/>\n<meta property=\"og:type\" content=\"article\" \/>\n<meta property=\"og:title\" content=\"Animations 2019 - RESPIRE VANNES\" \/>\n<meta property=\"og:description\" content=\"Espace Parentalit\u00e9 Espace anim\u00e9 par l\u2019association Passerelles 56 autour de la parentalit\u00e9 et l\u2019accompagnement de la femme et des familles dans la p\u00e9riode pr\u00e9natale. Diff\u00e9rentes animations et ateliers seront organis\u00e9s tout au long du salon\u00a0: informations sur le partage \u00e0 la demande, shiatsu sur chaise pour les femmes enceintes, espace allaitement, change, coin jeux\/livres, informations&hellip;\" \/>\n<meta property=\"og:url\" content=\"https:\/\/www.respirelavie.fr\/vannes\/animations-2019\/\" \/>\n<meta property=\"og:site_name\" content=\"RESPIRE VANNES\" \/>\n<meta property=\"article:modified_time\" content=\"2020-03-30T13:34:08+00:00\" \/>\n<meta property=\"og:image\" content=\"https:\/\/www.respirelavie.fr\/vannes\/wp-content\/uploads\/sites\/4\/2019\/01\/image001-300x162.png\" \/>\n<meta name=\"twitter:card\" content=\"summary_large_image\" \/>\n<meta name=\"twitter:label1\" content=\"Dur\u00e9e de lecture estim\u00e9e\" \/>\n\t<meta name=\"twitter:data1\" content=\"2 minutes\" \/>\n<script type=\"application\/ld+json\" class=\"yoast-schema-graph\">{\"@context\":\"https:\\\/\\\/schema.org\",\"@graph\":[{\"@type\":\"WebPage\",\"@id\":\"https:\\\/\\\/www.respirelavie.fr\\\/vannes\\\/animations-2019\\\/\",\"url\":\"https:\\\/\\\/www.respirelavie.fr\\\/vannes\\\/animations-2019\\\/\",\"name\":\"Animations 2019 - RESPIRE VANNES\",\"isPartOf\":{\"@id\":\"https:\\\/\\\/www.respirelavie.fr\\\/vannes\\\/#website\"},\"primaryImageOfPage\":{\"@id\":\"https:\\\/\\\/www.respirelavie.fr\\\/vannes\\\/animations-2019\\\/#primaryimage\"},\"image\":{\"@id\":\"https:\\\/\\\/www.respirelavie.fr\\\/vannes\\\/animations-2019\\\/#primaryimage\"},\"thumbnailUrl\":\"https:\\\/\\\/www.respirelavie.fr\\\/vannes\\\/wp-content\\\/uploads\\\/sites\\\/4\\\/2019\\\/01\\\/image001-300x162.png\",\"datePublished\":\"2019-11-21T14:11:04+00:00\",\"dateModified\":\"2020-03-30T13:34:08+00:00\",\"breadcrumb\":{\"@id\":\"https:\\\/\\\/www.respirelavie.fr\\\/vannes\\\/animations-2019\\\/#breadcrumb\"},\"inLanguage\":\"fr-FR\",\"potentialAction\":[{\"@type\":\"ReadAction\",\"target\":[\"https:\\\/\\\/www.respirelavie.fr\\\/vannes\\\/animations-2019\\\/\"]}]},{\"@type\":\"ImageObject\",\"inLanguage\":\"fr-FR\",\"@id\":\"https:\\\/\\\/www.respirelavie.fr\\\/vannes\\\/animations-2019\\\/#primaryimage\",\"url\":\"https:\\\/\\\/www.respirelavie.fr\\\/vannes\\\/wp-content\\\/uploads\\\/sites\\\/4\\\/2019\\\/01\\\/image001.png\",\"contentUrl\":\"https:\\\/\\\/www.respirelavie.fr\\\/vannes\\\/wp-content\\\/uploads\\\/sites\\\/4\\\/2019\\\/01\\\/image001.png\",\"width\":554,\"height\":300},{\"@type\":\"BreadcrumbList\",\"@id\":\"https:\\\/\\\/www.respirelavie.fr\\\/vannes\\\/animations-2019\\\/#breadcrumb\",\"itemListElement\":[{\"@type\":\"ListItem\",\"position\":1,\"name\":\"Accueil\",\"item\":\"https:\\\/\\\/www.respirelavie.fr\\\/vannes\\\/\"},{\"@type\":\"ListItem\",\"position\":2,\"name\":\"Animations 2019\"}]},{\"@type\":\"WebSite\",\"@id\":\"https:\\\/\\\/www.respirelavie.fr\\\/vannes\\\/#website\",\"url\":\"https:\\\/\\\/www.respirelavie.fr\\\/vannes\\\/\",\"name\":\"RESPIRE VANNES\",\"description\":\"RESPIRE : votre salon bio, bien-\u00eatre et habitat sain \u00e0 Vannes\",\"publisher\":{\"@id\":\"https:\\\/\\\/www.respirelavie.fr\\\/vannes\\\/#organization\"},\"potentialAction\":[{\"@type\":\"SearchAction\",\"target\":{\"@type\":\"EntryPoint\",\"urlTemplate\":\"https:\\\/\\\/www.respirelavie.fr\\\/vannes\\\/?s={search_term_string}\"},\"query-input\":{\"@type\":\"PropertyValueSpecification\",\"valueRequired\":true,\"valueName\":\"search_term_string\"}}],\"inLanguage\":\"fr-FR\"},{\"@type\":\"Organization\",\"@id\":\"https:\\\/\\\/www.respirelavie.fr\\\/vannes\\\/#organization\",\"name\":\"RESPIRE VANNES\",\"url\":\"https:\\\/\\\/www.respirelavie.fr\\\/vannes\\\/\",\"logo\":{\"@type\":\"ImageObject\",\"inLanguage\":\"fr-FR\",\"@id\":\"https:\\\/\\\/www.respirelavie.fr\\\/vannes\\\/#\\\/schema\\\/logo\\\/image\\\/\",\"url\":\"https:\\\/\\\/www.respirelavie.fr\\\/vannes\\\/wp-content\\\/uploads\\\/sites\\\/4\\\/2024\\\/10\\\/cropped-cropped-cropped-Logo-RESPIRE-vannes-2025-1-1.png\",\"contentUrl\":\"https:\\\/\\\/www.respirelavie.fr\\\/vannes\\\/wp-content\\\/uploads\\\/sites\\\/4\\\/2024\\\/10\\\/cropped-cropped-cropped-Logo-RESPIRE-vannes-2025-1-1.png\",\"width\":797,\"height\":145,\"caption\":\"RESPIRE VANNES\"},\"image\":{\"@id\":\"https:\\\/\\\/www.respirelavie.fr\\\/vannes\\\/#\\\/schema\\\/logo\\\/image\\\/\"}}]}<\/script>\n<!-- \/ Yoast SEO plugin. -->","yoast_head_json":{"title":"Animations 2019 - RESPIRE VANNES","robots":{"index":"index","follow":"follow","max-snippet":"max-snippet:-1","max-image-preview":"max-image-preview:large","max-video-preview":"max-video-preview:-1"},"canonical":"https:\/\/www.respirelavie.fr\/vannes\/animations-2019\/","og_locale":"fr_FR","og_type":"article","og_title":"Animations 2019 - RESPIRE VANNES","og_description":"Espace Parentalit\u00e9 Espace anim\u00e9 par l\u2019association Passerelles 56 autour de la parentalit\u00e9 et l\u2019accompagnement de la femme et des familles dans la p\u00e9riode pr\u00e9natale. Diff\u00e9rentes animations et ateliers seront organis\u00e9s tout au long du salon\u00a0: informations sur le partage \u00e0 la demande, shiatsu sur chaise pour les femmes enceintes, espace allaitement, change, coin jeux\/livres, informations&hellip;","og_url":"https:\/\/www.respirelavie.fr\/vannes\/animations-2019\/","og_site_name":"RESPIRE VANNES","article_modified_time":"2020-03-30T13:34:08+00:00","og_image":[{"url":"https:\/\/www.respirelavie.fr\/vannes\/wp-content\/uploads\/sites\/4\/2019\/01\/image001-300x162.png","type":"","width":"","height":""}],"twitter_card":"summary_large_image","twitter_misc":{"Dur\u00e9e de lecture estim\u00e9e":"2 minutes"},"schema":{"@context":"https:\/\/schema.org","@graph":[{"@type":"WebPage","@id":"https:\/\/www.respirelavie.fr\/vannes\/animations-2019\/","url":"https:\/\/www.respirelavie.fr\/vannes\/animations-2019\/","name":"Animations 2019 - RESPIRE VANNES","isPartOf":{"@id":"https:\/\/www.respirelavie.fr\/vannes\/#website"},"primaryImageOfPage":{"@id":"https:\/\/www.respirelavie.fr\/vannes\/animations-2019\/#primaryimage"},"image":{"@id":"https:\/\/www.respirelavie.fr\/vannes\/animations-2019\/#primaryimage"},"thumbnailUrl":"https:\/\/www.respirelavie.fr\/vannes\/wp-content\/uploads\/sites\/4\/2019\/01\/image001-300x162.png","datePublished":"2019-11-21T14:11:04+00:00","dateModified":"2020-03-30T13:34:08+00:00","breadcrumb":{"@id":"https:\/\/www.respirelavie.fr\/vannes\/animations-2019\/#breadcrumb"},"inLanguage":"fr-FR","potentialAction":[{"@type":"ReadAction","target":["https:\/\/www.respirelavie.fr\/vannes\/animations-2019\/"]}]},{"@type":"ImageObject","inLanguage":"fr-FR","@id":"https:\/\/www.respirelavie.fr\/vannes\/animations-2019\/#primaryimage","url":"https:\/\/www.respirelavie.fr\/vannes\/wp-content\/uploads\/sites\/4\/2019\/01\/image001.png","contentUrl":"https:\/\/www.respirelavie.fr\/vannes\/wp-content\/uploads\/sites\/4\/2019\/01\/image001.png","width":554,"height":300},{"@type":"BreadcrumbList","@id":"https:\/\/www.respirelavie.fr\/vannes\/animations-2019\/#breadcrumb","itemListElement":[{"@type":"ListItem","position":1,"name":"Accueil","item":"https:\/\/www.respirelavie.fr\/vannes\/"},{"@type":"ListItem","position":2,"name":"Animations 2019"}]},{"@type":"WebSite","@id":"https:\/\/www.respirelavie.fr\/vannes\/#website","url":"https:\/\/www.respirelavie.fr\/vannes\/","name":"RESPIRE VANNES","description":"RESPIRE : votre salon bio, bien-\u00eatre et habitat sain \u00e0 Vannes","publisher":{"@id":"https:\/\/www.respirelavie.fr\/vannes\/#organization"},"potentialAction":[{"@type":"SearchAction","target":{"@type":"EntryPoint","urlTemplate":"https:\/\/www.respirelavie.fr\/vannes\/?s={search_term_string}"},"query-input":{"@type":"PropertyValueSpecification","valueRequired":true,"valueName":"search_term_string"}}],"inLanguage":"fr-FR"},{"@type":"Organization","@id":"https:\/\/www.respirelavie.fr\/vannes\/#organization","name":"RESPIRE VANNES","url":"https:\/\/www.respirelavie.fr\/vannes\/","logo":{"@type":"ImageObject","inLanguage":"fr-FR","@id":"https:\/\/www.respirelavie.fr\/vannes\/#\/schema\/logo\/image\/","url":"https:\/\/www.respirelavie.fr\/vannes\/wp-content\/uploads\/sites\/4\/2024\/10\/cropped-cropped-cropped-Logo-RESPIRE-vannes-2025-1-1.png","contentUrl":"https:\/\/www.respirelavie.fr\/vannes\/wp-content\/uploads\/sites\/4\/2024\/10\/cropped-cropped-cropped-Logo-RESPIRE-vannes-2025-1-1.png","width":797,"height":145,"caption":"RESPIRE VANNES"},"image":{"@id":"https:\/\/www.respirelavie.fr\/vannes\/#\/schema\/logo\/image\/"}}]}},"_links":{"self":[{"href":"https:\/\/www.respirelavie.fr\/vannes\/wp-json\/wp\/v2\/pages\/5610","targetHints":{"allow":["GET"]}}],"collection":[{"href":"https:\/\/www.respirelavie.fr\/vannes\/wp-json\/wp\/v2\/pages"}],"about":[{"href":"https:\/\/www.respirelavie.fr\/vannes\/wp-json\/wp\/v2\/types\/page"}],"author":[{"embeddable":true,"href":"https:\/\/www.respirelavie.fr\/vannes\/wp-json\/wp\/v2\/users\/1"}],"replies":[{"embeddable":true,"href":"https:\/\/www.respirelavie.fr\/vannes\/wp-json\/wp\/v2\/comments?post=5610"}],"version-history":[{"count":1,"href":"https:\/\/www.respirelavie.fr\/vannes\/wp-json\/wp\/v2\/pages\/5610\/revisions"}],"predecessor-version":[{"id":5611,"href":"https:\/\/www.respirelavie.fr\/vannes\/wp-json\/wp\/v2\/pages\/5610\/revisions\/5611"}],"wp:attachment":[{"href":"https:\/\/www.respirelavie.fr\/vannes\/wp-json\/wp\/v2\/media?parent=5610"}],"curies":[{"name":"wp","href":"https:\/\/api.w.org\/{rel}","templated":true}]}}