{"id":8129,"date":"2023-12-06T09:39:40","date_gmt":"2023-12-06T08:39:40","guid":{"rendered":"https:\/\/www.respirelavie.fr\/vannes\/?page_id=8129"},"modified":"2023-12-06T09:39:40","modified_gmt":"2023-12-06T08:39:40","slug":"conferences-2023","status":"publish","type":"page","link":"https:\/\/www.respirelavie.fr\/vannes\/conferences-2023\/","title":{"rendered":"Conf\u00e9rences 2023"},"content":{"rendered":"<p>Des conf\u00e9rences sont organis\u00e9es pour permettre au public de d\u00e9couvrir et mieux comprendre les m\u00e9thodes et les produits pr\u00e9sent\u00e9s sur le salon.<\/p>\n<p>Les conf\u00e9rences se tiennent dans les salles suivantes :<br \/>\n<span style=\"color: #55a932;\"><strong>Salle GWENED<\/strong><\/span><br \/>\n<span style=\"color: #2f6eba;\"><strong><span class=\"Apple-converted-space\"><span class=\"s4\">Salle HOUAT<br \/>\n<\/span><\/span><\/strong><\/span><\/p>\n<h2 class=\"p1\"><strong>VENDREDI 7 AVRIL 2023<\/strong><\/h2>\n<p><strong><span style=\"color: #2f6eba;\"><span style=\"color: #65bb5d;\">11:00<\/span><\/span> <\/strong>G\u00e9obiologie : habitat et sant\u00e9 <strong><em>&#8211; Roland Fernandez<\/em><span style=\"color: #2f6eba;\"><br \/>\n11:30<\/span><\/strong> Soigner son corps avec les fascias <strong><em>&#8211; Nadine Qu\u00e9r\u00e9<\/em><\/strong><br \/>\n<span style=\"color: #65bb5d;\"><strong>12:00<\/strong><\/span> L&#8217;hypnose pour soi et pour les autres <strong><em>&#8211; Dany Dan Debeix<\/em><\/strong><br \/>\n<span style=\"color: #2f6eba;\"><strong>13:00<\/strong><\/span> Le r\u00eave lucide, domestiquer son sommeil et entrer dans le monde fabuleux de vos nuits <strong><em>&#8211; Gilles Le Picard<br \/>\n<\/em><span style=\"color: #65bb5d;\">13:00<\/span> <\/strong>Comment utiliser le beurre de karit\u00e9 gastronomique <strong><em>&#8211; Z\u00e9na Barry Sapin<\/em><\/strong><br \/>\n<span style=\"color: #2f6eba;\"><strong>14:00<\/strong> <\/span>Orgonites, protection des ondes \u00e9lectromagn\u00e9tiques, g\u00e9obiologies <strong><em>&#8211; Thierry Hermann<\/em><\/strong><br \/>\n<span style=\"color: #65bb5d;\"><strong>14:00<\/strong><\/span> Min\u00e9raux : origines\/utilisations <strong><em>&#8211; Jean-Claude Kennedec<\/em><\/strong><br \/>\n<span style=\"color: #2f6eba;\"><strong>15:00<\/strong><\/span> Se lib\u00e9rer de ses mal-\u00eatre <strong><em>&#8211; Liliane Dauteuil<\/em><\/strong><br \/>\n<span style=\"color: #65bb5d;\"><strong>15:00<\/strong><\/span> Le burn-out <strong><em>&#8211; Astrid Le Fur<br \/>\n<\/em><span style=\"color: #2f6eba;\">16:00<\/span> <\/strong>Les m\u00e9taux lourds : origines, incidences, les mesurer, les solutions <strong><em>&#8211; Armand Bensemhoun<br \/>\n<\/em><span style=\"color: #65bb5d;\">16:00<\/span> <\/strong>Le r\u00eave lucide, domestiquer son sommeil et entrer dans le monde fabuleux de vos nuits <strong><em>&#8211; Gilles Le Picard<\/em><em><br \/>\n<\/em><\/strong><\/p>\n<h2 class=\"p1\"><strong>SAMEDI 8 AVRIL 2023<\/strong><\/h2>\n<p><strong><span style=\"color: #65bb5d;\"><span style=\"color: #2f6eba;\">10:30<\/span> <\/span><\/strong>Approche int\u00e9grative du reflux gastro-\u0153sophagien <strong><em>&#8211; Charles-Antoine Winter<\/em><span style=\"color: #65bb5d;\"><br \/>\n11:00<\/span><\/strong> Le r\u00eave lucide, domestiquer son sommeil et entrer dans le monde fabuleux de vos nuits <strong><em>&#8211; Gilles Le Picard<\/em><\/strong><br \/>\n<strong><span style=\"color: #2f6eba;\">11:30<\/span><\/strong> Du bon sens dans notre assiette <strong><em>&#8211; Anthony Berthou<\/em><\/strong><br \/>\n<strong><span style=\"color: #65bb5d;\">12:00<\/span><\/strong> Min\u00e9raux : origines\/utilisations<strong><em> &#8211; Jean-Claude Kennedec<\/em><\/strong><br \/>\n<strong><span style=\"color: #2f6eba;\">13:00<\/span><\/strong> Les m\u00e9taux lourds : origines, incidences, les mesurer, les solutions <strong><em>&#8211; Armand Bensemhoun<\/em><\/strong><br \/>\n<span style=\"color: #65bb5d;\"><strong>13:00<\/strong><\/span> Sophrologie, clich\u00e9s, r\u00e9alit\u00e9 <strong><em>&#8211; B\u00e9n\u00e9dicte Pescio et Lionel Moal<\/em><\/strong><br \/>\n<strong><span style=\"color: #2f6eba;\">14:00<\/span><\/strong> La Num\u00e9rologie Cr\u00e9ative : d\u00e9couvrir et optimiser vos potentiels <strong><em>&#8211; Laurence Thi\u00e9vin<\/em><\/strong><br \/>\n<strong><span style=\"color: #65bb5d;\">14:00<\/span><\/strong> Le r\u00eave lucide, domestiquer son sommeil et entrer dans le monde fabuleux de vos nuits <strong><em>&#8211; Gilles Le Picard<\/em><\/strong><br \/>\n<strong><span style=\"color: #2f6eba;\">15:00<\/span><\/strong> Se lib\u00e9rer de ses mal-\u00eatre <strong><em>&#8211; Liliane Dauteuil<\/em><\/strong><br \/>\n<strong><span style=\"color: #65bb5d;\">15:00<\/span><\/strong> Manger cru et vivant <strong><em>&#8211; Charlotte Blondel<\/em><\/strong><br \/>\n<strong><span style=\"color: #2f6eba;\">16:00<\/span><\/strong> Algue AFA et r\u00e9g\u00e9n\u00e9ration <strong><em>&#8211; Jacques Prunier<\/em><\/strong><br \/>\n<strong><span style=\"color: #65bb5d;\">16:30<\/span><\/strong> Orgonites, protection des ondes \u00e9lectromagn\u00e9tiques et g\u00e9obiologie <strong><em>&#8211; Thierry Hermann<\/em><\/strong><br \/>\n<strong><span style=\"color: #2f6eba;\">17:00<\/span><\/strong> Comment d\u00e9velopper ses d\u00e9fenses immunitaires naturellement ? <strong><em>&#8211; Gr\u00e9goire Cadeau\u00a0<\/em><\/strong><br \/>\n<strong><span style=\"color: #65bb5d;\">17:30<\/span><\/strong> Le pouvoir du cheval noir <strong><em>&#8211; Martine Clerc<br \/>\n<\/em><span style=\"color: #2f6eba;\">18:00<\/span> <\/strong>L&#8217;accompagnement de l&#8217;\u00e9nerg\u00e9tique chinoise durant la maternit\u00e9 <strong><em>&#8211; Agathe Sylvestre<br \/>\n<\/em><\/strong><\/p>\n<h2 class=\"p1\"><strong>DIMANCHE 9 AVRIL 2023<\/strong><\/h2>\n<p><span style=\"color: #2f6eba;\"><strong>10:30 <\/strong><\/span>G\u00e9obiologie : habitat et sant\u00e9 <strong><em>&#8211; Roland Fernandez<\/em><\/strong><span style=\"color: #2f6eba;\"><strong><br \/>\n<\/strong><\/span><strong><span style=\"color: #65bb5d;\">11:00<\/span><\/strong> C&#8217;est d\u00e9cid\u00e9, je me fous la paix ! <em><strong>&#8211; Nad\u00e8ge Pic<br \/>\n<\/strong><\/em><strong><span style=\"color: #2f6eba;\">11:30 <\/span><\/strong>\u00catre en bonne sant\u00e9 gr\u00e2ce au nerf vague <em><strong>&#8211; Jean-Marie Desfossez<br \/>\n<\/strong><\/em><strong><span style=\"color: #65bb5d;\">12:00<\/span><\/strong> Le r\u00eave lucide, domestiquer son sommeil et entrer dans le monde fabuleux de vos nuits <em><strong>&#8211; Gilles Le Picard<\/strong><\/em><br \/>\n<span style=\"color: #2f6eba;\"><strong>13:00<\/strong> <\/span>Min\u00e9raux : origines\/utilisations <em><strong>&#8211; Jean-Claude Kennedec<\/strong><\/em><br \/>\n<span style=\"color: #65bb5d;\"><strong>13:00<\/strong><\/span> Am\u00e9liorer sa sant\u00e9 par l&#8217;hypnose <em><strong>&#8211; Dany Dan Debeix<\/strong><\/em><br \/>\n<span style=\"color: #2f6eba;\"><strong>14:00<\/strong><\/span> Dissoudre l&#8217;anxi\u00e9t\u00e9 par le yoga et la m\u00e9ditation<em><strong> &#8211; Emile Lozevis<\/strong><\/em><br \/>\n<span style=\"color: #65bb5d;\"><strong>14:00<\/strong><\/span> Le r\u00eave lucide, domestiquer son sommeil et entrer dans le monde fabuleux de vos nuits<em><strong> &#8211; Gilles Le Picard<\/strong><\/em><br \/>\n<span style=\"color: #2f6eba;\"><strong>15:00<\/strong><\/span> D\u00e9tachement \u00e9motionnel express<sup>\u00ae\ufe0f<\/sup><em> <strong>&#8211; Fr\u00e9d\u00e9ric Jursza<\/strong><\/em><br \/>\n<span style=\"color: #65bb5d;\"><strong>15:00<\/strong><\/span> Prot\u00e9ines : priorit\u00e9 au v\u00e9g\u00e9tal <em><strong>&#8211; Dr Lylian Le Goff<\/strong><\/em><br \/>\n<span style=\"color: #2f6eba;\"><strong>16:00<\/strong><\/span> Orgonites, protection des ondes \u00e9lectromagn\u00e9tiques et g\u00e9obiologie<em> <strong>&#8211; Thierry Hermann<\/strong><\/em><br \/>\n<span style=\"color: #65bb5d;\"><strong>16:30<\/strong><\/span> Comment transformer le stress en joie et bien-\u00eatre ?<em> <strong>&#8211; Monique Pellen\u00a0<\/strong><\/em><br \/>\n<span style=\"color: #2f6eba;\"><strong>17:00<\/strong><\/span> D\u00e9tachement \u00e9motionnel express<sup>\u00ae\ufe0f<\/sup><em> <strong>&#8211; Fr\u00e9d\u00e9ric Jursza<\/strong><\/em><\/p>\n","protected":false},"excerpt":{"rendered":"<p>Des conf\u00e9rences sont organis\u00e9es pour permettre au public de d\u00e9couvrir et mieux comprendre les m\u00e9thodes et les produits pr\u00e9sent\u00e9s sur le salon. Les conf\u00e9rences se tiennent dans les salles suivantes : Salle GWENED Salle HOUAT VENDREDI 7 AVRIL 2023 11:00 G\u00e9obiologie : habitat et sant\u00e9 &#8211; Roland Fernandez 11:30 Soigner son corps avec les fascias&hellip; <\/p>\n","protected":false},"author":7,"featured_media":0,"parent":0,"menu_order":0,"comment_status":"closed","ping_status":"closed","template":"","meta":{"_monsterinsights_skip_tracking":false,"_monsterinsights_sitenote_active":false,"_monsterinsights_sitenote_note":"","_monsterinsights_sitenote_category":0,"footnotes":""},"class_list":["post-8129","page","type-page","status-publish","hentry"],"yoast_head":"<!-- This site is optimized with the Yoast SEO plugin v27.5 - https:\/\/yoast.com\/product\/yoast-seo-wordpress\/ -->\n<title>Conf\u00e9rences 2023 - RESPIRE VANNES<\/title>\n<meta name=\"robots\" content=\"index, follow, max-snippet:-1, max-image-preview:large, max-video-preview:-1\" \/>\n<link rel=\"canonical\" href=\"https:\/\/www.respirelavie.fr\/vannes\/conferences-2023\/\" \/>\n<meta property=\"og:locale\" content=\"fr_FR\" \/>\n<meta property=\"og:type\" content=\"article\" \/>\n<meta property=\"og:title\" content=\"Conf\u00e9rences 2023 - RESPIRE VANNES\" \/>\n<meta property=\"og:description\" content=\"Des conf\u00e9rences sont organis\u00e9es pour permettre au public de d\u00e9couvrir et mieux comprendre les m\u00e9thodes et les produits pr\u00e9sent\u00e9s sur le salon. Les conf\u00e9rences se tiennent dans les salles suivantes : Salle GWENED Salle HOUAT VENDREDI 7 AVRIL 2023 11:00 G\u00e9obiologie : habitat et sant\u00e9 &#8211; Roland Fernandez 11:30 Soigner son corps avec les fascias&hellip;\" \/>\n<meta property=\"og:url\" content=\"https:\/\/www.respirelavie.fr\/vannes\/conferences-2023\/\" \/>\n<meta property=\"og:site_name\" content=\"RESPIRE VANNES\" \/>\n<meta name=\"twitter:card\" content=\"summary_large_image\" \/>\n<meta name=\"twitter:label1\" content=\"Dur\u00e9e de lecture estim\u00e9e\" \/>\n\t<meta name=\"twitter:data1\" content=\"1 minute\" \/>\n<script type=\"application\/ld+json\" class=\"yoast-schema-graph\">{\"@context\":\"https:\\\/\\\/schema.org\",\"@graph\":[{\"@type\":\"WebPage\",\"@id\":\"https:\\\/\\\/www.respirelavie.fr\\\/vannes\\\/conferences-2023\\\/\",\"url\":\"https:\\\/\\\/www.respirelavie.fr\\\/vannes\\\/conferences-2023\\\/\",\"name\":\"Conf\u00e9rences 2023 - RESPIRE VANNES\",\"isPartOf\":{\"@id\":\"https:\\\/\\\/www.respirelavie.fr\\\/vannes\\\/#website\"},\"datePublished\":\"2023-12-06T08:39:40+00:00\",\"breadcrumb\":{\"@id\":\"https:\\\/\\\/www.respirelavie.fr\\\/vannes\\\/conferences-2023\\\/#breadcrumb\"},\"inLanguage\":\"fr-FR\",\"potentialAction\":[{\"@type\":\"ReadAction\",\"target\":[\"https:\\\/\\\/www.respirelavie.fr\\\/vannes\\\/conferences-2023\\\/\"]}]},{\"@type\":\"BreadcrumbList\",\"@id\":\"https:\\\/\\\/www.respirelavie.fr\\\/vannes\\\/conferences-2023\\\/#breadcrumb\",\"itemListElement\":[{\"@type\":\"ListItem\",\"position\":1,\"name\":\"Accueil\",\"item\":\"https:\\\/\\\/www.respirelavie.fr\\\/vannes\\\/\"},{\"@type\":\"ListItem\",\"position\":2,\"name\":\"Conf\u00e9rences 2023\"}]},{\"@type\":\"WebSite\",\"@id\":\"https:\\\/\\\/www.respirelavie.fr\\\/vannes\\\/#website\",\"url\":\"https:\\\/\\\/www.respirelavie.fr\\\/vannes\\\/\",\"name\":\"RESPIRE VANNES\",\"description\":\"RESPIRE : votre salon bio, bien-\u00eatre et habitat sain \u00e0 Vannes\",\"publisher\":{\"@id\":\"https:\\\/\\\/www.respirelavie.fr\\\/vannes\\\/#organization\"},\"potentialAction\":[{\"@type\":\"SearchAction\",\"target\":{\"@type\":\"EntryPoint\",\"urlTemplate\":\"https:\\\/\\\/www.respirelavie.fr\\\/vannes\\\/?s={search_term_string}\"},\"query-input\":{\"@type\":\"PropertyValueSpecification\",\"valueRequired\":true,\"valueName\":\"search_term_string\"}}],\"inLanguage\":\"fr-FR\"},{\"@type\":\"Organization\",\"@id\":\"https:\\\/\\\/www.respirelavie.fr\\\/vannes\\\/#organization\",\"name\":\"RESPIRE VANNES\",\"url\":\"https:\\\/\\\/www.respirelavie.fr\\\/vannes\\\/\",\"logo\":{\"@type\":\"ImageObject\",\"inLanguage\":\"fr-FR\",\"@id\":\"https:\\\/\\\/www.respirelavie.fr\\\/vannes\\\/#\\\/schema\\\/logo\\\/image\\\/\",\"url\":\"https:\\\/\\\/www.respirelavie.fr\\\/vannes\\\/wp-content\\\/uploads\\\/sites\\\/4\\\/2024\\\/10\\\/cropped-cropped-cropped-Logo-RESPIRE-vannes-2025-1-1.png\",\"contentUrl\":\"https:\\\/\\\/www.respirelavie.fr\\\/vannes\\\/wp-content\\\/uploads\\\/sites\\\/4\\\/2024\\\/10\\\/cropped-cropped-cropped-Logo-RESPIRE-vannes-2025-1-1.png\",\"width\":797,\"height\":145,\"caption\":\"RESPIRE VANNES\"},\"image\":{\"@id\":\"https:\\\/\\\/www.respirelavie.fr\\\/vannes\\\/#\\\/schema\\\/logo\\\/image\\\/\"}}]}<\/script>\n<!-- \/ Yoast SEO plugin. -->","yoast_head_json":{"title":"Conf\u00e9rences 2023 - RESPIRE VANNES","robots":{"index":"index","follow":"follow","max-snippet":"max-snippet:-1","max-image-preview":"max-image-preview:large","max-video-preview":"max-video-preview:-1"},"canonical":"https:\/\/www.respirelavie.fr\/vannes\/conferences-2023\/","og_locale":"fr_FR","og_type":"article","og_title":"Conf\u00e9rences 2023 - RESPIRE VANNES","og_description":"Des conf\u00e9rences sont organis\u00e9es pour permettre au public de d\u00e9couvrir et mieux comprendre les m\u00e9thodes et les produits pr\u00e9sent\u00e9s sur le salon. Les conf\u00e9rences se tiennent dans les salles suivantes : Salle GWENED Salle HOUAT VENDREDI 7 AVRIL 2023 11:00 G\u00e9obiologie : habitat et sant\u00e9 &#8211; Roland Fernandez 11:30 Soigner son corps avec les fascias&hellip;","og_url":"https:\/\/www.respirelavie.fr\/vannes\/conferences-2023\/","og_site_name":"RESPIRE VANNES","twitter_card":"summary_large_image","twitter_misc":{"Dur\u00e9e de lecture estim\u00e9e":"1 minute"},"schema":{"@context":"https:\/\/schema.org","@graph":[{"@type":"WebPage","@id":"https:\/\/www.respirelavie.fr\/vannes\/conferences-2023\/","url":"https:\/\/www.respirelavie.fr\/vannes\/conferences-2023\/","name":"Conf\u00e9rences 2023 - RESPIRE VANNES","isPartOf":{"@id":"https:\/\/www.respirelavie.fr\/vannes\/#website"},"datePublished":"2023-12-06T08:39:40+00:00","breadcrumb":{"@id":"https:\/\/www.respirelavie.fr\/vannes\/conferences-2023\/#breadcrumb"},"inLanguage":"fr-FR","potentialAction":[{"@type":"ReadAction","target":["https:\/\/www.respirelavie.fr\/vannes\/conferences-2023\/"]}]},{"@type":"BreadcrumbList","@id":"https:\/\/www.respirelavie.fr\/vannes\/conferences-2023\/#breadcrumb","itemListElement":[{"@type":"ListItem","position":1,"name":"Accueil","item":"https:\/\/www.respirelavie.fr\/vannes\/"},{"@type":"ListItem","position":2,"name":"Conf\u00e9rences 2023"}]},{"@type":"WebSite","@id":"https:\/\/www.respirelavie.fr\/vannes\/#website","url":"https:\/\/www.respirelavie.fr\/vannes\/","name":"RESPIRE VANNES","description":"RESPIRE : votre salon bio, bien-\u00eatre et habitat sain \u00e0 Vannes","publisher":{"@id":"https:\/\/www.respirelavie.fr\/vannes\/#organization"},"potentialAction":[{"@type":"SearchAction","target":{"@type":"EntryPoint","urlTemplate":"https:\/\/www.respirelavie.fr\/vannes\/?s={search_term_string}"},"query-input":{"@type":"PropertyValueSpecification","valueRequired":true,"valueName":"search_term_string"}}],"inLanguage":"fr-FR"},{"@type":"Organization","@id":"https:\/\/www.respirelavie.fr\/vannes\/#organization","name":"RESPIRE VANNES","url":"https:\/\/www.respirelavie.fr\/vannes\/","logo":{"@type":"ImageObject","inLanguage":"fr-FR","@id":"https:\/\/www.respirelavie.fr\/vannes\/#\/schema\/logo\/image\/","url":"https:\/\/www.respirelavie.fr\/vannes\/wp-content\/uploads\/sites\/4\/2024\/10\/cropped-cropped-cropped-Logo-RESPIRE-vannes-2025-1-1.png","contentUrl":"https:\/\/www.respirelavie.fr\/vannes\/wp-content\/uploads\/sites\/4\/2024\/10\/cropped-cropped-cropped-Logo-RESPIRE-vannes-2025-1-1.png","width":797,"height":145,"caption":"RESPIRE VANNES"},"image":{"@id":"https:\/\/www.respirelavie.fr\/vannes\/#\/schema\/logo\/image\/"}}]}},"_links":{"self":[{"href":"https:\/\/www.respirelavie.fr\/vannes\/wp-json\/wp\/v2\/pages\/8129","targetHints":{"allow":["GET"]}}],"collection":[{"href":"https:\/\/www.respirelavie.fr\/vannes\/wp-json\/wp\/v2\/pages"}],"about":[{"href":"https:\/\/www.respirelavie.fr\/vannes\/wp-json\/wp\/v2\/types\/page"}],"author":[{"embeddable":true,"href":"https:\/\/www.respirelavie.fr\/vannes\/wp-json\/wp\/v2\/users\/7"}],"replies":[{"embeddable":true,"href":"https:\/\/www.respirelavie.fr\/vannes\/wp-json\/wp\/v2\/comments?post=8129"}],"version-history":[{"count":1,"href":"https:\/\/www.respirelavie.fr\/vannes\/wp-json\/wp\/v2\/pages\/8129\/revisions"}],"predecessor-version":[{"id":8130,"href":"https:\/\/www.respirelavie.fr\/vannes\/wp-json\/wp\/v2\/pages\/8129\/revisions\/8130"}],"wp:attachment":[{"href":"https:\/\/www.respirelavie.fr\/vannes\/wp-json\/wp\/v2\/media?parent=8129"}],"curies":[{"name":"wp","href":"https:\/\/api.w.org\/{rel}","templated":true}]}}